{"id":3154,"date":"2021-05-24T15:41:09","date_gmt":"2021-05-24T15:41:09","guid":{"rendered":"https:\/\/blogsaverroes.juntadeandalucia.es\/iescanadarosal\/?page_id=3154"},"modified":"2021-05-24T15:56:19","modified_gmt":"2021-05-24T15:56:19","slug":"g-suite-para-educacion","status":"publish","type":"page","link":"https:\/\/blogsaverroes.juntadeandalucia.es\/iescanadarosal\/g-suite-para-educacion\/","title":{"rendered":"G Suite para Educaci\u00f3n"},"content":{"rendered":"<p>\u00bfQu\u00e9 es <strong>GSuite para educaci\u00f3n<\/strong>?<\/p>\n<p><strong>Google Suite para educaci\u00f3n<\/strong> (<strong>G Suite for Education<\/strong>) es un servicio de Google para instituciones educativas que permite que sus usuarios cuenten con una direcci\u00f3n de correo electr\u00f3nico y un conjunto de servicios digitales asociados a ella.<\/p>\n<p>La Consejer\u00eda de Educaci\u00f3n y Deporte de la Junta de Andaluc\u00eda, en virtud de un convenio de colaboraci\u00f3n, gestiona estas cuentas, con un funcionamiento similar a las @gmail.com, si bien sus servicios est\u00e1n adaptados a las necesidades de un entorno educativo.<\/p>\n<p>Con sus cuentas de G Suite para Centros Educativos, los alumnos pueden acceder a los siguientes Servicios que ofrece Google y utilizar dichos servicios (que se describen con m\u00e1s detalle <a href=\"https:\/\/gsuite.google.es\/terms\/user_features.html\">aqu\u00ed<\/a>): <\/p>\n<p>&#8211; Gmail<br \/>\n&#8211; Calendar<br \/>\n&#8211; Classroom<br \/>\n&#8211; Documentos<br \/>\n&#8211; Hojas de c\u00e1lculo<br \/>\n&#8211; Presentaciones<br \/>\n&#8211; Formularios<br \/>\n&#8211; Jamboard<br \/>\n&#8211; Youtube<\/p>\n<div class=\"centrado\"><img decoding=\"async\" src=\"https:\/\/blogsaverroes.juntadeandalucia.es\/iescanadarosal\/files\/2021\/05\/gSuite.png\" alt=\"\" \/><\/div>\n<p>\u00bfC\u00f3mo solicitar el servicio?<\/p>\n<p>Los servicios digitales de <strong>G Suite para Educaci\u00f3n<\/strong> est\u00e1n vinculados a cuentas de correo electr\u00f3nico asociadas a dominios de instituciones educativas. En nuestro centro disponemos del dominio@iescanadarosal.com.<\/p>\n<p>Se han creado cuentas de correo para el profesorado y el alumnado.<br \/>\nEn el caso de que la contrase\u00f1a se olvide, el centro educativo gestiona el restablecimiento de la misma.<\/p>\n<p>\u00bfEs necesario alg\u00fan tipo de autorizaci\u00f3n para solicitar cuentas para el alumnado?<\/p>\n<p>La creaci\u00f3n de cuentas para el alumnado menor de 14 a\u00f1os deber\u00e1 contar con la autorizaci\u00f3n de los padres o tutores legales. Para el alumnado mayor de 14 a\u00f1os no ser\u00e1 necesaria la autorizaci\u00f3n de los padres o tutores legales.<\/p>\n<p>\u00bfCu\u00e1les son las ventajas de estas cuentas?<\/p>\n<p>Google no recopila informaci\u00f3n personal ni muestra publicidad cuando se usan los servicios principales asociados a la cuenta. Tampoco se ceden datos personales ni de navegaci\u00f3n a otras empresas u organizaciones. Los alumnos menores de 14 a\u00f1os pueden usar una cuenta de correo, con la autorizaci\u00f3n de sus padres o tutores. <strong>G Suite<\/strong> respeta la normativa europea de protecci\u00f3n de datos, as\u00ed como la normativa internacional sobre protecci\u00f3n de datos de menores en instituciones educativas.<\/p>\n","protected":false},"excerpt":{"rendered":"<p>\u00bfQu\u00e9 es GSuite para educaci\u00f3n? Google Suite para educaci\u00f3n (G Suite for Education) es un servicio de Google para instituciones educativas que permite que sus usuarios cuenten con una direcci\u00f3n de correo electr\u00f3nico y&#46;&#46;&#46;<\/p>\n","protected":false},"author":6456,"featured_media":0,"parent":0,"menu_order":0,"comment_status":"closed","ping_status":"closed","template":"","meta":{"ngg_post_thumbnail":0,"footnotes":"","_mc_calendar":[]},"aioseo_notices":[],"_links":{"self":[{"href":"https:\/\/blogsaverroes.juntadeandalucia.es\/iescanadarosal\/wp-json\/wp\/v2\/pages\/3154"}],"collection":[{"href":"https:\/\/blogsaverroes.juntadeandalucia.es\/iescanadarosal\/wp-json\/wp\/v2\/pages"}],"about":[{"href":"https:\/\/blogsaverroes.juntadeandalucia.es\/iescanadarosal\/wp-json\/wp\/v2\/types\/page"}],"author":[{"embeddable":true,"href":"https:\/\/blogsaverroes.juntadeandalucia.es\/iescanadarosal\/wp-json\/wp\/v2\/users\/6456"}],"replies":[{"embeddable":true,"href":"https:\/\/blogsaverroes.juntadeandalucia.es\/iescanadarosal\/wp-json\/wp\/v2\/comments?post=3154"}],"version-history":[{"count":5,"href":"https:\/\/blogsaverroes.juntadeandalucia.es\/iescanadarosal\/wp-json\/wp\/v2\/pages\/3154\/revisions"}],"predecessor-version":[{"id":3168,"href":"https:\/\/blogsaverroes.juntadeandalucia.es\/iescanadarosal\/wp-json\/wp\/v2\/pages\/3154\/revisions\/3168"}],"wp:attachment":[{"href":"https:\/\/blogsaverroes.juntadeandalucia.es\/iescanadarosal\/wp-json\/wp\/v2\/media?parent=3154"}],"curies":[{"name":"wp","href":"https:\/\/api.w.org\/{rel}","templated":true}]}}