{"id":712,"date":"2022-05-11T20:50:21","date_gmt":"2022-05-11T19:50:21","guid":{"rendered":"https:\/\/blogsaverroes.juntadeandalucia.es\/iescantely\/?page_id=712"},"modified":"2023-05-14T21:06:29","modified_gmt":"2023-05-14T20:06:29","slug":"convivencia","status":"publish","type":"page","link":"https:\/\/blogsaverroes.juntadeandalucia.es\/iescantely\/convivencia\/","title":{"rendered":"Convivencia"},"content":{"rendered":"<p>EL IES M\u00aa GALIANA VISITA CANTELY<\/p>\n<p>El martes 9 de mayo alumnos mediadores de 3\u00ba ESO del IES Mar\u00eda Galiana visitaron el instituto como actividad de intercambio con los mediadores de nuestro centro, ya que compartieron en diciembre la formaci\u00f3n para esta labor encomiable que llevan a cabo en cada centro. Coincidi\u00f3 con las VII Jornadas Culturales y Solidarias, participando en las actividades de ese d\u00eda.&nbsp;<\/p>\n<p><img loading=\"lazy\" decoding=\"async\" class=\"alignnone size-full wp-image-1281\" src=\"https:\/\/blogsaverroes.juntadeandalucia.es\/iescantely\/files\/2023\/05\/1683973775111.jpg\" alt=\"\" width=\"1600\" height=\"1200\" srcset=\"https:\/\/blogsaverroes.juntadeandalucia.es\/iescantely\/files\/2023\/05\/1683973775111.jpg 1600w, https:\/\/blogsaverroes.juntadeandalucia.es\/iescantely\/files\/2023\/05\/1683973775111-300x225.jpg 300w, https:\/\/blogsaverroes.juntadeandalucia.es\/iescantely\/files\/2023\/05\/1683973775111-1024x768.jpg 1024w, https:\/\/blogsaverroes.juntadeandalucia.es\/iescantely\/files\/2023\/05\/1683973775111-768x576.jpg 768w, https:\/\/blogsaverroes.juntadeandalucia.es\/iescantely\/files\/2023\/05\/1683973775111-1536x1152.jpg 1536w\" sizes=\"(max-width: 1600px) 100vw, 1600px\" \/><\/p>\n","protected":false},"excerpt":{"rendered":"<p>EL IES M\u00aa GALIANA VISITA CANTELY El martes 9 de mayo alumnos mediadores de 3\u00ba ESO del IES Mar\u00eda Galiana visitaron el instituto como actividad de intercambio con los mediadores de nuestro centro, ya que compartieron en diciembre la formaci\u00f3n para esta labor encomiable que llevan a cabo en cada centro. Coincidi\u00f3 con las VII &hellip; <\/p>\n<p><a class=\"more-link btn\" href=\"https:\/\/blogsaverroes.juntadeandalucia.es\/iescantely\/convivencia\/\">Seguir leyendo<\/a><\/p>\n","protected":false},"author":14304,"featured_media":0,"parent":0,"menu_order":0,"comment_status":"closed","ping_status":"closed","template":"","meta":{"ngg_post_thumbnail":0,"footnotes":""},"aioseo_notices":[],"_links":{"self":[{"href":"https:\/\/blogsaverroes.juntadeandalucia.es\/iescantely\/wp-json\/wp\/v2\/pages\/712"}],"collection":[{"href":"https:\/\/blogsaverroes.juntadeandalucia.es\/iescantely\/wp-json\/wp\/v2\/pages"}],"about":[{"href":"https:\/\/blogsaverroes.juntadeandalucia.es\/iescantely\/wp-json\/wp\/v2\/types\/page"}],"author":[{"embeddable":true,"href":"https:\/\/blogsaverroes.juntadeandalucia.es\/iescantely\/wp-json\/wp\/v2\/users\/14304"}],"replies":[{"embeddable":true,"href":"https:\/\/blogsaverroes.juntadeandalucia.es\/iescantely\/wp-json\/wp\/v2\/comments?post=712"}],"version-history":[{"count":3,"href":"https:\/\/blogsaverroes.juntadeandalucia.es\/iescantely\/wp-json\/wp\/v2\/pages\/712\/revisions"}],"predecessor-version":[{"id":1282,"href":"https:\/\/blogsaverroes.juntadeandalucia.es\/iescantely\/wp-json\/wp\/v2\/pages\/712\/revisions\/1282"}],"wp:attachment":[{"href":"https:\/\/blogsaverroes.juntadeandalucia.es\/iescantely\/wp-json\/wp\/v2\/media?parent=712"}],"curies":[{"name":"wp","href":"https:\/\/api.w.org\/{rel}","templated":true}]}}