{"id":963,"date":"2022-11-23T08:16:55","date_gmt":"2022-11-23T07:16:55","guid":{"rendered":"https:\/\/blogsaverroes.juntadeandalucia.es\/iescantely\/?page_id=963"},"modified":"2024-05-21T20:30:23","modified_gmt":"2024-05-21T19:30:23","slug":"escuela-de-familia","status":"publish","type":"page","link":"https:\/\/blogsaverroes.juntadeandalucia.es\/iescantely\/escuela-de-familia\/","title":{"rendered":"Escuela de Familia"},"content":{"rendered":"<p style=\"font-weight: 400\">Este curso 22-23 iniciamos en el IES Cantely una Escuela de familias como lugar de encuentro con las familias del centro para dar un paso m\u00e1s en el proyecto com\u00fan de la educaci\u00f3n de nuestros adolescentes.<\/p>\n<p style=\"font-weight: 400\">Mensualmente tendremos una reuni\u00f3n , a la que llamamos &#8220;Merienda y debate&#8221;, donde expondremos&nbsp;inquietudes, y aprenderemos entre todos y todas sobre los temas que m\u00e1s nos interesen.<\/p>\n<p style=\"font-weight: 400\">SESI\u00d3N 2 , 22\/11\/22 LA COMUNICACI\u00d3N CON LOS ADOLESCENTES<\/p>\n<p style=\"font-weight: 400\">enlaces<\/p>\n<p><a href=\"http:\/\/escueladepadresymadresupz.blogspot.com\/p\/materiales-descargables.html\" data-saferedirecturl=\"https:\/\/www.google.com\/url?q=http:\/\/escueladepadresymadresupz.blogspot.com\/p\/materiales-descargables.html&amp;source=gmail&amp;ust=1669826178062000&amp;usg=AOvVaw0eiIH5T7RfKdAwY_5Y8JaN\">http:\/\/escueladepadresymadresupz.blogspot.com\/p\/materiales-descargables.html<\/a><\/p>\n<p><a href=\"https:\/\/www.familiaysalud.es\/salud-y-escuela\/recursos-utiles\/sitios-web\/escuela-de-familias-0\" data-saferedirecturl=\"https:\/\/www.google.com\/url?q=https:\/\/www.familiaysalud.es\/salud-y-escuela\/recursos-utiles\/sitios-web\/escuela-de-familias-0&amp;source=gmail&amp;ust=1669826178062000&amp;usg=AOvVaw0G0Ed3LtjJbFlhGvMOByHW\">https:\/\/www.familiaysalud.es\/salud-y-escuela\/recursos-utiles\/sitios-web\/escuela-de-familias-0<\/a><\/p>\n<p><a href=\"https:\/\/www.juntadeandalucia.es\/educacion\/portals\/web\/escuela-familias\/para-formarte\/organiza-tu-escuela-de-familias\" data-saferedirecturl=\"https:\/\/www.google.com\/url?q=https:\/\/www.juntadeandalucia.es\/educacion\/portals\/web\/escuela-familias\/para-formarte\/organiza-tu-escuela-de-familias&amp;source=gmail&amp;ust=1669826178062000&amp;usg=AOvVaw2pdjxDfk1h7fGOrI6TkHJJ\">https:\/\/www.juntadeandalucia.es\/educacion\/portals\/web\/escuela-familias\/para-formarte\/organiza-tu-escuela-de-familias<\/a><\/p>\n<p>&nbsp;<\/p>\n<div>VIDEO&nbsp; &#8220;Tres formas de hablar con los adolescentes&#8221;<\/div>\n<div>&nbsp;<\/div>\n<div>&nbsp;<\/div>\n<div><iframe loading=\"lazy\" src=\"\/\/www.youtube.com\/embed\/Ey4zFttyy2M\" width=\"560\" height=\"315\" frameborder=\"0\"><\/iframe>o<\/div>\n<div>&nbsp;<\/div>\n<div>SESI\u00d3N 3 : LAS EMOCIONES<\/div>\n<div>&nbsp;<\/div>\n<div>El d\u00eda 31 hemos tenido la tercera sesi\u00f3n, hablando sobre las emociones. Ha sido un momento interesante para compartir inquietudes y aprender juntos. Continuaremos en marzo la siguiente sesi\u00f3n dedicada a Igualdad. Aqu\u00ed dejamos los enlaces de los videos que hemos utilizado y la rueda de las emociones de Alma Serra.<\/div>\n<div><a href=\"https:\/\/blogsaverroes.juntadeandalucia.es\/iescantely\/files\/2023\/02\/rueda-de-las-emociones-Alma-Serra.pdf\">rueda de las emociones Alma Serra<\/a><\/div>\n<div>Silvia Olmedo&nbsp;<\/div>\n<div><a href=\"https:\/\/aprendemosjuntos.bbva.com\/especial\/pon-nombre-a-lo-que-te-pasa-para-sentirte-mejor-silvia-olmedo\/\">https:\/\/aprendemosjuntos.bbva.com\/especial\/pon-nombre-a-lo-que-te-pasa-para-sentirte-mejor-silvia-olmedo\/<\/a><\/div>\n<div>Jos\u00e9 Antonio Marina, &#8220;Los miedos&#8221;<\/div>\n<div><a href=\"https:\/\/aprendemosjuntos.bbva.com\/a-mi-yo-adolescente\/miedo\/\">https:\/\/aprendemosjuntos.bbva.com\/a-mi-yo-adolescente\/miedo\/<\/a><\/div>\n<div>Rafael Guerrero, &#8220;Trabajar las emociones en la familia&#8221;<\/div>\n<div><a href=\"https:\/\/www.youtube.com\/watch?v=mFQ4YRmBeMI\">https:\/\/www.youtube.com\/watch?v=mFQ4YRmBeMI<\/a><\/div>\n<div>Mari\u00e1n Rojas<\/div>\n<div><a href=\"https:\/\/youtu.be\/7Z4qmp951Nw\">https:\/\/youtu.be\/7Z4qmp951Nw<\/a><\/div>\n<div>Mar Romera<\/div>\n<div><a href=\"https:\/\/www.youtube.com\/watch?v=_rhH5dQr8S8\">https:\/\/www.youtube.com\/watch?v=_rhH5dQr8S8<\/a><\/div>\n<div>&nbsp;<\/div>\n<div>SESI\u00d3N 4: H\u00c1BITOS SALUDABLES<\/div>\n<div>El d\u00eda 21 de marzo hemos tenido la ocasi\u00f3n de contar con nuestra enfermera de referencia D\u00aa&nbsp; \u00c1ngeles Roncero, para compartir inquietudes, dudas y otros temas relacionados con la alimentaci\u00f3n, el sue\u00f1o, el deporte etc&nbsp;<\/div>\n<div>Agradecemos desde aqu\u00ed la colaboraci\u00f3n de&nbsp; \u00c1ngeles y dejamos algunas ideas importantes que debatimos&#8230;.<\/div>\n<div>\n<ul>\n<li>Es fundamental en esta edad escolar buscar el equilibrio entre actividad f\u00edsica y alimentaci\u00f3n.<\/li>\n<li>La actividad f\u00edsica crea v\u00ednculos sociales y emocionales que son muy importantes en la adolescencia.<\/li>\n<li>\u00a1Cuidado con el error de \u201ccastigar\u201d quitando el deporte!<\/li>\n<li>Es importante EL DESAYUNO. Crear el h\u00e1bito en aquellos alumnos que no lo tienen , haci\u00e9ndolo de manera progresiva. Incluir alguna bebida para la hora del recreo, fruta o frutos secos. Importante para mantener un nivel adecuado de glucosa y activaci\u00f3n del cerebro. A veces no quieren traer nada porque imitan a otros en esta etapa.<\/li>\n<li>En la incorporaci\u00f3n de frutas y verduras en las comidas hay que insistir en ello desde una comida casera con distintos cocinados y presentaciones.<\/li>\n<li>La obesidad acarrea otros problemas, tanto por patolog\u00edas que perjudican la salud, relacionados con riesgos en agilidad, deterioro de las articulaciones, como otros sociales .<\/li>\n<li>Se producen adicciones a los hidratos de carbono y az\u00facares.<\/li>\n<li>Las bebidas energ\u00e9ticas que algunos alumnos consumen, contienen unas elevadas dosis de cafe\u00edna y az\u00facar, as\u00ed como otros estimulantes como el guaran\u00e1 que, a medio y largo plazo, pueden provocar&nbsp;alteraciones del sue\u00f1o, irritabilidad, problemas de concentraci\u00f3n, hipertensi\u00f3n, diabetes y trastornos cardiovasculares y neurol\u00f3gicos. La equivalencia de un envase normal es de 3 tazas de caf\u00e9 y 14 terrones de az\u00facar. Si estas bebidas se combinan con el alcohol pueden crear situaciones de excitaci\u00f3n extremas.<\/li>\n<li>Las horas de sue\u00f1o recomendables en la edad adolescente es de 8 a 10 horas, teniendo en cuenta las diferencias que cada persona tiene en cuanto a h\u00e1bitos de suelo y necesidades. Deporte y ejercicio f\u00edsico favorecen el descanso.&nbsp;<\/li>\n<li><img loading=\"lazy\" decoding=\"async\" class=\"alignnone wp-image-1228\" src=\"https:\/\/blogsaverroes.juntadeandalucia.es\/iescantely\/files\/2023\/03\/IMG_20230321_182913-scaled.jpg\" alt=\"\" width=\"569\" height=\"759\" srcset=\"https:\/\/blogsaverroes.juntadeandalucia.es\/iescantely\/files\/2023\/03\/IMG_20230321_182913-scaled.jpg 1920w, https:\/\/blogsaverroes.juntadeandalucia.es\/iescantely\/files\/2023\/03\/IMG_20230321_182913-225x300.jpg 225w, https:\/\/blogsaverroes.juntadeandalucia.es\/iescantely\/files\/2023\/03\/IMG_20230321_182913-768x1024.jpg 768w, https:\/\/blogsaverroes.juntadeandalucia.es\/iescantely\/files\/2023\/03\/IMG_20230321_182913-1152x1536.jpg 1152w, https:\/\/blogsaverroes.juntadeandalucia.es\/iescantely\/files\/2023\/03\/IMG_20230321_182913-1536x2048.jpg 1536w\" sizes=\"(max-width: 569px) 100vw, 569px\" \/><\/li>\n<\/ul>\n<p>&nbsp;SESI\u00d3N 5: EDUCANDO EN IGUALDAD<\/p>\n<p>El martes 25 de abril tuvimos la sesi\u00f3n 5\u00aa de Escuela de Familias dedicada a Educar en igualdad, en la que contamos con la colaboraci\u00f3n de la profesora de nuestro instituto D\u00aa Raquel Silva. Durante la sesi\u00f3n pudimos debatir temas interesantes en cuanto a educaci\u00f3n afectivo sexual, inquietudes y dudas respecto a la educaci\u00f3n de los adolescentes etc. Esta sesi\u00f3n nos anim\u00f3 a insistir en otros momentos futuros sobre estos temas tan importantes.<\/p>\n<p>&nbsp;<\/p>\n<p><img loading=\"lazy\" decoding=\"async\" class=\"alignnone wp-image-1283\" src=\"https:\/\/blogsaverroes.juntadeandalucia.es\/iescantely\/files\/2023\/05\/IMG_20230425_172415-scaled.jpg\" alt=\"\" width=\"482\" height=\"642\" srcset=\"https:\/\/blogsaverroes.juntadeandalucia.es\/iescantely\/files\/2023\/05\/IMG_20230425_172415-scaled.jpg 1920w, https:\/\/blogsaverroes.juntadeandalucia.es\/iescantely\/files\/2023\/05\/IMG_20230425_172415-225x300.jpg 225w, https:\/\/blogsaverroes.juntadeandalucia.es\/iescantely\/files\/2023\/05\/IMG_20230425_172415-768x1024.jpg 768w, https:\/\/blogsaverroes.juntadeandalucia.es\/iescantely\/files\/2023\/05\/IMG_20230425_172415-1152x1536.jpg 1152w, https:\/\/blogsaverroes.juntadeandalucia.es\/iescantely\/files\/2023\/05\/IMG_20230425_172415-1536x2048.jpg 1536w\" sizes=\"(max-width: 482px) 100vw, 482px\" \/><\/p>\n<p>&nbsp;<\/p>\n<p>CURSO 2023- 2024<\/p>\n<p>Retomamos la Escuela de Familias del Cantely con ilusi\u00f3n para seguir compartiendo experiencias y formarnos en los temas educativos de nuestro inter\u00e9s.<\/p>\n<p>SESI\u00d3N 1, 30\/10\/23&nbsp; &nbsp;H\u00c1BITOS SALUDABLES<\/p>\n<p>D\u00aa \u00c1ngeles Roncero, enfermera de enlace de nuestro instituto, nos ha acompa\u00f1ado de nuevo para aclarar temas de inter\u00e9s sobre desayunos saludables, consumo de vapers, ingesta excesiva de az\u00facares por parte de los ni\u00f1os y adolescentes etc.&nbsp;<\/p>\n<p>&nbsp;<img loading=\"lazy\" decoding=\"async\" class=\"alignnone wp-image-1383\" src=\"https:\/\/blogsaverroes.juntadeandalucia.es\/iescantely\/files\/2023\/11\/sesi\u00f3n-1-scaled.jpg\" alt=\"\" width=\"755\" height=\"566\" srcset=\"https:\/\/blogsaverroes.juntadeandalucia.es\/iescantely\/files\/2023\/11\/sesi\u00f3n-1-scaled.jpg 2560w, https:\/\/blogsaverroes.juntadeandalucia.es\/iescantely\/files\/2023\/11\/sesi\u00f3n-1-300x225.jpg 300w, https:\/\/blogsaverroes.juntadeandalucia.es\/iescantely\/files\/2023\/11\/sesi\u00f3n-1-1024x768.jpg 1024w, https:\/\/blogsaverroes.juntadeandalucia.es\/iescantely\/files\/2023\/11\/sesi\u00f3n-1-768x576.jpg 768w, https:\/\/blogsaverroes.juntadeandalucia.es\/iescantely\/files\/2023\/11\/sesi\u00f3n-1-1536x1152.jpg 1536w, https:\/\/blogsaverroes.juntadeandalucia.es\/iescantely\/files\/2023\/11\/sesi\u00f3n-1-2048x1536.jpg 2048w\" sizes=\"(max-width: 755px) 100vw, 755px\" \/><\/p>\n<p><a href=\"https:\/\/blogsaverroes.juntadeandalucia.es\/iescantely\/files\/2023\/11\/ESCUELA-DE-FAMILIAS-sesi\u00f3n-1-enfermera-h\u00e1bitos-saludables-1.pdf\">ESCUELA DE FAMILIAS sesi\u00f3n 1 enfermera, h\u00e1bitos saludables<\/a><\/p>\n<\/div>\n<p>&nbsp;<\/p>\n<p>SESI\u00d3N 2, 27\/11\/23&nbsp; &nbsp;DIVERSIDAD, IDENTIDAD Y ORIENTACI\u00d3N SEXUAL<\/p>\n<p>En esta sesi\u00f3n hemos disfrutado de un encuentro entre alumnado, familias y profesorado entorno a este tema tan interesante. La sesi\u00f3n ha sido preparada por tres alumnas de 2\u00ba y 3\u00ba de ESO, agradecemos sus intervenciones y la ilusi\u00f3n que han puesto . La participaci\u00f3n ha salido del club de lectura LGTBIQ+&nbsp; que se re\u00fane en los recreos de los mi\u00e9rcoles, acompa\u00f1ados por los profesores Raquel S. y Carlos M.<\/p>\n<p>Dejamos aqu\u00ed un enlace que aclara muchas ideas de las que hablamos.<\/p>\n<div class=\"embed-container\"><iframe loading=\"lazy\" title=\"\u00bfQu\u00e9 es la diversidad sexual explicaci\u00f3n f\u00e1cil?\" width=\"750\" height=\"422\" src=\"https:\/\/www.youtube.com\/embed\/gKCj_xSvEYk?feature=oembed\" frameborder=\"0\" allow=\"accelerometer; autoplay; clipboard-write; encrypted-media; gyroscope; picture-in-picture; web-share\" referrerpolicy=\"strict-origin-when-cross-origin\" allowfullscreen><\/iframe><\/div>\n<p><img loading=\"lazy\" decoding=\"async\" class=\"alignnone size-full wp-image-1410\" src=\"https:\/\/blogsaverroes.juntadeandalucia.es\/iescantely\/files\/2023\/12\/IMG-20231215-WA0008.jpg\" alt=\"\" width=\"1600\" height=\"1200\" srcset=\"https:\/\/blogsaverroes.juntadeandalucia.es\/iescantely\/files\/2023\/12\/IMG-20231215-WA0008.jpg 1600w, https:\/\/blogsaverroes.juntadeandalucia.es\/iescantely\/files\/2023\/12\/IMG-20231215-WA0008-300x225.jpg 300w, https:\/\/blogsaverroes.juntadeandalucia.es\/iescantely\/files\/2023\/12\/IMG-20231215-WA0008-1024x768.jpg 1024w, https:\/\/blogsaverroes.juntadeandalucia.es\/iescantely\/files\/2023\/12\/IMG-20231215-WA0008-768x576.jpg 768w, https:\/\/blogsaverroes.juntadeandalucia.es\/iescantely\/files\/2023\/12\/IMG-20231215-WA0008-1536x1152.jpg 1536w\" sizes=\"(max-width: 1600px) 100vw, 1600px\" \/><\/p>\n<p>&nbsp;<\/p>\n<p>&nbsp;<\/p>\n<p>&nbsp;<\/p>\n<p><img loading=\"lazy\" decoding=\"async\" class=\"alignnone wp-image-1411\" src=\"https:\/\/blogsaverroes.juntadeandalucia.es\/iescantely\/files\/2023\/12\/IMG-20231215-WA0011.jpg\" alt=\"\" width=\"853\" height=\"393\" srcset=\"https:\/\/blogsaverroes.juntadeandalucia.es\/iescantely\/files\/2023\/12\/IMG-20231215-WA0011.jpg 1600w, https:\/\/blogsaverroes.juntadeandalucia.es\/iescantely\/files\/2023\/12\/IMG-20231215-WA0011-300x138.jpg 300w, https:\/\/blogsaverroes.juntadeandalucia.es\/iescantely\/files\/2023\/12\/IMG-20231215-WA0011-1024x472.jpg 1024w, https:\/\/blogsaverroes.juntadeandalucia.es\/iescantely\/files\/2023\/12\/IMG-20231215-WA0011-768x354.jpg 768w, https:\/\/blogsaverroes.juntadeandalucia.es\/iescantely\/files\/2023\/12\/IMG-20231215-WA0011-1536x708.jpg 1536w\" sizes=\"(max-width: 853px) 100vw, 853px\" \/><\/p>\n<p>SESI\u00d3N 3,&nbsp; &nbsp; 5\/02\/24&nbsp; &nbsp;<strong>PREVENCI\u00d3N DEL ACOSO&nbsp; Y CIBERACOSO<\/strong><\/p>\n<p>&nbsp;<\/p>\n<p>En esta sesi\u00f3n hemos reflexionado sobre la importancia de estar sensibles y atentos a cualquier situaci\u00f3n de maltrato, en este caso en el entorno escolar y en las redes sociales. Han quedado claras las condiciones para que se considere &#8220;Acoso&#8221; un maltrato : intencionado, continuo en el tiempo y en desigualdad de poder; y se han analizado otros factores que intervienen.<\/p>\n<p>LA COLABORACI\u00d3N FAMILIA- ESCUELA ES IMPORTANTE.<\/p>\n<p>ROMPAMOS LA CADENA DEL SILENC<a href=\"https:\/\/blogsaverroes.juntadeandalucia.es\/iescantely\/files\/2024\/02\/cartel-acoso-1.pdf\">cartel acoso<\/a><\/p>\n<p>&nbsp;<\/p>\n<p>&nbsp;<\/p>\n<p><a href=\"https:\/\/www.savethechildren.es\/publicaciones\/consejos-para-padres-y-madres-frente-al-bullying-o-acoso-escolar\">https:\/\/www.savethechildren.es\/publicaciones\/consejos-para-padres-y-madres-frente-al-bullying-o-acoso-escolar<\/a><\/p>\n<p>SESI\u00d3N 4:&nbsp; &nbsp;14\/03\/24&nbsp; LA SALUD MENTAL DE NUESTROS ADOLESCENTES<\/p>\n<p>En esta sesi\u00f3n nos ha acompa\u00f1ado la Trabajadora social de ASAENES, Salud Mental de Sevilla, D\u00aa Marta Jim\u00e9nez.<\/p>\n<p>Ella nos ha hecho un recorrido por los aspectos relacionados con la salud mental que m\u00e1s nos preocupan, manteniendo un debate final muy interesante entre todos los presentes. Desde aqu\u00ed enviamos nuestro agradecimiento a ASAENES por colaborar en la Escuela de Familias y darnos a conocer sus servicios.<\/p>\n<div class=\"embed-container\">\n<blockquote class=\"wp-embedded-content\" data-secret=\"AYfatsal0k\"><p><a href=\"https:\/\/asaenes.org\/conocenos\/que-es-asaenes\/\">Qu\u00e9 es ASAENES<\/a><\/p><\/blockquote>\n<p><iframe class=\"wp-embedded-content\" sandbox=\"allow-scripts\" security=\"restricted\" style=\"position: absolute; clip: rect(1px, 1px, 1px, 1px);\" title=\"\u00abQu\u00e9 es ASAENES\u00bb \u2014 Asaenes\" src=\"https:\/\/asaenes.org\/conocenos\/que-es-asaenes\/embed\/#?secret=uDrGmgdBT7#?secret=AYfatsal0k\" data-secret=\"AYfatsal0k\" width=\"600\" height=\"338\" frameborder=\"0\" marginwidth=\"0\" marginheight=\"0\" scrolling=\"no\"><\/iframe><\/div>\n<p><img loading=\"lazy\" decoding=\"async\" class=\"alignnone wp-image-1514\" src=\"https:\/\/blogsaverroes.juntadeandalucia.es\/iescantely\/files\/2024\/03\/IMG_20240314_172600-scaled.jpg\" alt=\"\" width=\"753\" height=\"1004\" srcset=\"https:\/\/blogsaverroes.juntadeandalucia.es\/iescantely\/files\/2024\/03\/IMG_20240314_172600-scaled.jpg 1920w, https:\/\/blogsaverroes.juntadeandalucia.es\/iescantely\/files\/2024\/03\/IMG_20240314_172600-225x300.jpg 225w, https:\/\/blogsaverroes.juntadeandalucia.es\/iescantely\/files\/2024\/03\/IMG_20240314_172600-768x1024.jpg 768w, https:\/\/blogsaverroes.juntadeandalucia.es\/iescantely\/files\/2024\/03\/IMG_20240314_172600-1152x1536.jpg 1152w, https:\/\/blogsaverroes.juntadeandalucia.es\/iescantely\/files\/2024\/03\/IMG_20240314_172600-1536x2048.jpg 1536w\" sizes=\"(max-width: 753px) 100vw, 753px\" \/> <img loading=\"lazy\" decoding=\"async\" class=\"alignnone wp-image-1515\" src=\"https:\/\/blogsaverroes.juntadeandalucia.es\/iescantely\/files\/2024\/03\/IMG_20240314_172452-scaled.jpg\" alt=\"\" width=\"728\" height=\"971\" srcset=\"https:\/\/blogsaverroes.juntadeandalucia.es\/iescantely\/files\/2024\/03\/IMG_20240314_172452-scaled.jpg 1920w, https:\/\/blogsaverroes.juntadeandalucia.es\/iescantely\/files\/2024\/03\/IMG_20240314_172452-225x300.jpg 225w, https:\/\/blogsaverroes.juntadeandalucia.es\/iescantely\/files\/2024\/03\/IMG_20240314_172452-768x1024.jpg 768w, https:\/\/blogsaverroes.juntadeandalucia.es\/iescantely\/files\/2024\/03\/IMG_20240314_172452-1152x1536.jpg 1152w, https:\/\/blogsaverroes.juntadeandalucia.es\/iescantely\/files\/2024\/03\/IMG_20240314_172452-1536x2048.jpg 1536w\" sizes=\"(max-width: 728px) 100vw, 728px\" \/><\/p>\n<p><img loading=\"lazy\" decoding=\"async\" class=\"alignnone wp-image-1516\" src=\"https:\/\/blogsaverroes.juntadeandalucia.es\/iescantely\/files\/2024\/03\/IMG_20240314_175409-scaled.jpg\" alt=\"\" width=\"728\" height=\"546\" srcset=\"https:\/\/blogsaverroes.juntadeandalucia.es\/iescantely\/files\/2024\/03\/IMG_20240314_175409-scaled.jpg 2560w, https:\/\/blogsaverroes.juntadeandalucia.es\/iescantely\/files\/2024\/03\/IMG_20240314_175409-300x225.jpg 300w, https:\/\/blogsaverroes.juntadeandalucia.es\/iescantely\/files\/2024\/03\/IMG_20240314_175409-1024x768.jpg 1024w, https:\/\/blogsaverroes.juntadeandalucia.es\/iescantely\/files\/2024\/03\/IMG_20240314_175409-768x576.jpg 768w, https:\/\/blogsaverroes.juntadeandalucia.es\/iescantely\/files\/2024\/03\/IMG_20240314_175409-1536x1152.jpg 1536w, https:\/\/blogsaverroes.juntadeandalucia.es\/iescantely\/files\/2024\/03\/IMG_20240314_175409-2048x1536.jpg 2048w\" sizes=\"(max-width: 728px) 100vw, 728px\" \/><\/p>\n<p>&nbsp;<\/p>\n<p>SESI\u00d3N 5:&nbsp; &nbsp;23\/04\/24&nbsp; C\u00d3MO AYUDAR A NUESTROS HIJ@S CON TDAH<\/p>\n<p>El TDAH es un tema de mucho inter\u00e9s en nuestras familias por lo que ha sido una petici\u00f3n importante en la Escuela de Familias del IES Cantely este curso. El AMPA contact\u00f3 con la asociaci\u00f3n ANFATHI y D Hip\u00f3lito Mac\u00edas Pichardo, profesor de la UPO, psic\u00f3logo y colaborador de la asociaci\u00f3n nos brind\u00f3 una sesi\u00f3n llena de contenido sobre el d\u00e9ficit de atenci\u00f3n e hiperactividad, aclarando muchos conceptos, sensibilizando sobre este trastorno y facilitando a las familias que acudieron toda la informaci\u00f3n \u00fatil para ayudar desde casa y la escuela en el d\u00eda a d\u00eda con los ni\u00f1os y adolescentes que presentan TDAH. Nuestro agradecimiento a D. Hip\u00f3lito Mac\u00edas y a ANFATHI por esta participaci\u00f3n en nuestra Escuela de Familias.<\/p>\n","protected":false},"excerpt":{"rendered":"<p>Este curso 22-23 iniciamos en el IES Cantely una Escuela de familias como lugar de encuentro con las familias del centro para dar un paso m\u00e1s en el proyecto com\u00fan de la educaci\u00f3n de nuestros adolescentes. Mensualmente tendremos una reuni\u00f3n , a la que llamamos &#8220;Merienda y debate&#8221;, donde expondremos&nbsp;inquietudes, y aprenderemos entre todos y &hellip; <\/p>\n<p><a class=\"more-link btn\" href=\"https:\/\/blogsaverroes.juntadeandalucia.es\/iescantely\/escuela-de-familia\/\">Seguir leyendo<\/a><\/p>\n","protected":false},"author":14686,"featured_media":0,"parent":0,"menu_order":0,"comment_status":"closed","ping_status":"closed","template":"","meta":{"ngg_post_thumbnail":0,"footnotes":""},"aioseo_notices":[],"_links":{"self":[{"href":"https:\/\/blogsaverroes.juntadeandalucia.es\/iescantely\/wp-json\/wp\/v2\/pages\/963"}],"collection":[{"href":"https:\/\/blogsaverroes.juntadeandalucia.es\/iescantely\/wp-json\/wp\/v2\/pages"}],"about":[{"href":"https:\/\/blogsaverroes.juntadeandalucia.es\/iescantely\/wp-json\/wp\/v2\/types\/page"}],"author":[{"embeddable":true,"href":"https:\/\/blogsaverroes.juntadeandalucia.es\/iescantely\/wp-json\/wp\/v2\/users\/14686"}],"replies":[{"embeddable":true,"href":"https:\/\/blogsaverroes.juntadeandalucia.es\/iescantely\/wp-json\/wp\/v2\/comments?post=963"}],"version-history":[{"count":15,"href":"https:\/\/blogsaverroes.juntadeandalucia.es\/iescantely\/wp-json\/wp\/v2\/pages\/963\/revisions"}],"predecessor-version":[{"id":1569,"href":"https:\/\/blogsaverroes.juntadeandalucia.es\/iescantely\/wp-json\/wp\/v2\/pages\/963\/revisions\/1569"}],"wp:attachment":[{"href":"https:\/\/blogsaverroes.juntadeandalucia.es\/iescantely\/wp-json\/wp\/v2\/media?parent=963"}],"curies":[{"name":"wp","href":"https:\/\/api.w.org\/{rel}","templated":true}]}}