{"id":988,"date":"2022-11-29T10:53:05","date_gmt":"2022-11-29T09:53:05","guid":{"rendered":"https:\/\/blogsaverroes.juntadeandalucia.es\/iescantely\/?page_id=988"},"modified":"2023-11-21T09:43:07","modified_gmt":"2023-11-21T08:43:07","slug":"datos-de-contacto","status":"publish","type":"page","link":"https:\/\/blogsaverroes.juntadeandalucia.es\/iescantely\/datos-de-contacto\/","title":{"rendered":"Datos de contacto"},"content":{"rendered":"<p><strong>Direcci\u00f3n:&nbsp;<\/strong>Calle Almendro, 23, 41701, Dos Hermanas, Sevilla<\/p>\n<p><strong>Tel\u00e9fono: <a href=\"https:\/\/www.google.com\/search?q=ies+cantely&amp;oq=ies+cantely+&amp;aqs=chrome..69i57j46i175i199i512j0i512j69i59j0i22i30j69i60l3.4523j0j7&amp;sourceid=chrome&amp;ie=UTF-8#\" data-dtype=\"d3ph\" data-local-attribute=\"d3ph\" data-ved=\"2ahUKEwisuZOijtP7AhVCTaQEHbJNAY8QkAgoAHoECEwQAw\"><span aria-label=\"Llamar al n\u00famero de tel\u00e9fono 955 83 99 84\">955 83 99 84<\/span><\/a><\/strong><\/p>\n<p><strong>Correo electr\u00f3nico: <\/strong>41702023.secretaria@g.educaand.es&nbsp;<\/p>\n","protected":false},"excerpt":{"rendered":"<p>Direcci\u00f3n:&nbsp;Calle Almendro, 23, 41701, Dos Hermanas, Sevilla Tel\u00e9fono: 955 83 99 84 Correo electr\u00f3nico: 41702023.secretaria@g.educaand.es&nbsp;<\/p>\n","protected":false},"author":14686,"featured_media":0,"parent":0,"menu_order":0,"comment_status":"closed","ping_status":"closed","template":"","meta":{"ngg_post_thumbnail":0,"footnotes":""},"aioseo_notices":[],"_links":{"self":[{"href":"https:\/\/blogsaverroes.juntadeandalucia.es\/iescantely\/wp-json\/wp\/v2\/pages\/988"}],"collection":[{"href":"https:\/\/blogsaverroes.juntadeandalucia.es\/iescantely\/wp-json\/wp\/v2\/pages"}],"about":[{"href":"https:\/\/blogsaverroes.juntadeandalucia.es\/iescantely\/wp-json\/wp\/v2\/types\/page"}],"author":[{"embeddable":true,"href":"https:\/\/blogsaverroes.juntadeandalucia.es\/iescantely\/wp-json\/wp\/v2\/users\/14686"}],"replies":[{"embeddable":true,"href":"https:\/\/blogsaverroes.juntadeandalucia.es\/iescantely\/wp-json\/wp\/v2\/comments?post=988"}],"version-history":[{"count":3,"href":"https:\/\/blogsaverroes.juntadeandalucia.es\/iescantely\/wp-json\/wp\/v2\/pages\/988\/revisions"}],"predecessor-version":[{"id":1388,"href":"https:\/\/blogsaverroes.juntadeandalucia.es\/iescantely\/wp-json\/wp\/v2\/pages\/988\/revisions\/1388"}],"wp:attachment":[{"href":"https:\/\/blogsaverroes.juntadeandalucia.es\/iescantely\/wp-json\/wp\/v2\/media?parent=988"}],"curies":[{"name":"wp","href":"https:\/\/api.w.org\/{rel}","templated":true}]}}