{"id":5821,"date":"2023-10-29T09:56:42","date_gmt":"2023-10-29T08:56:42","guid":{"rendered":"https:\/\/blogsaverroes.juntadeandalucia.es\/iescarbulaweb\/?page_id=5821"},"modified":"2025-10-05T13:05:38","modified_gmt":"2025-10-05T12:05:38","slug":"departamento-artistico","status":"publish","type":"page","link":"https:\/\/blogsaverroes.juntadeandalucia.es\/iescarbulaweb\/departamentos\/departamento-artistico\/","title":{"rendered":"Departamento Art\u00edstico"},"content":{"rendered":"<p>[et_pb_section fb_built=\u00bb1&#8243; admin_label=\u00bbSecci\u00f3n\u00bb _builder_version=\u00bb4.16&#8243; custom_margin=\u00bb|-73px||||\u00bb custom_padding=\u00bb0px||0px|\u00bb z_index_tablet=\u00bb500&#8243; box_shadow_horizontal_tablet=\u00bb0px\u00bb box_shadow_vertical_tablet=\u00bb0px\u00bb box_shadow_blur_tablet=\u00bb40px\u00bb box_shadow_spread_tablet=\u00bb0px\u00bb global_colors_info=\u00bb{}\u00bb][et_pb_row admin_label=\u00bbEncabezado\u00bb _builder_version=\u00bb4.16&#8243; background_size=\u00bbinitial\u00bb background_position=\u00bbtop_left\u00bb background_repeat=\u00bbrepeat\u00bb collapsed=\u00bboff\u00bb global_colors_info=\u00bb{}\u00bb][et_pb_column type=\u00bb4_4&#8243; _builder_version=\u00bb4.16&#8243; custom_padding=\u00bb|||\u00bb global_colors_info=\u00bb{}\u00bb custom_padding__hover=\u00bb|||\u00bb][\/et_pb_column][\/et_pb_row][et_pb_row admin_label=\u00bbTitulo Profesorado\u00bb _builder_version=\u00bb4.16&#8243; _module_preset=\u00bbdefault\u00bb collapsed=\u00bboff\u00bb global_colors_info=\u00bb{}\u00bb][et_pb_column type=\u00bb4_4&#8243; _builder_version=\u00bb4.16&#8243; _module_preset=\u00bbdefault\u00bb global_colors_info=\u00bb{}\u00bb][et_pb_text admin_label=\u00bbTitulo Profesorado\u00bb _builder_version=\u00bb4.16&#8243; _module_preset=\u00bbdefault\u00bb text_orientation=\u00bbcenter\u00bb custom_margin=\u00bb||1px|||\u00bb custom_padding=\u00bb||62px|||\u00bb animation_style=\u00bbfade\u00bb box_shadow_style=\u00bbpreset1&#8243; global_colors_info=\u00bb{}\u00bb]<\/p>\n<h1>&nbsp;<\/h1>\n<h1>Profesorado<\/h1>\n<p>[\/et_pb_text][\/et_pb_column][\/et_pb_row][et_pb_row column_structure=\u00bb1_3,1_3,1_3&#8243; admin_label=\u00bbProfesorado\u00bb _builder_version=\u00bb4.16&#8243; _module_preset=\u00bbdefault\u00bb collapsed=\u00bboff\u00bb global_colors_info=\u00bb{}\u00bb][et_pb_column type=\u00bb1_3&#8243; _builder_version=\u00bb4.24.2&#8243; _module_preset=\u00bbdefault\u00bb global_colors_info=\u00bb{}\u00bb][et_pb_team_member name=\u00bbJos\u00e9 Amador Morales\u00bb position=\u00bbJefe de Departamento &#8211; Prof. M\u00fasica\u00bb image_url=\u00bbhttps:\/\/blogsaverroes.juntadeandalucia.es\/iescarbulaweb\/files\/2025\/10\/MUSICA-Jose-Amador-Morales-Sillero.jpg\u00bb admin_label=\u00bbProfesor 1&#8243; _builder_version=\u00bb4.24.2&#8243; _module_preset=\u00bbdefault\u00bb position_text_color=\u00bb#000000&#8243; text_orientation=\u00bbleft\u00bb hover_enabled=\u00bb0&#8243; global_colors_info=\u00bb{}\u00bb title_text=\u00bbM\u00daSICA Jos\u00e9 Amador Morales Sillero\u00bb sticky_enabled=\u00bb0&#8243;]<\/p>\n<p><strong>Email:&nbsp; jmorales.mus@iescarbula.net<\/strong><\/p>\n<p>[\/et_pb_team_member][\/et_pb_column][et_pb_column type=\u00bb1_3&#8243; _builder_version=\u00bb4.16&#8243; _module_preset=\u00bbdefault\u00bb global_colors_info=\u00bb{}\u00bb][et_pb_team_member name=\u00bbM Valle Jim\u00e9nez\u00bb position=\u00bbProfesora de Educaci\u00f3n F\u00edsica\u00bb image_url=\u00bbhttps:\/\/blogsaverroes.juntadeandalucia.es\/iescarbulaweb\/files\/2025\/10\/Mari-Valle-Jimenez-Sanchez-EDUCACION-FISICA.jpg\u00bb admin_label=\u00bbProfesor 1&#8243; _builder_version=\u00bb4.24.2&#8243; _module_preset=\u00bbdefault\u00bb position_text_color=\u00bb#000000&#8243; hover_enabled=\u00bb0&#8243; locked=\u00bboff\u00bb global_colors_info=\u00bb{}\u00bb image_url__hover_enabled=\u00bbon|hover\u00bb image_url__hover=\u00bb\u00bb title_text=\u00bbMari Valle Jim\u00e9nez S\u00e1nchez EDUCACI\u00d3N F\u00cdSICA\u00bb sticky_enabled=\u00bb0&#8243;]<\/p>\n<p><strong>Email: mjimenez.ef@iescarbula.net<\/strong><\/p>\n<p>[\/et_pb_team_member][\/et_pb_column][et_pb_column type=\u00bb1_3&#8243; _builder_version=\u00bb4.24.2&#8243; _module_preset=\u00bbdefault\u00bb global_colors_info=\u00bb{}\u00bb][et_pb_team_member name=\u00bbAntonia Le\u00f3n\u00bb position=\u00bbProfesora de Dibujo y EPVA\u00bb image_url=\u00bbhttps:\/\/blogsaverroes.juntadeandalucia.es\/iescarbulaweb\/files\/2025\/10\/Nona-Leon-Carrillo-DIBUJO.jpg\u00bb admin_label=\u00bbProfesor 1&#8243; _builder_version=\u00bb4.24.2&#8243; _module_preset=\u00bbdefault\u00bb position_text_color=\u00bb#000000&#8243; text_orientation=\u00bbleft\u00bb hover_enabled=\u00bb0&#8243; global_colors_info=\u00bb{}\u00bb title_text=\u00bbNona Le\u00f3n Carrillo DIBUJO\u00bb sticky_enabled=\u00bb0&#8243;]<\/p>\n<p><strong>Email:&nbsp; aleon.epv@iescarbula.net<\/strong><\/p>\n<p>[\/et_pb_team_member][\/et_pb_column][\/et_pb_row][et_pb_row admin_label=\u00bbPresentaciones de materias\u00bb _builder_version=\u00bb4.16&#8243; _module_preset=\u00bbdefault\u00bb custom_padding=\u00bb0px|||||\u00bb locked=\u00bboff\u00bb collapsed=\u00bboff\u00bb global_colors_info=\u00bb{}\u00bb][et_pb_column type=\u00bb4_4&#8243; _builder_version=\u00bb4.16&#8243; _module_preset=\u00bbdefault\u00bb global_colors_info=\u00bb{}\u00bb][et_pb_text admin_label=\u00bbPresentaciones de materias\u00bb _builder_version=\u00bb4.16&#8243; _module_preset=\u00bbdefault\u00bb background_color=\u00bbrgba(0,0,0,0.01)\u00bb text_orientation=\u00bbcenter\u00bb min_height=\u00bb91px\u00bb custom_margin=\u00bb3px||14px||false|false\u00bb custom_padding=\u00bb0px||35px||false|false\u00bb box_shadow_style=\u00bbpreset2&#8243; global_colors_info=\u00bb{}\u00bb]<\/p>\n<h1>&nbsp;<\/h1>\n<h1>Presentaciones de materias<\/h1>\n<p>[\/et_pb_text][\/et_pb_column][\/et_pb_row][et_pb_row column_structure=\u00bb1_3,1_3,1_3&#8243; admin_label=\u00bbPresentaciones de materias ESO\u00bb _builder_version=\u00bb4.16&#8243; _module_preset=\u00bbdefault\u00bb locked=\u00bboff\u00bb collapsed=\u00bboff\u00bb global_colors_info=\u00bb{}\u00bb][et_pb_column type=\u00bb1_3&#8243; _builder_version=\u00bb4.16&#8243; _module_preset=\u00bbdefault\u00bb global_colors_info=\u00bb{}\u00bb][et_pb_blurb title=\u00bbEducaci\u00f3n F\u00edsica\u00bb use_icon=\u00bbon\u00bb font_icon=\u00bb&#x69;||divi||400&#8243; image_icon_width=\u00bb70px\u00bb admin_label=\u00bb1ESO\u00bb _builder_version=\u00bb4.16&#8243; _module_preset=\u00bbdefault\u00bb header_text_align=\u00bbcenter\u00bb header_font_size=\u00bb24px\u00bb image_icon_custom_margin=\u00bb4px||||false|false\u00bb image_icon_custom_padding=\u00bb4px||||false|false\u00bb text_orientation=\u00bbcenter\u00bb link_option_url=\u00bbhttps:\/\/drive.google.com\/drive\/folders\/1H5_MwCYJPVNflJAerFZQszcis9XM6nFH?usp=drive_link\u00bb border_color_all_image=\u00bb#000000&#8243; box_shadow_style=\u00bbpreset1&#8243; global_colors_info=\u00bb{}\u00bb]<\/p>\n<p style=\"text-align: center\">Presentaci\u00f3n de Materias<\/p>\n<p style=\"text-align: center\">&nbsp;<\/p>\n<p>[\/et_pb_blurb][\/et_pb_column][et_pb_column type=\u00bb1_3&#8243; _builder_version=\u00bb4.16&#8243; _module_preset=\u00bbdefault\u00bb global_colors_info=\u00bb{}\u00bb][et_pb_blurb title=\u00bbM\u00fasica\u00bb use_icon=\u00bbon\u00bb font_icon=\u00bb&#x69;||divi||400&#8243; image_icon_width=\u00bb70px\u00bb admin_label=\u00bb1ESO\u00bb _builder_version=\u00bb4.16&#8243; _module_preset=\u00bbdefault\u00bb header_text_align=\u00bbcenter\u00bb header_font_size=\u00bb24px\u00bb image_icon_custom_margin=\u00bb4px||||false|false\u00bb image_icon_custom_padding=\u00bb4px||||false|false\u00bb text_orientation=\u00bbcenter\u00bb link_option_url=\u00bbhttps:\/\/drive.google.com\/drive\/folders\/1bMM7nyGxNQFSaxCoCfFagRC7eHy38HTf?usp=drive_link\u00bb border_color_all_image=\u00bb#000000&#8243; box_shadow_style=\u00bbpreset1&#8243; global_colors_info=\u00bb{}\u00bb]<\/p>\n<p style=\"text-align: center\">Presentaci\u00f3n de Materias<\/p>\n<p style=\"text-align: center\">&nbsp;<\/p>\n<p>[\/et_pb_blurb][\/et_pb_column][et_pb_column type=\u00bb1_3&#8243; _builder_version=\u00bb4.16&#8243; _module_preset=\u00bbdefault\u00bb global_colors_info=\u00bb{}\u00bb][et_pb_blurb title=\u00bbEducaci\u00f3n Pl\u00e1stica, Visual, y Art\u00edstica\u00bb use_icon=\u00bbon\u00bb font_icon=\u00bb&#x69;||divi||400&#8243; image_icon_width=\u00bb70px\u00bb admin_label=\u00bb1ESO\u00bb _builder_version=\u00bb4.16&#8243; _module_preset=\u00bbdefault\u00bb header_text_align=\u00bbcenter\u00bb header_font_size=\u00bb24px\u00bb image_icon_custom_margin=\u00bb4px||||false|false\u00bb image_icon_custom_padding=\u00bb4px||||false|false\u00bb text_orientation=\u00bbcenter\u00bb link_option_url=\u00bbhttps:\/\/drive.google.com\/drive\/folders\/1zdmJMfwNMw9vm4S9KgArOyCRcBn4_lru?usp=drive_link\u00bb border_color_all_image=\u00bb#000000&#8243; box_shadow_style=\u00bbpreset1&#8243; global_colors_info=\u00bb{}\u00bb]<\/p>\n<p style=\"text-align: center\">Presentaci\u00f3n de Materias<\/p>\n<p style=\"text-align: center\">&nbsp;<\/p>\n<p>[\/et_pb_blurb][\/et_pb_column][\/et_pb_row][et_pb_row admin_label=\u00bbNoticias Departamento\u00bb _builder_version=\u00bb4.16&#8243; _module_preset=\u00bbdefault\u00bb collapsed=\u00bboff\u00bb global_colors_info=\u00bb{}\u00bb][et_pb_column type=\u00bb4_4&#8243; _builder_version=\u00bb4.16&#8243; _module_preset=\u00bbdefault\u00bb global_colors_info=\u00bb{}\u00bb][et_pb_text admin_label=\u00bbNoticias y Actividades\u00bb _builder_version=\u00bb4.16&#8243; _module_preset=\u00bbdefault\u00bb background_color=\u00bbrgba(0,0,0,0.01)\u00bb text_orientation=\u00bbcenter\u00bb min_height=\u00bb101px\u00bb custom_margin=\u00bb5px||14px|||\u00bb custom_padding=\u00bb0px||48px|||\u00bb box_shadow_style=\u00bbpreset2&#8243; global_colors_info=\u00bb{}\u00bb]<\/p>\n<h1>&nbsp;<\/h1>\n<h1>Noticias y actividades<\/h1>\n<p>[\/et_pb_text][et_pb_blog posts_number=\u00bb5&#8243; include_categories=\u00bb14,34,41&#8243; _builder_version=\u00bb4.16&#8243; _module_preset=\u00bbdefault\u00bb custom_margin=\u00bb71px|||||\u00bb global_colors_info=\u00bb{}\u00bb][\/et_pb_blog][\/et_pb_column][\/et_pb_row][\/et_pb_section]<\/p>\n","protected":false},"excerpt":{"rendered":"<p>&nbsp; Profesorado Email:&nbsp; jmorales.mus@iescarbula.netEmail: mjimenez.ef@iescarbula.netEmail:&nbsp; aleon.epv@iescarbula.net&nbsp; Presentaciones de materias Presentaci\u00f3n de Materias &nbsp; Presentaci\u00f3n de Materias &nbsp; Presentaci\u00f3n de Materias &nbsp; &nbsp; Noticias y actividades<\/p>\n","protected":false},"author":3731,"featured_media":0,"parent":2378,"menu_order":0,"comment_status":"closed","ping_status":"closed","template":"","meta":{"_et_pb_use_builder":"on","_et_pb_old_content":"","_et_gb_content_width":"","ngg_post_thumbnail":0,"footnotes":""},"aioseo_notices":[],"_links":{"self":[{"href":"https:\/\/blogsaverroes.juntadeandalucia.es\/iescarbulaweb\/wp-json\/wp\/v2\/pages\/5821"}],"collection":[{"href":"https:\/\/blogsaverroes.juntadeandalucia.es\/iescarbulaweb\/wp-json\/wp\/v2\/pages"}],"about":[{"href":"https:\/\/blogsaverroes.juntadeandalucia.es\/iescarbulaweb\/wp-json\/wp\/v2\/types\/page"}],"author":[{"embeddable":true,"href":"https:\/\/blogsaverroes.juntadeandalucia.es\/iescarbulaweb\/wp-json\/wp\/v2\/users\/3731"}],"replies":[{"embeddable":true,"href":"https:\/\/blogsaverroes.juntadeandalucia.es\/iescarbulaweb\/wp-json\/wp\/v2\/comments?post=5821"}],"version-history":[{"count":15,"href":"https:\/\/blogsaverroes.juntadeandalucia.es\/iescarbulaweb\/wp-json\/wp\/v2\/pages\/5821\/revisions"}],"predecessor-version":[{"id":7320,"href":"https:\/\/blogsaverroes.juntadeandalucia.es\/iescarbulaweb\/wp-json\/wp\/v2\/pages\/5821\/revisions\/7320"}],"up":[{"embeddable":true,"href":"https:\/\/blogsaverroes.juntadeandalucia.es\/iescarbulaweb\/wp-json\/wp\/v2\/pages\/2378"}],"wp:attachment":[{"href":"https:\/\/blogsaverroes.juntadeandalucia.es\/iescarbulaweb\/wp-json\/wp\/v2\/media?parent=5821"}],"curies":[{"name":"wp","href":"https:\/\/api.w.org\/{rel}","templated":true}]}}

Departamento Artístico

<p>[et_pb_section fb_built=»1&#8243; admin_label=»Sección» _builder_version=»4.16&#8243; custom_margin=»|-73px||||» custom_padding=»0px||0px|» z_index_tablet=»500&#8243; box_shadow_horizontal_tablet=»0px» box_shadow_vertical_tablet=»0px» box_shadow_blur_tablet=»40px» box_shadow_spread_tablet=»0px» global_colors_info=»{}»][et_pb_row admin_label=»Encabezado» _builder_version=»4.16&#8243; background_size=»initial» background_position=»top_left» background_repeat=»repeat» collapsed=»off» global_colors_info=»{}»][et_pb_column type=»4_4&#8243; _builder_version=»4.16&#8243; custom_padding=»|||» global_colors_info=»{}» custom_padding__hover=»|||»][/et_pb_column][/et_pb_row][et_pb_row admin_label=»Titulo Profesorado» _builder_version=»4.16&#8243; _module_preset=»default» collapsed=»off» global_colors_info=»{}»][et_pb_column type=»4_4&#8243; _builder_version=»4.16&#8243; _module_preset=»default» global_colors_info=»{}»][et_pb_text admin_label=»Titulo Profesorado» _builder_version=»4.16&#8243; _module_preset=»default» text_orientation=»center» custom_margin=»||1px|||» custom_padding=»||62px|||» animation_style=»fade» box_shadow_style=»preset1&#8243; global_colors_info=»{}»]</p>
<h1>&nbsp;</h1>
<h1>Profesorado</h1>
<p>[/et_pb_text][/et_pb_column][/et_pb_row][et_pb_row column_structure=»1_3,1_3,1_3&#8243; admin_label=»Profesorado» _builder_version=»4.16&#8243; _module_preset=»default» collapsed=»off» global_colors_info=»{}»][et_pb_column type=»1_3&#8243; _builder_version=»4.24.2&#8243; _module_preset=»default» global_colors_info=»{}»][et_pb_team_member name=»José Amador Morales» position=»Jefe de Departamento &#8211; Prof. Música» image_url=»https://blogsaverroes.juntadeandalucia.es/iescarbulaweb/files/2025/10/MUSICA-Jose-Amador-Morales-Sillero.jpg» admin_label=»Profesor 1&#8243; _builder_version=»4.24.2&#8243; _module_preset=»default» position_text_color=»#000000&#8243; text_orientation=»left» hover_enabled=»0&#8243; global_colors_info=»{}» title_text=»MÚSICA José Amador Morales Sillero» sticky_enabled=»0&#8243;]</p>
<p><strong>Email:&nbsp; jmorales.mus@iescarbula.net</strong></p>
<p>[/et_pb_team_member][/et_pb_column][et_pb_column type=»1_3&#8243; _builder_version=»4.16&#8243; _module_preset=»default» global_colors_info=»{}»][et_pb_team_member name=»M Valle Jiménez» position=»Profesora de Educación Física» image_url=»https://blogsaverroes.juntadeandalucia.es/iescarbulaweb/files/2025/10/Mari-Valle-Jimenez-Sanchez-EDUCACION-FISICA.jpg» admin_label=»Profesor 1&#8243; _builder_version=»4.24.2&#8243; _module_preset=»default» position_text_color=»#000000&#8243; hover_enabled=»0&#8243; locked=»off» global_colors_info=»{}» image_url__hover_enabled=»on|hover» image_url__hover=»» title_text=»Mari Valle Jiménez Sánchez EDUCACIÓN FÍSICA» sticky_enabled=»0&#8243;]</p>
<p><strong>Email: mjimenez.ef@iescarbula.net</strong></p>
<p>[/et_pb_team_member][/et_pb_column][et_pb_column type=»1_3&#8243; _builder_version=»4.24.2&#8243; _module_preset=»default» global_colors_info=»{}»][et_pb_team_member name=»Antonia León» position=»Profesora de Dibujo y EPVA» image_url=»https://blogsaverroes.juntadeandalucia.es/iescarbulaweb/files/2025/10/Nona-Leon-Carrillo-DIBUJO.jpg» admin_label=»Profesor 1&#8243; _builder_version=»4.24.2&#8243; _module_preset=»default» position_text_color=»#000000&#8243; text_orientation=»left» hover_enabled=»0&#8243; global_colors_info=»{}» title_text=»Nona León Carrillo DIBUJO» sticky_enabled=»0&#8243;]</p>
<p><strong>Email:&nbsp; aleon.epv@iescarbula.net</strong></p>
<p>[/et_pb_team_member][/et_pb_column][/et_pb_row][et_pb_row admin_label=»Presentaciones de materias» _builder_version=»4.16&#8243; _module_preset=»default» custom_padding=»0px|||||» locked=»off» collapsed=»off» global_colors_info=»{}»][et_pb_column type=»4_4&#8243; _builder_version=»4.16&#8243; _module_preset=»default» global_colors_info=»{}»][et_pb_text admin_label=»Presentaciones de materias» _builder_version=»4.16&#8243; _module_preset=»default» background_color=»rgba(0,0,0,0.01)» text_orientation=»center» min_height=»91px» custom_margin=»3px||14px||false|false» custom_padding=»0px||35px||false|false» box_shadow_style=»preset2&#8243; global_colors_info=»{}»]</p>
<h1>&nbsp;</h1>
<h1>Presentaciones de materias</h1>
<p>[/et_pb_text][/et_pb_column][/et_pb_row][et_pb_row column_structure=»1_3,1_3,1_3&#8243; admin_label=»Presentaciones de materias ESO» _builder_version=»4.16&#8243; _module_preset=»default» locked=»off» collapsed=»off» global_colors_info=»{}»][et_pb_column type=»1_3&#8243; _builder_version=»4.16&#8243; _module_preset=»default» global_colors_info=»{}»][et_pb_blurb title=»Educación Física» use_icon=»on» font_icon=»&#x69;||divi||400&#8243; image_icon_width=»70px» admin_label=»1ESO» _builder_version=»4.16&#8243; _module_preset=»default» header_text_align=»center» header_font_size=»24px» image_icon_custom_margin=»4px||||false|false» image_icon_custom_padding=»4px||||false|false» text_orientation=»center» link_option_url=»https://drive.google.com/drive/folders/1H5_MwCYJPVNflJAerFZQszcis9XM6nFH?usp=drive_link» border_color_all_image=»#000000&#8243; box_shadow_style=»preset1&#8243; global_colors_info=»{}»]</p>
<p style="text-align: center">Presentación de Materias</p>
<p style="text-align: center">&nbsp;</p>
<p>[/et_pb_blurb][/et_pb_column][et_pb_column type=»1_3&#8243; _builder_version=»4.16&#8243; _module_preset=»default» global_colors_info=»{}»][et_pb_blurb title=»Música» use_icon=»on» font_icon=»&#x69;||divi||400&#8243; image_icon_width=»70px» admin_label=»1ESO» _builder_version=»4.16&#8243; _module_preset=»default» header_text_align=»center» header_font_size=»24px» image_icon_custom_margin=»4px||||false|false» image_icon_custom_padding=»4px||||false|false» text_orientation=»center» link_option_url=»https://drive.google.com/drive/folders/1bMM7nyGxNQFSaxCoCfFagRC7eHy38HTf?usp=drive_link» border_color_all_image=»#000000&#8243; box_shadow_style=»preset1&#8243; global_colors_info=»{}»]</p>
<p style="text-align: center">Presentación de Materias</p>
<p style="text-align: center">&nbsp;</p>
<p>[/et_pb_blurb][/et_pb_column][et_pb_column type=»1_3&#8243; _builder_version=»4.16&#8243; _module_preset=»default» global_colors_info=»{}»][et_pb_blurb title=»Educación Plástica, Visual, y Artística» use_icon=»on» font_icon=»&#x69;||divi||400&#8243; image_icon_width=»70px» admin_label=»1ESO» _builder_version=»4.16&#8243; _module_preset=»default» header_text_align=»center» header_font_size=»24px» image_icon_custom_margin=»4px||||false|false» image_icon_custom_padding=»4px||||false|false» text_orientation=»center» link_option_url=»https://drive.google.com/drive/folders/1zdmJMfwNMw9vm4S9KgArOyCRcBn4_lru?usp=drive_link» border_color_all_image=»#000000&#8243; box_shadow_style=»preset1&#8243; global_colors_info=»{}»]</p>
<p style="text-align: center">Presentación de Materias</p>
<p style="text-align: center">&nbsp;</p>
<p>[/et_pb_blurb][/et_pb_column][/et_pb_row][et_pb_row admin_label=»Noticias Departamento» _builder_version=»4.16&#8243; _module_preset=»default» collapsed=»off» global_colors_info=»{}»][et_pb_column type=»4_4&#8243; _builder_version=»4.16&#8243; _module_preset=»default» global_colors_info=»{}»][et_pb_text admin_label=»Noticias y Actividades» _builder_version=»4.16&#8243; _module_preset=»default» background_color=»rgba(0,0,0,0.01)» text_orientation=»center» min_height=»101px» custom_margin=»5px||14px|||» custom_padding=»0px||48px|||» box_shadow_style=»preset2&#8243; global_colors_info=»{}»]</p>
<h1>&nbsp;</h1>
<h1>Noticias y actividades</h1>
<p>[/et_pb_text][et_pb_blog posts_number=»5&#8243; include_categories=»14,34,41&#8243; _builder_version=»4.16&#8243; _module_preset=»default» custom_margin=»71px|||||» global_colors_info=»{}»][/et_pb_blog][/et_pb_column][/et_pb_row][/et_pb_section]</p>

<p>&nbsp; Profesorado Email:&nbsp; jmorales.mus@iescarbula.netEmail: mjimenez.ef@iescarbula.netEmail:&nbsp; aleon.epv@iescarbula.net&nbsp; Presentaciones de materias Presentación de Materias &nbsp; Presentación de Materias &nbsp; Presentación de Materias &nbsp; &nbsp; Noticias y actividades</p>
