{"id":6363,"date":"2024-05-22T19:04:43","date_gmt":"2024-05-22T18:04:43","guid":{"rendered":"https:\/\/blogsaverroes.juntadeandalucia.es\/iescarbulaweb\/?page_id=6363"},"modified":"2024-05-22T19:11:15","modified_gmt":"2024-05-22T18:11:15","slug":"plazos-administrativos","status":"publish","type":"page","link":"https:\/\/blogsaverroes.juntadeandalucia.es\/iescarbulaweb\/plazos-administrativos\/","title":{"rendered":"Plazos administrativos"},"content":{"rendered":"<p>[et_pb_section fb_built=\u00bb1&#8243; _builder_version=\u00bb4.16&#8243; _module_preset=\u00bbdefault\u00bb global_colors_info=\u00bb{}\u00bb][et_pb_row _builder_version=\u00bb4.24.2&#8243; _module_preset=\u00bbdefault\u00bb global_colors_info=\u00bb{}\u00bb][et_pb_column type=\u00bb4_4&#8243; _builder_version=\u00bb4.24.2&#8243; _module_preset=\u00bbdefault\u00bb global_colors_info=\u00bb{}\u00bb][et_pb_text _builder_version=\u00bb4.24.2&#8243; _module_preset=\u00bbdefault\u00bb global_colors_info=\u00bb{}\u00bb]<\/p>\n<p style=\"text-align: center\"><span style=\"font-size: 36pt\"><strong>PLAZOS ADMINISTRATIVOS<\/strong><\/span><\/p>\n<p>[\/et_pb_text][et_pb_divider _builder_version=\u00bb4.24.2&#8243; _module_preset=\u00bbdefault\u00bb global_colors_info=\u00bb{}\u00bb][\/et_pb_divider][et_pb_text _builder_version=\u00bb4.24.2&#8243; _module_preset=\u00bbdefault\u00bb hover_enabled=\u00bb0&#8243; global_colors_info=\u00bb{}\u00bb sticky_enabled=\u00bb0&#8243;]<\/p>\n<ul>\n<li><a href=\"https:\/\/blogsaverroes.juntadeandalucia.es\/iescarbulaweb\/files\/2024\/05\/ANEXO-I_Plazos-2o-Bchto-2024.pdf\">ANEXO I: PLAZOS PARA LA REVISI\u00d3N (EN CENTROS) Y RESOLUCI\u00d3N (EN DELEGACI\u00d3N) SOBRE CALIFICACIONES EN 2\u00ba DE BACHILLERATO (y 6\u00ba de Ense\u00f1anzas Profesionales de M\u00daSICA Y DANZA)<\/a><\/li>\n<\/ul>\n<p>&nbsp;<\/p>\n<ul>\n<li><a href=\"https:\/\/blogsaverroes.juntadeandalucia.es\/iescarbulaweb\/files\/2024\/05\/ANEXO-II-Plazos-ESO-2024.pdf\">ANEXO II. PLAZOS PARA LA REVISI\u00d3N (EN CENTROS) Y RESOLUCI\u00d3N (EN DELEGACI\u00d3N) DE RECLAMACIONES SOBRE EVALUACI\u00d3N \u00daNICA EN ESO. 2024.<\/a><\/li>\n<\/ul>\n<p>&nbsp;<\/p>\n<ul>\n<li><a href=\"https:\/\/blogsaverroes.juntadeandalucia.es\/iescarbulaweb\/files\/2024\/05\/ANEXO-III.-Plazos-1o-Bachillerato-y-otras-2024.pdf\">ANEXO III: PLAZOS PARA LA REVISI\u00d3N (EN CENTROS) Y RESOLUCI\u00d3N (EN DELEGACI\u00d3N) DE RECLAMACIONES SOBRE EVALUACI\u00d3N FINAL EN ENSE\u00d1ANZAS DIFERENTES 2\u00ba BACHILLERATO y 6\u00ba Ense\u00f1anzas Profesionales de M\u00daSICA y DANZA<\/a><\/li>\n<\/ul>\n<p>&nbsp;<\/p>\n<p>[\/et_pb_text][\/et_pb_column][\/et_pb_row][\/et_pb_section]<\/p>\n","protected":false},"excerpt":{"rendered":"<p>PLAZOS ADMINISTRATIVOS ANEXO I: PLAZOS PARA LA REVISI\u00d3N (EN CENTROS) Y RESOLUCI\u00d3N (EN DELEGACI\u00d3N) SOBRE CALIFICACIONES EN 2\u00ba DE BACHILLERATO (y 6\u00ba de Ense\u00f1anzas Profesionales de M\u00daSICA Y DANZA) &nbsp; ANEXO II. PLAZOS PARA LA REVISI\u00d3N (EN CENTROS) Y RESOLUCI\u00d3N (EN DELEGACI\u00d3N) DE RECLAMACIONES SOBRE EVALUACI\u00d3N \u00daNICA EN ESO. 2024. &nbsp; ANEXO III: PLAZOS PARA [&hellip;]<\/p>\n","protected":false},"author":3731,"featured_media":0,"parent":0,"menu_order":0,"comment_status":"closed","ping_status":"closed","template":"","meta":{"_et_pb_use_builder":"on","_et_pb_old_content":"","_et_gb_content_width":"","ngg_post_thumbnail":0,"footnotes":""},"aioseo_notices":[],"_links":{"self":[{"href":"https:\/\/blogsaverroes.juntadeandalucia.es\/iescarbulaweb\/wp-json\/wp\/v2\/pages\/6363"}],"collection":[{"href":"https:\/\/blogsaverroes.juntadeandalucia.es\/iescarbulaweb\/wp-json\/wp\/v2\/pages"}],"about":[{"href":"https:\/\/blogsaverroes.juntadeandalucia.es\/iescarbulaweb\/wp-json\/wp\/v2\/types\/page"}],"author":[{"embeddable":true,"href":"https:\/\/blogsaverroes.juntadeandalucia.es\/iescarbulaweb\/wp-json\/wp\/v2\/users\/3731"}],"replies":[{"embeddable":true,"href":"https:\/\/blogsaverroes.juntadeandalucia.es\/iescarbulaweb\/wp-json\/wp\/v2\/comments?post=6363"}],"version-history":[{"count":3,"href":"https:\/\/blogsaverroes.juntadeandalucia.es\/iescarbulaweb\/wp-json\/wp\/v2\/pages\/6363\/revisions"}],"predecessor-version":[{"id":6373,"href":"https:\/\/blogsaverroes.juntadeandalucia.es\/iescarbulaweb\/wp-json\/wp\/v2\/pages\/6363\/revisions\/6373"}],"wp:attachment":[{"href":"https:\/\/blogsaverroes.juntadeandalucia.es\/iescarbulaweb\/wp-json\/wp\/v2\/media?parent=6363"}],"curies":[{"name":"wp","href":"https:\/\/api.w.org\/{rel}","templated":true}]}}