{"id":147,"date":"2015-03-17T07:46:52","date_gmt":"2015-03-17T07:46:52","guid":{"rendered":"http:\/\/blogsaverroes.juntadeandalucia.es\/pre\/ceip\/?page_id=147"},"modified":"2025-11-17T17:32:20","modified_gmt":"2025-11-17T17:32:20","slug":"religion","status":"publish","type":"page","link":"https:\/\/blogsaverroes.juntadeandalucia.es\/iescarlinda\/religion\/","title":{"rendered":"Religi\u00f3n"},"content":{"rendered":"<h2><a name=\"_Toc497682996\"><\/a> &#8211; Religi\u00f3n Cat\u00f3lica<\/h2>\n<p><span style=\"color: #ff0000\"><strong>Componentes del Departamento (curso 2025\/26)<\/strong><\/span><\/p>\n<ul>\n<li>Mar\u00eda \u00c1lvarez&nbsp;<\/li>\n<\/ul>\n<p><span style=\"color: #ff0000\"><strong>Recuperaci\u00f3n de pendiente del curso anterior<\/strong><\/span><br \/>\nPara recuperar la materia pendiente habr\u00e1 que entregar y superar trimestralmente un cuadernillo de actividades. Durante cada trimestre, en el horario de clases, se asesorar\u00e1 y orientar\u00e1 al alumnado sobre la realizaci\u00f3n de las actividades propuestas. La entrega del cuaderno con las tareas realizadas constituir\u00e1 la totalidad de la calificaci\u00f3n.<br \/>\nLas fechas de entrega del cuaderno ser\u00e1n las siguientes:<\/p>\n<ul>\n<li>PRIMER TRIMESTRE: 28 de noviembre de 2025.<\/li>\n<li>SEGUNDO TRIMESTRE: 6 de marzo de 2026.<\/li>\n<li>TERCER TRIMESTRE: 29 de mayo de 2026.<\/li>\n<\/ul>\n<p>&nbsp;<\/p>\n<p><span style=\"color: #ff0000\"><strong>Criterios de Calificaci\u00f3n<\/strong><\/span><br \/>\nPara determinar la calificaci\u00f3n del alumnado no se ponderar\u00e1n los criterios de evaluaci\u00f3n, ni los instrumentos de evaluaci\u00f3n. Los criterios de calificaci\u00f3n har\u00e1n referencia a los criterios de evaluaci\u00f3n, pudiendo ser evaluados mediante diferentes instrumentos de evaluaci\u00f3n. De acuerdo a la normativa vigente, para determinar la calificaci\u00f3n final se tendr\u00e1 en cuenta lo establecido en la Orden de 30 de mayo de 2023, cap\u00edtulo III. Secci\u00f3n 1a. Art\u00edculo 11: Procedimientos e instrumentos de evaluaci\u00f3n:<br \/>\n5. Los criterios de evaluaci\u00f3n contribuyen, en la misma medida, al grado de desarrollo de la competencia espec\u00edfica, por lo que tendr\u00e1n el mismo valor a la hora de determinar su grado de desarrollo.<br \/>\n\u2022 Los criterios de evaluaci\u00f3n contribuyen en la misma medida al desarrollo de la competencia espec\u00edfica.<br \/>\n\u2022 El conjunto de los criterios de evaluaci\u00f3n tiene el mismo valor en la materia.<\/p>\n<p>Contacto: <a href=\"mailto:maria.alvarez@iescarlinda.com\" target=\"_blank\" rel=\"noopener noreferrer\">maria.alvarez@iescarlinda.com<\/a><\/p>\n<p><a href=\"https:\/\/blogsaverroes.juntadeandalucia.es\/iescarlinda\/files\/2015\/03\/2017-18-Bienvenida-Web-Religi\u00f3n.docx\">2017-18 Bienvenida Web Religi\u00f3n<\/a><\/p>\n<h2>&nbsp;<\/h2>\n<h2>&#8211; Religi\u00f3n Evangelista<\/h2>\n<p><span style=\"color: #ff0000\"><strong>Componentes del Departamento (curso 2024\/25)<\/strong><\/span><\/p>\n<p>&nbsp;<\/p>\n<p><span style=\"color: #ff0000\"><strong>Recuperaci\u00f3n de pendiente del curso anterior<\/strong><\/span><\/p>\n<p>&nbsp;<\/p>\n<p><span style=\"color: #ff0000\"><strong>Criterios de Calificaci\u00f3n<\/strong><\/span><\/p>\n<p>&nbsp;<\/p>\n<p><strong>&nbsp;<\/strong><\/p>\n<p>&nbsp;<\/p>\n","protected":false},"excerpt":{"rendered":"<p>&#8211; Religi\u00f3n Cat\u00f3lica Componentes del Departamento (curso 2025\/26) Mar\u00eda \u00c1lvarez&nbsp; Recuperaci\u00f3n de pendiente del curso anterior Para recuperar la materia pendiente habr\u00e1 que entregar y superar trimestralmente un cuadernillo de actividades. Durante cada trimestre, en el horario de clases, se asesorar\u00e1 y orientar\u00e1 al alumnado sobre la realizaci\u00f3n de las actividades propuestas. La entrega del &hellip; <\/p>\n<p><a class=\"more-link btn\" href=\"https:\/\/blogsaverroes.juntadeandalucia.es\/iescarlinda\/religion\/\">Seguir leyendo<\/a><\/p>\n","protected":false},"author":1,"featured_media":0,"parent":0,"menu_order":0,"comment_status":"closed","ping_status":"closed","template":"","meta":{"ngg_post_thumbnail":0,"footnotes":"","_mc_calendar":[]},"aioseo_notices":[],"_links":{"self":[{"href":"https:\/\/blogsaverroes.juntadeandalucia.es\/iescarlinda\/wp-json\/wp\/v2\/pages\/147"}],"collection":[{"href":"https:\/\/blogsaverroes.juntadeandalucia.es\/iescarlinda\/wp-json\/wp\/v2\/pages"}],"about":[{"href":"https:\/\/blogsaverroes.juntadeandalucia.es\/iescarlinda\/wp-json\/wp\/v2\/types\/page"}],"author":[{"embeddable":true,"href":"https:\/\/blogsaverroes.juntadeandalucia.es\/iescarlinda\/wp-json\/wp\/v2\/users\/1"}],"replies":[{"embeddable":true,"href":"https:\/\/blogsaverroes.juntadeandalucia.es\/iescarlinda\/wp-json\/wp\/v2\/comments?post=147"}],"version-history":[{"count":29,"href":"https:\/\/blogsaverroes.juntadeandalucia.es\/iescarlinda\/wp-json\/wp\/v2\/pages\/147\/revisions"}],"predecessor-version":[{"id":5599,"href":"https:\/\/blogsaverroes.juntadeandalucia.es\/iescarlinda\/wp-json\/wp\/v2\/pages\/147\/revisions\/5599"}],"wp:attachment":[{"href":"https:\/\/blogsaverroes.juntadeandalucia.es\/iescarlinda\/wp-json\/wp\/v2\/media?parent=147"}],"curies":[{"name":"wp","href":"https:\/\/api.w.org\/{rel}","templated":true}]}}

Religión

<h2><a name="_Toc497682996"></a> &#8211; Religión Católica</h2>
<p><span style="color: #ff0000"><strong>Componentes del Departamento (curso 2025/26)</strong></span></p>
<ul>
<li>María Álvarez&nbsp;</li>
</ul>
<p><span style="color: #ff0000"><strong>Recuperación de pendiente del curso anterior</strong></span><br />
Para recuperar la materia pendiente habrá que entregar y superar trimestralmente un cuadernillo de actividades. Durante cada trimestre, en el horario de clases, se asesorará y orientará al alumnado sobre la realización de las actividades propuestas. La entrega del cuaderno con las tareas realizadas constituirá la totalidad de la calificación.<br />
Las fechas de entrega del cuaderno serán las siguientes:</p>
<ul>
<li>PRIMER TRIMESTRE: 28 de noviembre de 2025.</li>
<li>SEGUNDO TRIMESTRE: 6 de marzo de 2026.</li>
<li>TERCER TRIMESTRE: 29 de mayo de 2026.</li>
</ul>
<p>&nbsp;</p>
<p><span style="color: #ff0000"><strong>Criterios de Calificación</strong></span><br />
Para determinar la calificación del alumnado no se ponderarán los criterios de evaluación, ni los instrumentos de evaluación. Los criterios de calificación harán referencia a los criterios de evaluación, pudiendo ser evaluados mediante diferentes instrumentos de evaluación. De acuerdo a la normativa vigente, para determinar la calificación final se tendrá en cuenta lo establecido en la Orden de 30 de mayo de 2023, capítulo III. Sección 1a. Artículo 11: Procedimientos e instrumentos de evaluación:<br />
5. Los criterios de evaluación contribuyen, en la misma medida, al grado de desarrollo de la competencia específica, por lo que tendrán el mismo valor a la hora de determinar su grado de desarrollo.<br />
• Los criterios de evaluación contribuyen en la misma medida al desarrollo de la competencia específica.<br />
• El conjunto de los criterios de evaluación tiene el mismo valor en la materia.</p>
<p>Contacto: <a href="mailto:maria.alvarez@iescarlinda.com" target="_blank" rel="noopener noreferrer">maria.alvarez@iescarlinda.com</a></p>
<p><a href="https://blogsaverroes.juntadeandalucia.es/iescarlinda/files/2015/03/2017-18-Bienvenida-Web-Religión.docx">2017-18 Bienvenida Web Religión</a></p>
<h2>&nbsp;</h2>
<h2>&#8211; Religión Evangelista</h2>
<p><span style="color: #ff0000"><strong>Componentes del Departamento (curso 2024/25)</strong></span></p>
<p>&nbsp;</p>
<p><span style="color: #ff0000"><strong>Recuperación de pendiente del curso anterior</strong></span></p>
<p>&nbsp;</p>
<p><span style="color: #ff0000"><strong>Criterios de Calificación</strong></span></p>
<p>&nbsp;</p>
<p><strong>&nbsp;</strong></p>
<p>&nbsp;</p>

<p>&#8211; Religión Católica Componentes del Departamento (curso 2025/26) María Álvarez&nbsp; Recuperación de pendiente del curso anterior Para recuperar la materia pendiente habrá que entregar y superar trimestralmente un cuadernillo de actividades. Durante cada trimestre, en el horario de clases, se asesorará y orientará al alumnado sobre la realización de las actividades propuestas. La entrega del &hellip; </p>
<p><a class="more-link btn" href="https://blogsaverroes.juntadeandalucia.es/iescarlinda/religion/">Seguir leyendo</a></p>
