{"id":1806,"date":"2015-03-17T07:46:28","date_gmt":"2015-03-17T07:46:28","guid":{"rendered":"http:\/\/blogsaverroes.juntadeandalucia.es\/pre\/ceip\/?page_id=144"},"modified":"2025-11-12T10:19:56","modified_gmt":"2025-11-12T10:19:56","slug":"orientacion-2","status":"publish","type":"page","link":"https:\/\/blogsaverroes.juntadeandalucia.es\/iescarlinda\/orientacion-2\/","title":{"rendered":"Orientaci\u00f3n"},"content":{"rendered":"<p><span style=\"color: #ff0000\"><strong>Componentes del Departamento (curso 2025\/26):<\/strong><\/span><\/p>\n<ul>\n<li>D. Jorge M. Jim\u00e9nez Salas (Jefe de Departamento y Orientador)<\/li>\n<li>B\u00e1rbara Ferrero G\u00f3mez (Orientadora)<\/li>\n<li>Elisa I. G\u00f3mez Rivero (Secretaria y PT)<\/li>\n<li>Mar\u00eda Martinez Silva &nbsp;(PT y Biblioteca)<\/li>\n<li>Raquel Fern\u00e1ndez Garc\u00eda (PT)<\/li>\n<li>Miriam Martos Gonz\u00e1lez (PT)<\/li>\n<\/ul>\n<h4 class=\"western\">&nbsp;<\/h4>\n<h4 class=\"western\">Orientaci\u00f3n educativa<\/h4>\n<p>La orientaci\u00f3n contribuye al desarrollo de las facetas personal, acad\u00e9mica y profesional de los alumnos y alumnas. Es un proceso en el que deben involucrarse las familias y para el cual pueden acudir a los tutores y al asesoramiento y apoyo de los orientadores de los centros educativos. Entre sus objetivos principales se encuentran los siguientes:<\/p>\n<ul>\n<li>Resolver problemas de la vida acad\u00e9mica, como dificultades durante el proceso de aprendizaje, ausencia de motivaci\u00f3n, etc.<\/li>\n<li>Tomar decisiones sobre itinerarios de estudio e incorporaci\u00f3n al mundo laboral.<\/li>\n<li>Convivencia y educaci\u00f3n en valores.<\/li>\n<\/ul>\n","protected":false},"excerpt":{"rendered":"<p>Componentes del Departamento (curso 2025\/26): D. Jorge M. Jim\u00e9nez Salas (Jefe de Departamento y Orientador) B\u00e1rbara Ferrero G\u00f3mez (Orientadora) Elisa I. G\u00f3mez Rivero (Secretaria y PT) Mar\u00eda Martinez Silva &nbsp;(PT y Biblioteca) Raquel Fern\u00e1ndez Garc\u00eda (PT) Miriam Martos Gonz\u00e1lez (PT) &nbsp; Orientaci\u00f3n educativa La orientaci\u00f3n contribuye al desarrollo de las facetas personal, acad\u00e9mica y profesional &hellip; <\/p>\n<p><a class=\"more-link btn\" href=\"https:\/\/blogsaverroes.juntadeandalucia.es\/iescarlinda\/orientacion-2\/\">Seguir leyendo<\/a><\/p>\n","protected":false},"author":1,"featured_media":0,"parent":0,"menu_order":0,"comment_status":"closed","ping_status":"open","template":"","meta":{"ngg_post_thumbnail":0,"footnotes":"","_mc_calendar":[]},"aioseo_notices":[],"_links":{"self":[{"href":"https:\/\/blogsaverroes.juntadeandalucia.es\/iescarlinda\/wp-json\/wp\/v2\/pages\/1806"}],"collection":[{"href":"https:\/\/blogsaverroes.juntadeandalucia.es\/iescarlinda\/wp-json\/wp\/v2\/pages"}],"about":[{"href":"https:\/\/blogsaverroes.juntadeandalucia.es\/iescarlinda\/wp-json\/wp\/v2\/types\/page"}],"author":[{"embeddable":true,"href":"https:\/\/blogsaverroes.juntadeandalucia.es\/iescarlinda\/wp-json\/wp\/v2\/users\/1"}],"replies":[{"embeddable":true,"href":"https:\/\/blogsaverroes.juntadeandalucia.es\/iescarlinda\/wp-json\/wp\/v2\/comments?post=1806"}],"version-history":[{"count":10,"href":"https:\/\/blogsaverroes.juntadeandalucia.es\/iescarlinda\/wp-json\/wp\/v2\/pages\/1806\/revisions"}],"predecessor-version":[{"id":5589,"href":"https:\/\/blogsaverroes.juntadeandalucia.es\/iescarlinda\/wp-json\/wp\/v2\/pages\/1806\/revisions\/5589"}],"wp:attachment":[{"href":"https:\/\/blogsaverroes.juntadeandalucia.es\/iescarlinda\/wp-json\/wp\/v2\/media?parent=1806"}],"curies":[{"name":"wp","href":"https:\/\/api.w.org\/{rel}","templated":true}]}}

Orientación

<p><span style="color: #ff0000"><strong>Componentes del Departamento (curso 2025/26):</strong></span></p>
<ul>
<li>D. Jorge M. Jiménez Salas (Jefe de Departamento y Orientador)</li>
<li>Bárbara Ferrero Gómez (Orientadora)</li>
<li>Elisa I. Gómez Rivero (Secretaria y PT)</li>
<li>María Martinez Silva &nbsp;(PT y Biblioteca)</li>
<li>Raquel Fernández García (PT)</li>
<li>Miriam Martos González (PT)</li>
</ul>
<h4 class="western">&nbsp;</h4>
<h4 class="western">Orientación educativa</h4>
<p>La orientación contribuye al desarrollo de las facetas personal, académica y profesional de los alumnos y alumnas. Es un proceso en el que deben involucrarse las familias y para el cual pueden acudir a los tutores y al asesoramiento y apoyo de los orientadores de los centros educativos. Entre sus objetivos principales se encuentran los siguientes:</p>
<ul>
<li>Resolver problemas de la vida académica, como dificultades durante el proceso de aprendizaje, ausencia de motivación, etc.</li>
<li>Tomar decisiones sobre itinerarios de estudio e incorporación al mundo laboral.</li>
<li>Convivencia y educación en valores.</li>
</ul>

<p>Componentes del Departamento (curso 2025/26): D. Jorge M. Jiménez Salas (Jefe de Departamento y Orientador) Bárbara Ferrero Gómez (Orientadora) Elisa I. Gómez Rivero (Secretaria y PT) María Martinez Silva &nbsp;(PT y Biblioteca) Raquel Fernández García (PT) Miriam Martos González (PT) &nbsp; Orientación educativa La orientación contribuye al desarrollo de las facetas personal, académica y profesional &hellip; </p>
<p><a class="more-link btn" href="https://blogsaverroes.juntadeandalucia.es/iescarlinda/orientacion-2/">Seguir leyendo</a></p>
