{"id":42,"date":"2015-03-13T08:40:47","date_gmt":"2015-03-13T08:40:47","guid":{"rendered":"http:\/\/blogsaverroes.juntadeandalucia.es\/pre\/ceip\/?page_id=42"},"modified":"2018-05-10T07:57:51","modified_gmt":"2018-05-10T07:57:51","slug":"equipo-directivo","status":"publish","type":"page","link":"https:\/\/blogsaverroes.juntadeandalucia.es\/iescarlinda\/equipo-directivo\/","title":{"rendered":"Equipo Directivo"},"content":{"rendered":"<p>&nbsp;<\/p>\n<p><strong>Direcci\u00f3n:<\/strong>&nbsp;D. Manuel Gonz\u00e1lez Dom\u00ednguez<\/p>\n<p><strong>Jefatura de Estudios: <\/strong>D. Roberto Salcedo Luz\u00f3n<\/p>\n<p><strong>Secretar\u00eda: <\/strong>D\u00f1a.<strong>&nbsp;<\/strong>Elisa G\u00f3mez Rivero<\/p>\n","protected":false},"excerpt":{"rendered":"<p>&nbsp; Direcci\u00f3n:&nbsp;D. Manuel Gonz\u00e1lez Dom\u00ednguez Jefatura de Estudios: D. Roberto Salcedo Luz\u00f3n Secretar\u00eda: D\u00f1a.&nbsp;Elisa G\u00f3mez Rivero<\/p>\n","protected":false},"author":1,"featured_media":0,"parent":0,"menu_order":0,"comment_status":"closed","ping_status":"open","template":"template-full-width.php","meta":{"ngg_post_thumbnail":0,"footnotes":"","_mc_calendar":[]},"aioseo_notices":[],"_links":{"self":[{"href":"https:\/\/blogsaverroes.juntadeandalucia.es\/iescarlinda\/wp-json\/wp\/v2\/pages\/42"}],"collection":[{"href":"https:\/\/blogsaverroes.juntadeandalucia.es\/iescarlinda\/wp-json\/wp\/v2\/pages"}],"about":[{"href":"https:\/\/blogsaverroes.juntadeandalucia.es\/iescarlinda\/wp-json\/wp\/v2\/types\/page"}],"author":[{"embeddable":true,"href":"https:\/\/blogsaverroes.juntadeandalucia.es\/iescarlinda\/wp-json\/wp\/v2\/users\/1"}],"replies":[{"embeddable":true,"href":"https:\/\/blogsaverroes.juntadeandalucia.es\/iescarlinda\/wp-json\/wp\/v2\/comments?post=42"}],"version-history":[{"count":8,"href":"https:\/\/blogsaverroes.juntadeandalucia.es\/iescarlinda\/wp-json\/wp\/v2\/pages\/42\/revisions"}],"predecessor-version":[{"id":2890,"href":"https:\/\/blogsaverroes.juntadeandalucia.es\/iescarlinda\/wp-json\/wp\/v2\/pages\/42\/revisions\/2890"}],"wp:attachment":[{"href":"https:\/\/blogsaverroes.juntadeandalucia.es\/iescarlinda\/wp-json\/wp\/v2\/media?parent=42"}],"curies":[{"name":"wp","href":"https:\/\/api.w.org\/{rel}","templated":true}]}}

<p>&nbsp;</p>
<p><strong>Dirección:</strong>&nbsp;D. Manuel González Domínguez</p>
<p><strong>Jefatura de Estudios: </strong>D. Roberto Salcedo Luzón</p>
<p><strong>Secretaría: </strong>Dña.<strong>&nbsp;</strong>Elisa Gómez Rivero</p>

<p>&nbsp; Dirección:&nbsp;D. Manuel González Domínguez Jefatura de Estudios: D. Roberto Salcedo Luzón Secretaría: Dña.&nbsp;Elisa Gómez Rivero</p>
