{"id":4204,"date":"2021-03-22T10:21:36","date_gmt":"2021-03-22T10:21:36","guid":{"rendered":"https:\/\/blogsaverroes.juntadeandalucia.es\/iescarlinda\/?page_id=4204"},"modified":"2021-10-19T08:41:49","modified_gmt":"2021-10-19T08:41:49","slug":"llegare","status":"publish","type":"page","link":"https:\/\/blogsaverroes.juntadeandalucia.es\/iescarlinda\/llegare\/","title":{"rendered":"LLEGAR\u00c9"},"content":{"rendered":"<p>&nbsp;<\/p>\n<table style=\"border-collapse: collapse;width: 100%\">\n<tbody>\n<tr>\n<td style=\"width: 47.4242%\"><strong>Tr\u00e1iler<\/strong><\/p>\n<p>[youtube https:\/\/www.youtube.com\/watch?v=7TiMmGPyUVQ]&nbsp;<\/p>\n<p>&nbsp;<\/p>\n<p style=\"text-align: center\"><strong>Corto Documental<\/strong><\/p>\n<p>[youtube https:\/\/www.youtube.com\/watch?v=tKT-Y_FvdqI]&nbsp;<\/td>\n<td style=\"width: 5.75755%\">&nbsp;<\/td>\n<td style=\"width: 46.8181%\"><strong>SINOPSIS<\/strong><\/p>\n<p style=\"text-align: justify\">Un esfuerzo de la c\u00e1mara por captar lo que no se recoge en estad\u00edsticas, un reflejo vital de la vida de alumnos y alumnas que conviven seg\u00fan dicta el azar con la exclusi\u00f3n social.<\/p>\n<p style=\"text-align: justify\">El relato filmogr\u00e1fico de lo que conforma el d\u00eda a d\u00eda en la cotidianeidad de las clases. Este trabajo recoge la visi\u00f3n m\u00e1s afectiva de la profesi\u00f3n docente, los anhelos y esfuerzos de un profesorado enfrentado a vidas complejas y al apasionante reto de no dejarse a nadie atr\u00e1s.<\/p>\n<p style=\"text-align: justify\">Un relato necesario en la defensa del imprescindible lugar de los afectos y la dignificaci\u00f3n de la persona en el proceso educativo y de como, cualquier viaje, desde ah\u00ed, casi siempre llega a buen puerto.<\/p>\n<p>&nbsp;<\/p>\n<p><strong>LLEGAR\u00c9 EN LOS MEDIOS<\/strong><\/p>\n<p style=\"text-align: left\"><a href=\"https:\/\/www.laopiniondemalaga.es\/malaga\/2021\/05\/24\/ies-carlinda-reivindica-muestra-lucha-52178196.html\">La Opini\u00f3n de M\u00e1laga: \u00abEl IES Carlinda reivindica y muestra la lucha&nbsp; por su alumnado\u00bb<\/a><\/p>\n<p style=\"text-align: left\"><a href=\"https:\/\/www.101tv.es\/noticia-categoria.aspx?id=31&amp;idn=44605\">101TV: Entrevista en \u00abLleg\u00f3 la hora\u00bb<\/a>&nbsp;(a partir de 1h:22min)<\/p>\n<p style=\"text-align: left\"><a href=\"https:\/\/elpais.com\/planeta-futuro\/escuelas-en-red\/2021-10-17\/la-mirada-del-carlinda.html\">El Pa\u00eds: \u00abLa mirada del Carlinda\u00bb<\/a><\/p>\n<\/td>\n<\/tr>\n<tr>\n<td style=\"width: 47.4242%\">\n<p style=\"text-align: justify\"><a href=\"https:\/\/blogsaverroes.juntadeandalucia.es\/iescarlinda\/files\/2021\/03\/Miguel-Almanza.jpg.jpeg\"><img loading=\"lazy\" decoding=\"async\" class=\"alignnone wp-image-4209\" src=\"https:\/\/blogsaverroes.juntadeandalucia.es\/iescarlinda\/files\/2021\/03\/Miguel-Almanza.jpg-200x300.jpeg\" alt=\"\" width=\"91\" height=\"135\"><\/a>&nbsp; <strong>DIRECTOR<\/strong><\/p>\n<p style=\"text-align: justify\"><strong><em>Miguel A. Almanza<\/em><\/strong> estudi\u00f3 en la Escuela de Cine de Puerto Real y consigui\u00f3 el titulo de T\u00e9cnico de laboratorio en Granada, donde trabajo durante unos a\u00f1os con la productora Prodisa, para luego comenzar a ejercer como Freelance tanto a nivel de v\u00eddeo como de fotograf\u00eda. En sus trabajos m\u00e1s recientes cabe destacar su primer largometraje \u00abLas Pesadilla de Alberto Soto\u00bb; sus \u00faltimos cortometrajes \u00abT\u00e9\u00bb, \u00abMi amiga Jessi\u00bb, \u00abSustancia mortal\u00bb, \u00abPreBoda\u00bb y el corto documental \u00abLlegar\u00e9\u00bb.<\/p>\n<\/td>\n<td style=\"width: 5.75755%\">&nbsp;<\/td>\n<td style=\"width: 46.8181%\">\n<p style=\"text-align: justify\"><a href=\"https:\/\/blogsaverroes.juntadeandalucia.es\/iescarlinda\/files\/2021\/03\/virgina-elosegui-bg.jpg\"><img loading=\"lazy\" decoding=\"async\" class=\"alignnone wp-image-4212\" src=\"https:\/\/blogsaverroes.juntadeandalucia.es\/iescarlinda\/files\/2021\/03\/virgina-elosegui-bg-300x300.jpg\" alt=\"\" width=\"97\" height=\"97\" srcset=\"https:\/\/blogsaverroes.juntadeandalucia.es\/iescarlinda\/files\/2021\/03\/virgina-elosegui-bg-300x300.jpg 300w, https:\/\/blogsaverroes.juntadeandalucia.es\/iescarlinda\/files\/2021\/03\/virgina-elosegui-bg-150x150.jpg 150w, https:\/\/blogsaverroes.juntadeandalucia.es\/iescarlinda\/files\/2021\/03\/virgina-elosegui-bg-432x432.jpg 432w, https:\/\/blogsaverroes.juntadeandalucia.es\/iescarlinda\/files\/2021\/03\/virgina-elosegui-bg-268x268.jpg 268w, https:\/\/blogsaverroes.juntadeandalucia.es\/iescarlinda\/files\/2021\/03\/virgina-elosegui-bg-700x700.jpg 700w, https:\/\/blogsaverroes.juntadeandalucia.es\/iescarlinda\/files\/2021\/03\/virgina-elosegui-bg-50x50.jpg 50w, https:\/\/blogsaverroes.juntadeandalucia.es\/iescarlinda\/files\/2021\/03\/virgina-elosegui-bg.jpg 750w\" sizes=\"(max-width: 97px) 100vw, 97px\" \/>&nbsp; &nbsp;<span style=\"color: #333333\"><strong>COMPOSITORA<\/strong><\/span><\/a><\/p>\n<p style=\"text-align: justify\">NACI\u00d3&nbsp; &nbsp; &nbsp; &nbsp; &nbsp;CIUDAD<\/p>\n<p style=\"text-align: justify\">1991&nbsp; &nbsp; &nbsp; &nbsp; &nbsp; &nbsp; &nbsp;M\u00e1laga<\/p>\n<p style=\"text-align: justify\"><strong><em>Virginia El\u00f3segui<\/em><\/strong> es una artista malague\u00f1a que canta y compone desde los 13 a\u00f1os. \u00abDesde que mi padre me compr\u00f3 una guitarra que se me hab\u00eda antojado\u00bb. Aprendi\u00f3 a tocar de forma autodidacta y as\u00ed fue elaborando su propio repertorio: en sus canciones vuelca experiencias propias y [&#8230;]<\/p>\n<div dir=\"auto\" style=\"text-align: left\">Instagram:&nbsp;<a href=\"http:\/\/www.instagram.com\/virginiaelosegui\" target=\"_blank\" rel=\"noopener noreferrer\" data-saferedirecturl=\"https:\/\/www.google.com\/url?q=http:\/\/www.instagram.com\/virginiaelosegui&amp;source=gmail&amp;ust=1617873748053000&amp;usg=AFQjCNHxlkRCMxM1y0QkHrSRV3qOTX6bVw\">www.instagram.com\/virginiaelosegui<\/a><\/div>\n<div dir=\"auto\" style=\"text-align: left\">&nbsp;<\/div>\n<div dir=\"auto\" style=\"text-align: left\">Facebook:&nbsp;<a href=\"http:\/\/www.facebook.com\/virginiaelosegui\" target=\"_blank\" rel=\"noopener noreferrer\" data-saferedirecturl=\"https:\/\/www.google.com\/url?q=http:\/\/www.facebook.com\/virginiaelosegui&amp;source=gmail&amp;ust=1617873748053000&amp;usg=AFQjCNF1CeEI356xm50tZXWZg9Jd4dObIg\">www.facebook.com\/virginiaelosegui<\/a>&nbsp;<\/div>\n<div dir=\"auto\" style=\"text-align: left\">&nbsp;<\/div>\n<div dir=\"auto\" style=\"text-align: left\">Twitter:&nbsp;<a href=\"http:\/\/www.twitter.com\/virginiaelose\" target=\"_blank\" rel=\"noopener noreferrer\" data-saferedirecturl=\"https:\/\/www.google.com\/url?q=http:\/\/www.twitter.com\/virginiaelose&amp;source=gmail&amp;ust=1617873748053000&amp;usg=AFQjCNGv3AQpjuu4L5nvcseipiLWMIh_1w\">www.twitter.com\/virginiaelose<\/a><\/div>\n<div dir=\"auto\" style=\"text-align: left\">&nbsp;<\/div>\n<div dir=\"auto\" style=\"text-align: left\">Tiktok:&nbsp;<a href=\"https:\/\/vm.tiktok.com\/ZMe575Xeb\/\" target=\"_blank\" rel=\"noopener noreferrer\" data-saferedirecturl=\"https:\/\/www.google.com\/url?q=https:\/\/vm.tiktok.com\/ZMe575Xeb\/&amp;source=gmail&amp;ust=1617873748053000&amp;usg=AFQjCNH7Fs3_4mC1Mcmf7FjJAl-OgD0SJg\">https:\/\/vm.tiktok.com\/ZMe575Xeb\/<\/a><\/div>\n<div dir=\"auto\" style=\"text-align: left\">&nbsp;<\/div>\n<div dir=\"auto\" style=\"text-align: left\">Spotify:&nbsp;<a href=\"https:\/\/open.spotify.com\/artist\/7K3C5xiSfy5uEXI5e9x4wD?si=663rboDGRFuMKDEb8GTzPw\" target=\"_blank\" rel=\"noopener noreferrer\" data-saferedirecturl=\"https:\/\/www.google.com\/url?q=https:\/\/open.spotify.com\/artist\/7K3C5xiSfy5uEXI5e9x4wD?si%3D663rboDGRFuMKDEb8GTzPw&amp;source=gmail&amp;ust=1617873748053000&amp;usg=AFQjCNHSVz9NQD7UmK4ReelFxTWNJO5d6g\">https:\/\/open.spotify.com\/artist\/7K3C5xiSfy5uEXI5e9x4wD?si=663rboDGRFuMKDEb8GTzPw<\/a><\/div>\n<div dir=\"auto\" style=\"text-align: left\">&nbsp;<\/div>\n<div dir=\"auto\" style=\"text-align: left\">Youtube:&nbsp;<a href=\"https:\/\/youtube.com\/user\/VirginiaEloseguiVEVO\" target=\"_blank\" rel=\"noopener noreferrer\" data-saferedirecturl=\"https:\/\/www.google.com\/url?q=https:\/\/youtube.com\/user\/VirginiaEloseguiVEVO&amp;source=gmail&amp;ust=1617873748053000&amp;usg=AFQjCNFwNWu-1mO4VeEkTjmw67-hZP1Q3Q\">https:\/\/youtube.com\/user\/VirginiaEloseguiVEVO<\/a><\/div>\n<\/td>\n<\/tr>\n<\/tbody>\n<\/table>\n<p>&nbsp;<\/p>\n","protected":false},"excerpt":{"rendered":"<p>&nbsp; Tr\u00e1iler [youtube https:\/\/www.youtube.com\/watch?v=7TiMmGPyUVQ]&nbsp; &nbsp; Corto Documental [youtube https:\/\/www.youtube.com\/watch?v=tKT-Y_FvdqI]&nbsp; &nbsp; SINOPSIS Un esfuerzo de la c\u00e1mara por captar lo que no se recoge en estad\u00edsticas, un reflejo vital de la vida de alumnos y alumnas que conviven seg\u00fan dicta el azar con la exclusi\u00f3n social. El relato filmogr\u00e1fico de lo que conforma el d\u00eda a &hellip; <\/p>\n<p><a class=\"more-link btn\" href=\"https:\/\/blogsaverroes.juntadeandalucia.es\/iescarlinda\/llegare\/\">Seguir leyendo<\/a><\/p>\n","protected":false},"author":2005,"featured_media":0,"parent":0,"menu_order":0,"comment_status":"closed","ping_status":"closed","template":"","meta":{"ngg_post_thumbnail":0,"footnotes":"","_mc_calendar":[]},"aioseo_notices":[],"_links":{"self":[{"href":"https:\/\/blogsaverroes.juntadeandalucia.es\/iescarlinda\/wp-json\/wp\/v2\/pages\/4204"}],"collection":[{"href":"https:\/\/blogsaverroes.juntadeandalucia.es\/iescarlinda\/wp-json\/wp\/v2\/pages"}],"about":[{"href":"https:\/\/blogsaverroes.juntadeandalucia.es\/iescarlinda\/wp-json\/wp\/v2\/types\/page"}],"author":[{"embeddable":true,"href":"https:\/\/blogsaverroes.juntadeandalucia.es\/iescarlinda\/wp-json\/wp\/v2\/users\/2005"}],"replies":[{"embeddable":true,"href":"https:\/\/blogsaverroes.juntadeandalucia.es\/iescarlinda\/wp-json\/wp\/v2\/comments?post=4204"}],"version-history":[{"count":18,"href":"https:\/\/blogsaverroes.juntadeandalucia.es\/iescarlinda\/wp-json\/wp\/v2\/pages\/4204\/revisions"}],"predecessor-version":[{"id":4320,"href":"https:\/\/blogsaverroes.juntadeandalucia.es\/iescarlinda\/wp-json\/wp\/v2\/pages\/4204\/revisions\/4320"}],"wp:attachment":[{"href":"https:\/\/blogsaverroes.juntadeandalucia.es\/iescarlinda\/wp-json\/wp\/v2\/media?parent=4204"}],"curies":[{"name":"wp","href":"https:\/\/api.w.org\/{rel}","templated":true}]}}

LLEGARÉ

<p>&nbsp;</p>
<table style="border-collapse: collapse;width: 100%">
<tbody>
<tr>
<td style="width: 47.4242%"><strong>Tráiler</strong></p>
<p>[youtube https://www.youtube.com/watch?v=7TiMmGPyUVQ]&nbsp;</p>
<p>&nbsp;</p>
<p style="text-align: center"><strong>Corto Documental</strong></p>
<p>[youtube https://www.youtube.com/watch?v=tKT-Y_FvdqI]&nbsp;</td>
<td style="width: 5.75755%">&nbsp;</td>
<td style="width: 46.8181%"><strong>SINOPSIS</strong></p>
<p style="text-align: justify">Un esfuerzo de la cámara por captar lo que no se recoge en estadísticas, un reflejo vital de la vida de alumnos y alumnas que conviven según dicta el azar con la exclusión social.</p>
<p style="text-align: justify">El relato filmográfico de lo que conforma el día a día en la cotidianeidad de las clases. Este trabajo recoge la visión más afectiva de la profesión docente, los anhelos y esfuerzos de un profesorado enfrentado a vidas complejas y al apasionante reto de no dejarse a nadie atrás.</p>
<p style="text-align: justify">Un relato necesario en la defensa del imprescindible lugar de los afectos y la dignificación de la persona en el proceso educativo y de como, cualquier viaje, desde ahí, casi siempre llega a buen puerto.</p>
<p>&nbsp;</p>
<p><strong>LLEGARÉ EN LOS MEDIOS</strong></p>
<p style="text-align: left"><a href="https://www.laopiniondemalaga.es/malaga/2021/05/24/ies-carlinda-reivindica-muestra-lucha-52178196.html">La Opinión de Málaga: «El IES Carlinda reivindica y muestra la lucha&nbsp; por su alumnado»</a></p>
<p style="text-align: left"><a href="https://www.101tv.es/noticia-categoria.aspx?id=31&amp;idn=44605">101TV: Entrevista en «Llegó la hora»</a>&nbsp;(a partir de 1h:22min)</p>
<p style="text-align: left"><a href="https://elpais.com/planeta-futuro/escuelas-en-red/2021-10-17/la-mirada-del-carlinda.html">El País: «La mirada del Carlinda»</a></p>
</td>
</tr>
<tr>
<td style="width: 47.4242%">
<p style="text-align: justify"><a href="https://blogsaverroes.juntadeandalucia.es/iescarlinda/files/2021/03/Miguel-Almanza.jpg.jpeg"><img loading="lazy" decoding="async" class="alignnone wp-image-4209" src="https://blogsaverroes.juntadeandalucia.es/iescarlinda/files/2021/03/Miguel-Almanza.jpg-200x300.jpeg" alt="" width="91" height="135"></a>&nbsp; <strong>DIRECTOR</strong></p>
<p style="text-align: justify"><strong><em>Miguel A. Almanza</em></strong> estudió en la Escuela de Cine de Puerto Real y consiguió el titulo de Técnico de laboratorio en Granada, donde trabajo durante unos años con la productora Prodisa, para luego comenzar a ejercer como Freelance tanto a nivel de vídeo como de fotografía. En sus trabajos más recientes cabe destacar su primer largometraje «Las Pesadilla de Alberto Soto»; sus últimos cortometrajes «Té», «Mi amiga Jessi», «Sustancia mortal», «PreBoda» y el corto documental «Llegaré».</p>
</td>
<td style="width: 5.75755%">&nbsp;</td>
<td style="width: 46.8181%">
<p style="text-align: justify"><a href="https://blogsaverroes.juntadeandalucia.es/iescarlinda/files/2021/03/virgina-elosegui-bg.jpg"><img loading="lazy" decoding="async" class="alignnone wp-image-4212" src="https://blogsaverroes.juntadeandalucia.es/iescarlinda/files/2021/03/virgina-elosegui-bg-300x300.jpg" alt="" width="97" height="97" srcset="https://blogsaverroes.juntadeandalucia.es/iescarlinda/files/2021/03/virgina-elosegui-bg-300x300.jpg 300w, https://blogsaverroes.juntadeandalucia.es/iescarlinda/files/2021/03/virgina-elosegui-bg-150x150.jpg 150w, https://blogsaverroes.juntadeandalucia.es/iescarlinda/files/2021/03/virgina-elosegui-bg-432x432.jpg 432w, https://blogsaverroes.juntadeandalucia.es/iescarlinda/files/2021/03/virgina-elosegui-bg-268x268.jpg 268w, https://blogsaverroes.juntadeandalucia.es/iescarlinda/files/2021/03/virgina-elosegui-bg-700x700.jpg 700w, https://blogsaverroes.juntadeandalucia.es/iescarlinda/files/2021/03/virgina-elosegui-bg-50x50.jpg 50w, https://blogsaverroes.juntadeandalucia.es/iescarlinda/files/2021/03/virgina-elosegui-bg.jpg 750w" sizes="(max-width: 97px) 100vw, 97px" />&nbsp; &nbsp;<span style="color: #333333"><strong>COMPOSITORA</strong></span></a></p>
<p style="text-align: justify">NACIÓ&nbsp; &nbsp; &nbsp; &nbsp; &nbsp;CIUDAD</p>
<p style="text-align: justify">1991&nbsp; &nbsp; &nbsp; &nbsp; &nbsp; &nbsp; &nbsp;Málaga</p>
<p style="text-align: justify"><strong><em>Virginia Elósegui</em></strong> es una artista malagueña que canta y compone desde los 13 años. «Desde que mi padre me compró una guitarra que se me había antojado». Aprendió a tocar de forma autodidacta y así fue elaborando su propio repertorio: en sus canciones vuelca experiencias propias y [&#8230;]</p>
<div dir="auto" style="text-align: left">Instagram:&nbsp;<a href="http://www.instagram.com/virginiaelosegui" target="_blank" rel="noopener noreferrer" data-saferedirecturl="https://www.google.com/url?q=http://www.instagram.com/virginiaelosegui&amp;source=gmail&amp;ust=1617873748053000&amp;usg=AFQjCNHxlkRCMxM1y0QkHrSRV3qOTX6bVw">www.instagram.com/virginiaelosegui</a></div>
<div dir="auto" style="text-align: left">&nbsp;</div>
<div dir="auto" style="text-align: left">Facebook:&nbsp;<a href="http://www.facebook.com/virginiaelosegui" target="_blank" rel="noopener noreferrer" data-saferedirecturl="https://www.google.com/url?q=http://www.facebook.com/virginiaelosegui&amp;source=gmail&amp;ust=1617873748053000&amp;usg=AFQjCNF1CeEI356xm50tZXWZg9Jd4dObIg">www.facebook.com/virginiaelosegui</a>&nbsp;</div>
<div dir="auto" style="text-align: left">&nbsp;</div>
<div dir="auto" style="text-align: left">Twitter:&nbsp;<a href="http://www.twitter.com/virginiaelose" target="_blank" rel="noopener noreferrer" data-saferedirecturl="https://www.google.com/url?q=http://www.twitter.com/virginiaelose&amp;source=gmail&amp;ust=1617873748053000&amp;usg=AFQjCNGv3AQpjuu4L5nvcseipiLWMIh_1w">www.twitter.com/virginiaelose</a></div>
<div dir="auto" style="text-align: left">&nbsp;</div>
<div dir="auto" style="text-align: left">Tiktok:&nbsp;<a href="https://vm.tiktok.com/ZMe575Xeb/" target="_blank" rel="noopener noreferrer" data-saferedirecturl="https://www.google.com/url?q=https://vm.tiktok.com/ZMe575Xeb/&amp;source=gmail&amp;ust=1617873748053000&amp;usg=AFQjCNH7Fs3_4mC1Mcmf7FjJAl-OgD0SJg">https://vm.tiktok.com/ZMe575Xeb/</a></div>
<div dir="auto" style="text-align: left">&nbsp;</div>
<div dir="auto" style="text-align: left">Spotify:&nbsp;<a href="https://open.spotify.com/artist/7K3C5xiSfy5uEXI5e9x4wD?si=663rboDGRFuMKDEb8GTzPw" target="_blank" rel="noopener noreferrer" data-saferedirecturl="https://www.google.com/url?q=https://open.spotify.com/artist/7K3C5xiSfy5uEXI5e9x4wD?si%3D663rboDGRFuMKDEb8GTzPw&amp;source=gmail&amp;ust=1617873748053000&amp;usg=AFQjCNHSVz9NQD7UmK4ReelFxTWNJO5d6g">https://open.spotify.com/artist/7K3C5xiSfy5uEXI5e9x4wD?si=663rboDGRFuMKDEb8GTzPw</a></div>
<div dir="auto" style="text-align: left">&nbsp;</div>
<div dir="auto" style="text-align: left">Youtube:&nbsp;<a href="https://youtube.com/user/VirginiaEloseguiVEVO" target="_blank" rel="noopener noreferrer" data-saferedirecturl="https://www.google.com/url?q=https://youtube.com/user/VirginiaEloseguiVEVO&amp;source=gmail&amp;ust=1617873748053000&amp;usg=AFQjCNFwNWu-1mO4VeEkTjmw67-hZP1Q3Q">https://youtube.com/user/VirginiaEloseguiVEVO</a></div>
</td>
</tr>
</tbody>
</table>
<p>&nbsp;</p>

<p>&nbsp; Tráiler [youtube https://www.youtube.com/watch?v=7TiMmGPyUVQ]&nbsp; &nbsp; Corto Documental [youtube https://www.youtube.com/watch?v=tKT-Y_FvdqI]&nbsp; &nbsp; SINOPSIS Un esfuerzo de la cámara por captar lo que no se recoge en estadísticas, un reflejo vital de la vida de alumnos y alumnas que conviven según dicta el azar con la exclusión social. El relato filmográfico de lo que conforma el día a &hellip; </p>
<p><a class="more-link btn" href="https://blogsaverroes.juntadeandalucia.es/iescarlinda/llegare/">Seguir leyendo</a></p>
