{"id":44,"date":"2015-03-13T08:42:15","date_gmt":"2015-03-13T08:42:15","guid":{"rendered":"http:\/\/blogsaverroes.juntadeandalucia.es\/pre\/ceip\/?page_id=44"},"modified":"2018-12-08T22:00:18","modified_gmt":"2018-12-08T22:00:18","slug":"planes-y-proyectos","status":"publish","type":"page","link":"https:\/\/blogsaverroes.juntadeandalucia.es\/iescarlinda\/planes-y-proyectos\/","title":{"rendered":"Planes y Programas"},"content":{"rendered":"<h4 style=\"text-align: center\"><strong><span style=\"color: #ff0000\">El Centro en el curso 2018\/2019 participa en 16 Planes y Proyectos:<\/span><\/strong><\/h4>\n<table class=\"aligncenter\" style=\"padding-left: 90px\" border=\"0\" width=\"900\">\n<tr align=\"left\">\n<td>Plan de igualdad de g\u00e9nero en educaci\u00f3n<\/td>\n<\/tr>\n<tr align=\"left\">\n<td>Planes de compensaci\u00f3n educativa<\/td>\n<\/tr>\n<tr align=\"left\">\n<td>Plan de Salud Laboral y P.R.L.<\/td>\n<\/tr>\n<tr align=\"left\">\n<td>Plan de apertura de centros docentes<\/td>\n<\/tr>\n<tr align=\"left\">\n<td>Escuelas deportivas<\/td>\n<\/tr>\n<tr align=\"left\">\n<td>Escuela Tic.2.0<\/td>\n<\/tr>\n<tr align=\"left\">\n<td>Red Andaluza Escuela \u201cEspacio de Paz\u201d intercentros<\/td>\n<\/tr>\n<tr align=\"left\">\n<td>Pr\u00e1cticum Grado Maestro<\/td>\n<\/tr>\n<tr align=\"left\">\n<td>Pr\u00e1cticum M\u00e1ster Secundaria<\/td>\n<\/tr>\n<tr align=\"left\">\n<td>Pr\u00e1cticas CC.E. y Psicolog\u00eda<\/td>\n<\/tr>\n<tr align=\"left\">\n<td>Convivencia Escolar<\/td>\n<\/tr>\n<tr align=\"left\">\n<td>Programa de formaci\u00f3n \u201cEscuelas mentoras\u201d<\/td>\n<\/tr>\n<tr align=\"left\">\n<td>Aldea. Educaci\u00f3n Ambiental para la Comunidad Educativa. Modalidad B<\/td>\n<\/tr>\n<tr align=\"left\">\n<td>Forma Joven en el \u00e1mbito educativo<\/td>\n<\/tr>\n<tr align=\"left\">\n<td>Programa de Digitalizaci\u00f3n de Centros<\/td>\n<\/tr>\n<tr align=\"left\">\n<td>Bibliotecas Escolares<\/td>\n<\/tr>\n<\/table>\n","protected":false},"excerpt":{"rendered":"<p>El Centro en el curso 2018\/2019 participa en 16 Planes y Proyectos: Plan de igualdad de g\u00e9nero en educaci\u00f3n Planes de compensaci\u00f3n educativa Plan de Salud Laboral y P.R.L. Plan de apertura de centros docentes Escuelas deportivas Escuela Tic.2.0 Red Andaluza Escuela \u201cEspacio de Paz\u201d intercentros Pr\u00e1cticum Grado Maestro Pr\u00e1cticum M\u00e1ster Secundaria Pr\u00e1cticas CC.E. y &hellip; <\/p>\n<p><a class=\"more-link btn\" href=\"https:\/\/blogsaverroes.juntadeandalucia.es\/iescarlinda\/planes-y-proyectos\/\">Seguir leyendo<\/a><\/p>\n","protected":false},"author":1,"featured_media":0,"parent":0,"menu_order":0,"comment_status":"closed","ping_status":"closed","template":"template-full-width.php","meta":{"ngg_post_thumbnail":0,"footnotes":"","_mc_calendar":[]},"aioseo_notices":[],"_links":{"self":[{"href":"https:\/\/blogsaverroes.juntadeandalucia.es\/iescarlinda\/wp-json\/wp\/v2\/pages\/44"}],"collection":[{"href":"https:\/\/blogsaverroes.juntadeandalucia.es\/iescarlinda\/wp-json\/wp\/v2\/pages"}],"about":[{"href":"https:\/\/blogsaverroes.juntadeandalucia.es\/iescarlinda\/wp-json\/wp\/v2\/types\/page"}],"author":[{"embeddable":true,"href":"https:\/\/blogsaverroes.juntadeandalucia.es\/iescarlinda\/wp-json\/wp\/v2\/users\/1"}],"replies":[{"embeddable":true,"href":"https:\/\/blogsaverroes.juntadeandalucia.es\/iescarlinda\/wp-json\/wp\/v2\/comments?post=44"}],"version-history":[{"count":10,"href":"https:\/\/blogsaverroes.juntadeandalucia.es\/iescarlinda\/wp-json\/wp\/v2\/pages\/44\/revisions"}],"predecessor-version":[{"id":2939,"href":"https:\/\/blogsaverroes.juntadeandalucia.es\/iescarlinda\/wp-json\/wp\/v2\/pages\/44\/revisions\/2939"}],"wp:attachment":[{"href":"https:\/\/blogsaverroes.juntadeandalucia.es\/iescarlinda\/wp-json\/wp\/v2\/media?parent=44"}],"curies":[{"name":"wp","href":"https:\/\/api.w.org\/{rel}","templated":true}]}}