{"id":174,"date":"2015-03-17T07:56:14","date_gmt":"2015-03-17T07:56:14","guid":{"rendered":"http:\/\/blogsaverroes.juntadeandalucia.es\/pre\/ceip\/?page_id=174"},"modified":"2025-11-25T13:33:56","modified_gmt":"2025-11-25T12:33:56","slug":"dibujo","status":"publish","type":"page","link":"https:\/\/blogsaverroes.juntadeandalucia.es\/iescarloshaya\/dibujo\/","title":{"rendered":"Dibujo"},"content":{"rendered":"<p style=\"text-align: justify\">Durante el presente curso, el Departamento de Dibujo est\u00e1 integrado por los siguientes profesores:<\/p>\n<ul>\n<li><strong>D\u00aa Mar\u00eda Jos\u00e9 Boccio Morian<\/strong><\/li>\n<\/ul>\n<p><span style=\"font-family: sans-serif\"><span style=\"font-size: medium\"><a href=\"https:\/\/blogsaverroes.juntadeandalucia.es\/iescarloshaya\/files\/2024\/02\/Hombre-de-Vitruvio.jpg\"><img loading=\"lazy\" decoding=\"async\" class=\"wp-image-8112 aligncenter\" src=\"https:\/\/blogsaverroes.juntadeandalucia.es\/iescarloshaya\/files\/2024\/02\/Hombre-de-Vitruvio-278x300.jpg\" alt=\"\" width=\"238\" height=\"255\"\/><\/a><\/span><\/span><\/p>\n<p>A continuaci\u00f3n, se publica la PROGRAMACI\u00d3N del Departamento 2025-26 con la secuenciaci\u00f3n de Unidades de programaci\u00f3n:<\/p>\n<p><span style=\"color: #003300\"><a style=\"color: #003300\" href=\"https:\/\/blogsaverroes.juntadeandalucia.es\/iescarloshaya\/files\/2025\/11\/1o-ESO-PROGRAMACION-25-26.pdf\">1\u00ba ESO PROGRAMACION 25-26<\/a><\/span><\/p>\n<p><span style=\"color: #003300\"> <a style=\"color: #003300\" href=\"https:\/\/blogsaverroes.juntadeandalucia.es\/iescarloshaya\/files\/2025\/11\/2o-ESO-PROGRAMACION-25-26.pdf\">2\u00ba ESO PROGRAMACION 25-26<\/a><\/span><\/p>\n<p><span style=\"color: #003300\"> <a style=\"color: #003300\" href=\"https:\/\/blogsaverroes.juntadeandalucia.es\/iescarloshaya\/files\/2025\/11\/3o-ESO-PROGRAMACION-25-26.pdf\">3\u00ba ESO PROGRAMACION 25-26<\/a><\/span><\/p>\n<p><span style=\"color: #003300\"> <a style=\"color: #003300\" href=\"https:\/\/blogsaverroes.juntadeandalucia.es\/iescarloshaya\/files\/2025\/11\/4o-ESO-PROGRAMACION-25-26.pdf\">4\u00ba ESO PROGRAMACION 25-26<\/a><\/span><\/p>\n<p><span style=\"color: #003300\"><a style=\"color: #003300\" href=\"https:\/\/blogsaverroes.juntadeandalucia.es\/iescarloshaya\/files\/2025\/11\/2o-BACH-PROGRAMACION-25-26.pdf\">2\u00ba BACH PROGRAMACION 25-26<\/a><\/span><\/p>\n<p>Criterios de Evaluaci\u00f3n y Calificaci\u00f3n<\/p>\n<p><span style=\"color: #003300\"><a style=\"color: #003300\" href=\"https:\/\/blogsaverroes.juntadeandalucia.es\/iescarloshaya\/files\/2025\/11\/CRITE-EV-Y-CAL-1o-ESO-copia.pdf\">CRITE EV Y CAL 1\u00ba ESO<\/a> <\/span><\/p>\n<p><span style=\"color: #003300\"><a style=\"color: #003300\" href=\"https:\/\/blogsaverroes.juntadeandalucia.es\/iescarloshaya\/files\/2025\/11\/CRIT-DE-EV-Y-CAL-2o-ESO-copia.pdf\">CRIT DE EV Y CAL 2\u00ba ESO<\/a><\/span><\/p>\n<p><span style=\"color: #003300\"><a style=\"color: #003300\" href=\"https:\/\/blogsaverroes.juntadeandalucia.es\/iescarloshaya\/files\/2025\/11\/CRIT-EVL-Y-CAL-3o-ESO-copia.pdf\">CRIT EVL Y CAL 3\u00ba ESO<\/a><\/span><\/p>\n<p><span style=\"color: #003300\"> <a style=\"color: #003300\" href=\"https:\/\/blogsaverroes.juntadeandalucia.es\/iescarloshaya\/files\/2025\/11\/CRIT-EVAL-Y-CAL-4o-ESO-copia.pdf\">CRIT EVAL Y CAL 4\u00ba ESO<\/a> <\/span><\/p>\n<p><span style=\"color: #003300\"><a style=\"color: #003300\" href=\"https:\/\/blogsaverroes.juntadeandalucia.es\/iescarloshaya\/files\/2025\/11\/CRIT-EVAL-Y-CAL-2o-BACH-DT-II-copia.pdf\">CRIT EVAL Y CAL 2\u00ba BACH DT II<\/a><\/span><\/p>\n","protected":false},"excerpt":{"rendered":"<p>Durante el presente curso, el Departamento de Dibujo est\u00e1 integrado por los siguientes profesores: D\u00aa Mar\u00eda Jos\u00e9 Boccio Morian A continuaci\u00f3n, se publica la PROGRAMACI\u00d3N&hellip;<\/p>\n","protected":false},"author":1,"featured_media":0,"parent":0,"menu_order":0,"comment_status":"closed","ping_status":"open","template":"","meta":{"ngg_post_thumbnail":0,"footnotes":"","_mc_calendar":[]},"aioseo_notices":[],"_links":{"self":[{"href":"https:\/\/blogsaverroes.juntadeandalucia.es\/iescarloshaya\/wp-json\/wp\/v2\/pages\/174"}],"collection":[{"href":"https:\/\/blogsaverroes.juntadeandalucia.es\/iescarloshaya\/wp-json\/wp\/v2\/pages"}],"about":[{"href":"https:\/\/blogsaverroes.juntadeandalucia.es\/iescarloshaya\/wp-json\/wp\/v2\/types\/page"}],"author":[{"embeddable":true,"href":"https:\/\/blogsaverroes.juntadeandalucia.es\/iescarloshaya\/wp-json\/wp\/v2\/users\/1"}],"replies":[{"embeddable":true,"href":"https:\/\/blogsaverroes.juntadeandalucia.es\/iescarloshaya\/wp-json\/wp\/v2\/comments?post=174"}],"version-history":[{"count":58,"href":"https:\/\/blogsaverroes.juntadeandalucia.es\/iescarloshaya\/wp-json\/wp\/v2\/pages\/174\/revisions"}],"predecessor-version":[{"id":9159,"href":"https:\/\/blogsaverroes.juntadeandalucia.es\/iescarloshaya\/wp-json\/wp\/v2\/pages\/174\/revisions\/9159"}],"wp:attachment":[{"href":"https:\/\/blogsaverroes.juntadeandalucia.es\/iescarloshaya\/wp-json\/wp\/v2\/media?parent=174"}],"curies":[{"name":"wp","href":"https:\/\/api.w.org\/{rel}","templated":true}]}}