{"id":176,"date":"2015-03-17T07:56:30","date_gmt":"2015-03-17T07:56:30","guid":{"rendered":"http:\/\/blogsaverroes.juntadeandalucia.es\/pre\/ceip\/?page_id=176"},"modified":"2025-11-17T12:51:04","modified_gmt":"2025-11-17T11:51:04","slug":"educacion-fisica","status":"publish","type":"page","link":"https:\/\/blogsaverroes.juntadeandalucia.es\/iescarloshaya\/educacion-fisica\/","title":{"rendered":"Educaci\u00f3n F\u00edsica"},"content":{"rendered":"<p>&nbsp;<\/p>\n<p>&nbsp;<\/p>\n<p>&nbsp;<\/p>\n<p>Durante el presente curso, el Departamento&nbsp;de Educaci\u00f3n F\u00edsica est\u00e1 integrado por los siguientes miembros:<\/p>\n<ul>\n<li><strong>Don Alfonso Jerez Arriaga (Jefe de Departamento).<\/strong><\/li>\n<li><strong>Don Arturo Garc\u00eda Cort\u00e9s.<\/strong><\/li>\n<\/ul>\n<p>A continuaci\u00f3n, se presenta la Programaci\u00f3n Did\u00e1ctica&nbsp; 2025-26<\/p>\n<p><span style=\"color: #003300\"><a style=\"color: #003300\" href=\"https:\/\/blogsaverroes.juntadeandalucia.es\/iescarloshaya\/files\/2025\/11\/PROGRAMACION-ESO.pdf\">PROGRAMACION ESO<\/a><\/span><\/p>\n<p><span style=\"color: #003300\"><a style=\"color: #003300\" href=\"https:\/\/blogsaverroes.juntadeandalucia.es\/iescarloshaya\/files\/2025\/11\/PROGRAMACION-1o-BACHILLERATO.pdf\">PROGRAMACION. 1\u00ba BACHILLERATO<\/a><\/span><\/p>\n<p><span style=\"color: #003300\"> <a style=\"color: #003300\" href=\"https:\/\/blogsaverroes.juntadeandalucia.es\/iescarloshaya\/files\/2025\/11\/PROGRAMACION-ACTIVIDAD-FISICA-SALUD-Y-SOCIEDAD-BACHILLERATO.pdf\">PROGRAMACION ACTIVIDAD FISICA, SALUD Y SOCIEDAD. 2\u00ba BACHILLERATO<\/a><\/span><\/p>\n<p>&nbsp;<\/p>\n<p>En el siguiente enlace encontrar\u00e1 los criterios de evaluaci\u00f3n de la materia<\/p>\n<p><span style=\"color: #003300\"><a style=\"color: #003300\" href=\"https:\/\/blogsaverroes.juntadeandalucia.es\/iescarloshaya\/files\/2025\/11\/CRITERIOS-DE-EVALUACION.pdf\">CRITERIOS DE EVALUACION<\/a><\/span><\/p>\n","protected":false},"excerpt":{"rendered":"<p>&nbsp; &nbsp; &nbsp; Durante el presente curso, el Departamento&nbsp;de Educaci\u00f3n F\u00edsica est\u00e1 integrado por los siguientes miembros: Don Alfonso Jerez Arriaga (Jefe de Departamento). Don&hellip;<\/p>\n","protected":false},"author":1,"featured_media":0,"parent":0,"menu_order":0,"comment_status":"closed","ping_status":"open","template":"","meta":{"ngg_post_thumbnail":0,"footnotes":"","_mc_calendar":[]},"aioseo_notices":[],"_links":{"self":[{"href":"https:\/\/blogsaverroes.juntadeandalucia.es\/iescarloshaya\/wp-json\/wp\/v2\/pages\/176"}],"collection":[{"href":"https:\/\/blogsaverroes.juntadeandalucia.es\/iescarloshaya\/wp-json\/wp\/v2\/pages"}],"about":[{"href":"https:\/\/blogsaverroes.juntadeandalucia.es\/iescarloshaya\/wp-json\/wp\/v2\/types\/page"}],"author":[{"embeddable":true,"href":"https:\/\/blogsaverroes.juntadeandalucia.es\/iescarloshaya\/wp-json\/wp\/v2\/users\/1"}],"replies":[{"embeddable":true,"href":"https:\/\/blogsaverroes.juntadeandalucia.es\/iescarloshaya\/wp-json\/wp\/v2\/comments?post=176"}],"version-history":[{"count":54,"href":"https:\/\/blogsaverroes.juntadeandalucia.es\/iescarloshaya\/wp-json\/wp\/v2\/pages\/176\/revisions"}],"predecessor-version":[{"id":9014,"href":"https:\/\/blogsaverroes.juntadeandalucia.es\/iescarloshaya\/wp-json\/wp\/v2\/pages\/176\/revisions\/9014"}],"wp:attachment":[{"href":"https:\/\/blogsaverroes.juntadeandalucia.es\/iescarloshaya\/wp-json\/wp\/v2\/media?parent=176"}],"curies":[{"name":"wp","href":"https:\/\/api.w.org\/{rel}","templated":true}]}}