{"id":7545,"date":"2023-05-31T08:18:23","date_gmt":"2023-05-31T07:18:23","guid":{"rendered":"https:\/\/blogsaverroes.juntadeandalucia.es\/iescarloshaya\/?page_id=7545"},"modified":"2023-12-20T13:39:56","modified_gmt":"2023-12-20T12:39:56","slug":"premios-obtenidos","status":"publish","type":"page","link":"https:\/\/blogsaverroes.juntadeandalucia.es\/iescarloshaya\/premios-obtenidos\/","title":{"rendered":"PREMIOS OBTENIDOS"},"content":{"rendered":"<p>Nuestro centro y, en particular nuestro alumnado, se caracteriza (entre otras muchas cosas) por la obtenci\u00f3n de diferentes premios acad\u00e9micos concedidos por diferentes entidades.<\/p>\n<p><a title=\"Premios a la Trayectoria Acad\u00e9mica y Personal de 4.\u00b0 de ESO y 2.\u00ba de FPB del curso 2022\/2023\" href=\"https:\/\/blogsaverroes.juntadeandalucia.es\/iescarloshaya\/2023\/12\/20\/premios-a-la-trayectoria-academica-y-personal-de-4-de-eso-y-2-o-de-fpb-del-curso-2022-2023\/\">Luc\u00eda Partal Delgado y Patricia Villanueva Morales &#8211; Premios a la Trayectoria Acad\u00e9mica y Personal de 4.\u00b0 de ESO y 2.\u00ba de FP B\u00e1sica del curso 2022\/2023<\/a> organizados por el Ayuntamiento de Sevilla.<\/p>\n<p><a title=\"Concurso de Oto\u00f1o de Matem\u00e1ticas de Sevilla\" href=\"https:\/\/blogsaverroes.juntadeandalucia.es\/iescarloshaya\/2023\/11\/02\/concurso-de-otono-de-matematicas-de-sevilla\/\">Fernando del Toro del Toro &#8211; Concurso de Oto\u00f1o de Matem\u00e1ticas de Sevilla (CO+). Curso 2023\/2024.<\/a> Ha conseguido quedar en 11\u2070 posici\u00f3n clasific\u00e1ndose en el Concurso de Oto\u00f1o provincial de Sevilla.<\/p>\n<p><a href=\"https:\/\/blogsaverroes.juntadeandalucia.es\/iescarloshaya\/2021\/12\/20\/enhorabuena-irene-bernal-jodar\/\" target=\"_blank\" rel=\"noopener noreferrer\">Irene Bernal J\u00f3dar &#8211; Premio Habecus 2021,<\/a> por la Hermandad de Amigos del Benem\u00e9rito Cuerpo de la Guardia Civil, al mejor expediente acad\u00e9mico de finalizaci\u00f3n de la ESO y, que <strong>recibi\u00f3 el premio el pasado 9 de diciembre de 2021.<\/strong><\/p>\n<p><a href=\"https:\/\/blogsaverroes.juntadeandalucia.es\/iescarloshaya\/2023\/01\/31\/premio-a-la-excelencia-en-la-nota-de-admision\/\" target=\"_blank\" rel=\"noopener noreferrer\">Pablo Alonso Gom\u00e1riz &#8211; Premio a la Excelencia en la Nota de Admisi\u00f3n. Curso 2021\/2022<\/a>, por la Universidad de Sevilla, en reconocimiento al esfuerzo y reconocimiento del alumno y, que recibi\u00f3 el <strong>premio el pasado 23 de enero de 2023.<\/strong><\/p>\n<p><a href=\"https:\/\/blogsaverroes.juntadeandalucia.es\/iescarloshaya\/2023\/07\/25\/premio-a-la-trayectoria-academica-y-personal-2022-23\/\">Patricia Villanueva Morales y Luc\u00eda Partal Delgado &#8211; Premio a la Trayectoria Acad\u00e9mica y Personal. Curso 2022\/2023<\/a>, <span style=\"color: #000000\">por <span dir=\"ltr\" role=\"presentation\">La Excma. Junta de Gobierno de la Ciudad de Sevilla aprobando la <\/span><span dir=\"ltr\" role=\"presentation\">propuesta de la<\/span> <span dir=\"ltr\" role=\"presentation\">Delegada de Educaci\u00f3n, Familia, <\/span><span dir=\"ltr\" role=\"presentation\">Igualdad, Juventud y Asociaciones.<\/span><\/span><\/p>\n","protected":false},"excerpt":{"rendered":"<p>Nuestro centro y, en particular nuestro alumnado, se caracteriza (entre otras muchas cosas) por la obtenci\u00f3n de diferentes premios acad\u00e9micos concedidos por diferentes entidades. Luc\u00eda&hellip;<\/p>\n","protected":false},"author":1972,"featured_media":0,"parent":0,"menu_order":0,"comment_status":"closed","ping_status":"closed","template":"","meta":{"ngg_post_thumbnail":0,"footnotes":"","_mc_calendar":[]},"aioseo_notices":[],"_links":{"self":[{"href":"https:\/\/blogsaverroes.juntadeandalucia.es\/iescarloshaya\/wp-json\/wp\/v2\/pages\/7545"}],"collection":[{"href":"https:\/\/blogsaverroes.juntadeandalucia.es\/iescarloshaya\/wp-json\/wp\/v2\/pages"}],"about":[{"href":"https:\/\/blogsaverroes.juntadeandalucia.es\/iescarloshaya\/wp-json\/wp\/v2\/types\/page"}],"author":[{"embeddable":true,"href":"https:\/\/blogsaverroes.juntadeandalucia.es\/iescarloshaya\/wp-json\/wp\/v2\/users\/1972"}],"replies":[{"embeddable":true,"href":"https:\/\/blogsaverroes.juntadeandalucia.es\/iescarloshaya\/wp-json\/wp\/v2\/comments?post=7545"}],"version-history":[{"count":7,"href":"https:\/\/blogsaverroes.juntadeandalucia.es\/iescarloshaya\/wp-json\/wp\/v2\/pages\/7545\/revisions"}],"predecessor-version":[{"id":8061,"href":"https:\/\/blogsaverroes.juntadeandalucia.es\/iescarloshaya\/wp-json\/wp\/v2\/pages\/7545\/revisions\/8061"}],"wp:attachment":[{"href":"https:\/\/blogsaverroes.juntadeandalucia.es\/iescarloshaya\/wp-json\/wp\/v2\/media?parent=7545"}],"curies":[{"name":"wp","href":"https:\/\/api.w.org\/{rel}","templated":true}]}}

<p>Nuestro centro y, en particular nuestro alumnado, se caracteriza (entre otras muchas cosas) por la obtención de diferentes premios académicos concedidos por diferentes entidades.</p>
<p><a title="Premios a la Trayectoria Académica y Personal de 4.° de ESO y 2.º de FPB del curso 2022/2023" href="https://blogsaverroes.juntadeandalucia.es/iescarloshaya/2023/12/20/premios-a-la-trayectoria-academica-y-personal-de-4-de-eso-y-2-o-de-fpb-del-curso-2022-2023/">Lucía Partal Delgado y Patricia Villanueva Morales &#8211; Premios a la Trayectoria Académica y Personal de 4.° de ESO y 2.º de FP Básica del curso 2022/2023</a> organizados por el Ayuntamiento de Sevilla.</p>
<p><a title="Concurso de Otoño de Matemáticas de Sevilla" href="https://blogsaverroes.juntadeandalucia.es/iescarloshaya/2023/11/02/concurso-de-otono-de-matematicas-de-sevilla/">Fernando del Toro del Toro &#8211; Concurso de Otoño de Matemáticas de Sevilla (CO+). Curso 2023/2024.</a> Ha conseguido quedar en 11⁰ posición clasificándose en el Concurso de Otoño provincial de Sevilla.</p>
<p><a href="https://blogsaverroes.juntadeandalucia.es/iescarloshaya/2021/12/20/enhorabuena-irene-bernal-jodar/" target="_blank" rel="noopener noreferrer">Irene Bernal Jódar &#8211; Premio Habecus 2021,</a> por la Hermandad de Amigos del Benemérito Cuerpo de la Guardia Civil, al mejor expediente académico de finalización de la ESO y, que <strong>recibió el premio el pasado 9 de diciembre de 2021.</strong></p>
<p><a href="https://blogsaverroes.juntadeandalucia.es/iescarloshaya/2023/01/31/premio-a-la-excelencia-en-la-nota-de-admision/" target="_blank" rel="noopener noreferrer">Pablo Alonso Gomáriz &#8211; Premio a la Excelencia en la Nota de Admisión. Curso 2021/2022</a>, por la Universidad de Sevilla, en reconocimiento al esfuerzo y reconocimiento del alumno y, que recibió el <strong>premio el pasado 23 de enero de 2023.</strong></p>
<p><a href="https://blogsaverroes.juntadeandalucia.es/iescarloshaya/2023/07/25/premio-a-la-trayectoria-academica-y-personal-2022-23/">Patricia Villanueva Morales y Lucía Partal Delgado &#8211; Premio a la Trayectoria Académica y Personal. Curso 2022/2023</a>, <span style="color: #000000">por <span dir="ltr" role="presentation">La Excma. Junta de Gobierno de la Ciudad de Sevilla aprobando la </span><span dir="ltr" role="presentation">propuesta de la</span> <span dir="ltr" role="presentation">Delegada de Educación, Familia, </span><span dir="ltr" role="presentation">Igualdad, Juventud y Asociaciones.</span></span></p>

<p>Nuestro centro y, en particular nuestro alumnado, se caracteriza (entre otras muchas cosas) por la obtención de diferentes premios académicos concedidos por diferentes entidades. Lucía&hellip;</p>
