{"id":15,"date":"2020-01-09T10:56:20","date_gmt":"2020-01-09T09:56:20","guid":{"rendered":"http:\/\/blogsaverroes.juntadeandalucia.es\/pre\/nuevoceipv2\/?page_id=15"},"modified":"2025-08-27T17:26:38","modified_gmt":"2025-08-27T16:26:38","slug":"inicio","status":"publish","type":"page","link":"https:\/\/blogsaverroes.juntadeandalucia.es\/iescarrillo\/","title":{"rendered":"Bienvenidos al IES Prof. J.A. Carrillo Salcedo"},"content":{"rendered":"<p data-start=\"197\" data-end=\"430\">Bienvenidos a la p\u00e1gina oficial del Instituto de Educaci\u00f3n Secundaria Profesor J.A. Carrillo Salcedo, un centro educativo comprometido con la formaci\u00f3n integral de nuestros estudiantes, ubicado en el coraz\u00f3n de Mor\u00f3n de la Frontera.<\/p>\n<p data-start=\"432\" data-end=\"838\">En nuestro instituto, nos esforzamos por ofrecer una educaci\u00f3n de calidad que fomente el desarrollo acad\u00e9mico, personal y social de cada uno de nuestros alumnos. Contamos con una amplia oferta educativa que abarca desde la Educaci\u00f3n Secundaria Obligatoria (ESO) hasta Bachillerato, proporcionando a nuestros estudiantes las herramientas necesarias para afrontar con \u00e9xito su futuro acad\u00e9mico y profesional.<\/p>\n<p data-start=\"840\" data-end=\"882\"><strong data-start=\"840\" data-end=\"882\">Compromiso con la excelencia educativa<\/strong><\/p>\n<p data-start=\"884\" data-end=\"1205\">Apostamos por un enfoque pedag\u00f3gico innovador y participativo, apoyado en el uso de las nuevas tecnolog\u00edas y un profesorado altamente cualificado y motivado. Adem\u00e1s, promovemos un ambiente inclusivo y respetuoso que favorece la convivencia y el desarrollo de valores como la responsabilidad, el esfuerzo y la solidaridad.<\/p>\n<p data-start=\"1207\" data-end=\"1231\"><strong data-start=\"1207\" data-end=\"1231\">Un centro para todos<\/strong><\/p>\n<p data-start=\"1233\" data-end=\"1624\">Nuestro instituto es mucho m\u00e1s que un lugar de aprendizaje. Es un espacio donde se cultivan los talentos y habilidades de nuestros j\u00f3venes, se fomenta el trabajo en equipo y se promueven actividades extracurriculares que enriquecen su formaci\u00f3n. Desde talleres, deportes, hasta actividades culturales, el IES Carrillo Salcedo es un punto de encuentro para el desarrollo personal y colectivo.<\/p>\n<p data-start=\"1626\" data-end=\"1652\"><strong data-start=\"1626\" data-end=\"1652\">Con\u00e9ctate con nosotros<\/strong><\/p>\n<p data-start=\"1654\" data-end=\"1935\">Te invitamos a explorar nuestra p\u00e1gina para conocer m\u00e1s sobre nuestra oferta educativa, actividades y noticias. Si tienes alguna duda o quieres obtener m\u00e1s informaci\u00f3n, no dudes en ponerte en contacto con nosotros. Juntos, formamos una comunidad educativa en constante crecimiento.<\/p>\n<p data-start=\"1937\" data-end=\"2037\">\u00a1Gracias por visitarnos!<br data-start=\"1961\" data-end=\"1964\"><strong data-start=\"1964\" data-end=\"1999\">IES Prof. J.A. Carrillo Salcedo<\/strong><br data-start=\"1999\" data-end=\"2002\"><em data-start=\"2002\" data-end=\"2037\">Formando hoy el futuro de ma\u00f1ana.<\/em><\/p>\n","protected":false},"excerpt":{"rendered":"<p>Bienvenidos a la p\u00e1gina oficial del Instituto de Educaci\u00f3n Secundaria Profesor J.A. Carrillo Salcedo, un centro educativo comprometido con la formaci\u00f3n integral de nuestros estudiantes, ubicado en el coraz\u00f3n de Mor\u00f3n de la Frontera. En nuestro instituto, nos esforzamos por ofrecer una educaci\u00f3n de calidad que fomente el desarrollo acad\u00e9mico, personal y social de cada [&hellip;]<\/p>\n","protected":false},"author":17771,"featured_media":0,"parent":0,"menu_order":0,"comment_status":"closed","ping_status":"closed","template":"","meta":{"_et_pb_use_builder":"off","_et_pb_old_content":"","_et_gb_content_width":"","ngg_post_thumbnail":0,"footnotes":""},"aioseo_notices":[],"_links":{"self":[{"href":"https:\/\/blogsaverroes.juntadeandalucia.es\/iescarrillo\/wp-json\/wp\/v2\/pages\/15"}],"collection":[{"href":"https:\/\/blogsaverroes.juntadeandalucia.es\/iescarrillo\/wp-json\/wp\/v2\/pages"}],"about":[{"href":"https:\/\/blogsaverroes.juntadeandalucia.es\/iescarrillo\/wp-json\/wp\/v2\/types\/page"}],"author":[{"embeddable":true,"href":"https:\/\/blogsaverroes.juntadeandalucia.es\/iescarrillo\/wp-json\/wp\/v2\/users\/17771"}],"replies":[{"embeddable":true,"href":"https:\/\/blogsaverroes.juntadeandalucia.es\/iescarrillo\/wp-json\/wp\/v2\/comments?post=15"}],"version-history":[{"count":11,"href":"https:\/\/blogsaverroes.juntadeandalucia.es\/iescarrillo\/wp-json\/wp\/v2\/pages\/15\/revisions"}],"predecessor-version":[{"id":996,"href":"https:\/\/blogsaverroes.juntadeandalucia.es\/iescarrillo\/wp-json\/wp\/v2\/pages\/15\/revisions\/996"}],"wp:attachment":[{"href":"https:\/\/blogsaverroes.juntadeandalucia.es\/iescarrillo\/wp-json\/wp\/v2\/media?parent=15"}],"curies":[{"name":"wp","href":"https:\/\/api.w.org\/{rel}","templated":true}]}}