{"id":42,"date":"2015-03-13T08:40:47","date_gmt":"2015-03-13T08:40:47","guid":{"rendered":"http:\/\/blogsaverroes.juntadeandalucia.es\/pre\/ceip\/?page_id=42"},"modified":"2020-11-08T12:06:37","modified_gmt":"2020-11-08T11:06:37","slug":"equipo-directivo","status":"publish","type":"page","link":"https:\/\/blogsaverroes.juntadeandalucia.es\/iescasabermeja\/equipo-directivo\/","title":{"rendered":"Equipo directivo"},"content":{"rendered":"<p>Tras presentar proyecto de direcci\u00f3n y para el periodo 2020\/2024 la composici\u00f3n del Equipo Directivo ser\u00e1 el siguiente:<\/p>\n<p><strong>Direcci\u00f3n: <\/strong>D. Eugenio S\u00e1nchez Simonet.<\/p>\n<p><strong>Jefatura de estudios: <\/strong>D. Antonio Arroyo Mart\u00edn.<\/p>\n<p><strong>Secretar\u00eda: <\/strong>D\u00f1\u00aa. Susana Pozo Barea.<\/p>\n","protected":false},"excerpt":{"rendered":"<p>Tras presentar proyecto de direcci\u00f3n y para el periodo 2020\/2024 la composici\u00f3n del Equipo Directivo ser\u00e1 el siguiente: Direcci\u00f3n: D. Eugenio S\u00e1nchez Simonet. Jefatura de estudios: D. Antonio Arroyo Mart\u00edn. Secretar\u00eda: D\u00f1\u00aa. Susana Pozo&#46;&#46;&#46;<\/p>\n","protected":false},"author":1,"featured_media":0,"parent":0,"menu_order":0,"comment_status":"closed","ping_status":"open","template":"page-cs.php","meta":{"ngg_post_thumbnail":0,"footnotes":"","_mc_calendar":[]},"aioseo_notices":[],"_links":{"self":[{"href":"https:\/\/blogsaverroes.juntadeandalucia.es\/iescasabermeja\/wp-json\/wp\/v2\/pages\/42"}],"collection":[{"href":"https:\/\/blogsaverroes.juntadeandalucia.es\/iescasabermeja\/wp-json\/wp\/v2\/pages"}],"about":[{"href":"https:\/\/blogsaverroes.juntadeandalucia.es\/iescasabermeja\/wp-json\/wp\/v2\/types\/page"}],"author":[{"embeddable":true,"href":"https:\/\/blogsaverroes.juntadeandalucia.es\/iescasabermeja\/wp-json\/wp\/v2\/users\/1"}],"replies":[{"embeddable":true,"href":"https:\/\/blogsaverroes.juntadeandalucia.es\/iescasabermeja\/wp-json\/wp\/v2\/comments?post=42"}],"version-history":[{"count":7,"href":"https:\/\/blogsaverroes.juntadeandalucia.es\/iescasabermeja\/wp-json\/wp\/v2\/pages\/42\/revisions"}],"predecessor-version":[{"id":3732,"href":"https:\/\/blogsaverroes.juntadeandalucia.es\/iescasabermeja\/wp-json\/wp\/v2\/pages\/42\/revisions\/3732"}],"wp:attachment":[{"href":"https:\/\/blogsaverroes.juntadeandalucia.es\/iescasabermeja\/wp-json\/wp\/v2\/media?parent=42"}],"curies":[{"name":"wp","href":"https:\/\/api.w.org\/{rel}","templated":true}]}}

<p>Tras presentar proyecto de dirección y para el periodo 2020/2024 la composición del Equipo Directivo será el siguiente:</p>
<p><strong>Dirección: </strong>D. Eugenio Sánchez Simonet.</p>
<p><strong>Jefatura de estudios: </strong>D. Antonio Arroyo Martín.</p>
<p><strong>Secretaría: </strong>Dñª. Susana Pozo Barea.</p>

<p>Tras presentar proyecto de dirección y para el periodo 2020/2024 la composición del Equipo Directivo será el siguiente: Dirección: D. Eugenio Sánchez Simonet. Jefatura de estudios: D. Antonio Arroyo Martín. Secretaría: Dñª. Susana Pozo&#46;&#46;&#46;</p>
