{"id":2412,"date":"2016-10-30T17:55:14","date_gmt":"2016-10-30T17:55:14","guid":{"rendered":"http:\/\/blogsaverroes.juntadeandalucia.es\/iescastillodetempul\/?page_id=2412"},"modified":"2019-03-06T21:51:04","modified_gmt":"2019-03-06T21:51:04","slug":"2eso","status":"publish","type":"page","link":"https:\/\/blogsaverroes.juntadeandalucia.es\/iescastillodetempul\/2eso\/","title":{"rendered":"2\u00ba E.S.O."},"content":{"rendered":"<p><strong>PROGRAMA DE GRATUIDAD DE LIBROS DE TEXTO<\/strong><br \/>\n<strong>RELACI\u00d3N DE LIBROS USADOS EN CADA MATERIA<\/strong><\/p>\n<hr>\n<p><strong>CURSO 2018\/2019<\/strong><br \/>\n<strong>Curso: 2\u00ba de E.S.O.<\/strong><\/p>\n<table>\n<tbody>\n<tr>\n<td><strong>Nombre de la Materia<\/strong><\/td>\n<td><strong>EAN<\/strong><\/td>\n<td><strong>Editorial<\/strong><\/td>\n<td><strong>T\u00edtulo del libro<\/strong><\/td>\n<\/tr>\n<tr>\n<td>Educaci\u00f3n F\u00edsica<\/td>\n<td>9788469827567<\/td>\n<td>Grupo Anaya, S.A.<\/td>\n<td>Educaci\u00f3n F\u00edsica.2\u00ba ESO.Proyecto aprender es crecer<\/td>\n<\/tr>\n<tr>\n<td>Educaci\u00f3n Pl\u00e1stica Visual y Audiovisual&nbsp;<\/td>\n<td>9788467852851<\/td>\n<td>Grupo Anaya, S.A.<\/td>\n<td>Educaci\u00f3n Pl\u00e1stica, Visual y Audiovisual. 2\u00baESO<\/td>\n<\/tr>\n<tr>\n<td>F\u00edsica y Qu\u00edmica<\/td>\n<td>9788468040097<\/td>\n<td>Santillana Grazalema, S.L.<\/td>\n<td>F\u00edsica y Qu\u00edmica 2\u00baESO Serie Investiga (Andaluc\u00eda). Proyecto Saber Hacer<\/td>\n<\/tr>\n<tr>\n<td>Franc\u00e9s (Segundo Idioma)<\/td>\n<td>9788490490891<\/td>\n<td>Santillana Grazalema, S.L.<\/td>\n<td>Franc\u00e9s. 2\u00ba y 3\u00ba ESO. Parachute 2<\/td>\n<\/tr>\n<tr>\n<td>Geograf\u00eda e Historia<\/td>\n<td>9788491320388<\/td>\n<td>Santillana Grazalema, S.L.<\/td>\n<td>Geograf\u00eda e Historia. 2\u00ba ESO. Serie&nbsp;Descubre (Andaluc\u00eda). Proyecto Saber Hacer<\/td>\n<\/tr>\n<tr>\n<td>Ingl\u00e9s<\/td>\n<td>9789963517107<\/td>\n<td>Burlington Books, S.A.<\/td>\n<td>Lengua Extranjera. Ingl\u00e9s. 2\u00ba ESO. New Action! Student\u2019s book&nbsp;Andalusia<\/td>\n<\/tr>\n<tr>\n<td>Lengua Castellana y Literatura<\/td>\n<td>9788469814925<\/td>\n<td>Grupo Anaya, S.A.<\/td>\n<td>Lengua Castellana y Literatura. 2\u00ba ESO.Proyecto aprender es crecer<\/td>\n<\/tr>\n<tr>\n<td>\u00c1mbito Ling\u00fc\u00edstico y Social<\/td>\n<td>9788490787717<\/td>\n<td>Editorial Editex, S.A.<\/td>\n<td>PMAR. 2\u00ba ESO, \u00c1mbito Ling\u00fc\u00edstico y Social I.&nbsp;<\/td>\n<\/tr>\n<tr>\n<td>Matem\u00e1ticas<\/td>\n<td>9788469832189<\/td>\n<td>Grupo Anaya, S.A.<\/td>\n<td>Matem\u00e1ticas, 2\u00ba ESO.&nbsp;Proyecto aprender es crecer.<\/td>\n<\/tr>\n<tr>\n<td>\u00c1mbito Cient\u00edfico y Matem\u00e1tico<\/td>\n<td>9788469614150<\/td>\n<td>Editorial Bru\u00f1o, S.L.<\/td>\n<td>\u00c1mbito Cient\u00edfico y Matem\u00e1tico. 1\u00ba y 2\u00ba ESO. Programa Mejora&nbsp;Nivel I<\/td>\n<\/tr>\n<tr>\n<td>Tecnolog\u00eda<\/td>\n<td>9788469816509<\/td>\n<td>Grupo Anaya, S.A.<\/td>\n<td>Tecnolog\u00eda 2\u00ba E.S.O. Proyecto aprender es crecer<\/td>\n<\/tr>\n<tr>\n<td>Valores \u00c9ticos<\/td>\n<td>9788469824818<\/td>\n<td>Grupo Anaya, S.A.<\/td>\n<td>Valores \u00c9ticos.2\u00ba E.S.O. Proyecto aprender es crecer<\/td>\n<\/tr>\n<\/tbody>\n<\/table>\n<p>&nbsp;<\/p>\n","protected":false},"excerpt":{"rendered":"<p>PROGRAMA DE GRATUIDAD DE LIBROS DE TEXTO RELACI\u00d3N DE LIBROS USADOS EN CADA MATERIA CURSO 2018\/2019 Curso: 2\u00ba de E.S.O. Nombre de la Materia EAN Editorial T\u00edtulo del libro Educaci\u00f3n F\u00edsica 9788469827567 Grupo Anaya,&#46;&#46;&#46;<\/p>\n","protected":false},"author":4130,"featured_media":0,"parent":0,"menu_order":0,"comment_status":"open","ping_status":"open","template":"","meta":{"ngg_post_thumbnail":0,"footnotes":"","_mc_calendar":[]},"aioseo_notices":[],"_links":{"self":[{"href":"https:\/\/blogsaverroes.juntadeandalucia.es\/iescastillodetempul\/wp-json\/wp\/v2\/pages\/2412"}],"collection":[{"href":"https:\/\/blogsaverroes.juntadeandalucia.es\/iescastillodetempul\/wp-json\/wp\/v2\/pages"}],"about":[{"href":"https:\/\/blogsaverroes.juntadeandalucia.es\/iescastillodetempul\/wp-json\/wp\/v2\/types\/page"}],"author":[{"embeddable":true,"href":"https:\/\/blogsaverroes.juntadeandalucia.es\/iescastillodetempul\/wp-json\/wp\/v2\/users\/4130"}],"replies":[{"embeddable":true,"href":"https:\/\/blogsaverroes.juntadeandalucia.es\/iescastillodetempul\/wp-json\/wp\/v2\/comments?post=2412"}],"version-history":[{"count":4,"href":"https:\/\/blogsaverroes.juntadeandalucia.es\/iescastillodetempul\/wp-json\/wp\/v2\/pages\/2412\/revisions"}],"predecessor-version":[{"id":5000,"href":"https:\/\/blogsaverroes.juntadeandalucia.es\/iescastillodetempul\/wp-json\/wp\/v2\/pages\/2412\/revisions\/5000"}],"wp:attachment":[{"href":"https:\/\/blogsaverroes.juntadeandalucia.es\/iescastillodetempul\/wp-json\/wp\/v2\/media?parent=2412"}],"curies":[{"name":"wp","href":"https:\/\/api.w.org\/{rel}","templated":true}]}}

2º E.S.O.

<p><strong>PROGRAMA DE GRATUIDAD DE LIBROS DE TEXTO</strong><br />
<strong>RELACIÓN DE LIBROS USADOS EN CADA MATERIA</strong></p>
<hr>
<p><strong>CURSO 2018/2019</strong><br />
<strong>Curso: 2º de E.S.O.</strong></p>
<table>
<tbody>
<tr>
<td><strong>Nombre de la Materia</strong></td>
<td><strong>EAN</strong></td>
<td><strong>Editorial</strong></td>
<td><strong>Título del libro</strong></td>
</tr>
<tr>
<td>Educación Física</td>
<td>9788469827567</td>
<td>Grupo Anaya, S.A.</td>
<td>Educación Física.2º ESO.Proyecto aprender es crecer</td>
</tr>
<tr>
<td>Educación Plástica Visual y Audiovisual&nbsp;</td>
<td>9788467852851</td>
<td>Grupo Anaya, S.A.</td>
<td>Educación Plástica, Visual y Audiovisual. 2ºESO</td>
</tr>
<tr>
<td>Física y Química</td>
<td>9788468040097</td>
<td>Santillana Grazalema, S.L.</td>
<td>Física y Química 2ºESO Serie Investiga (Andalucía). Proyecto Saber Hacer</td>
</tr>
<tr>
<td>Francés (Segundo Idioma)</td>
<td>9788490490891</td>
<td>Santillana Grazalema, S.L.</td>
<td>Francés. 2º y 3º ESO. Parachute 2</td>
</tr>
<tr>
<td>Geografía e Historia</td>
<td>9788491320388</td>
<td>Santillana Grazalema, S.L.</td>
<td>Geografía e Historia. 2º ESO. Serie&nbsp;Descubre (Andalucía). Proyecto Saber Hacer</td>
</tr>
<tr>
<td>Inglés</td>
<td>9789963517107</td>
<td>Burlington Books, S.A.</td>
<td>Lengua Extranjera. Inglés. 2º ESO. New Action! Student’s book&nbsp;Andalusia</td>
</tr>
<tr>
<td>Lengua Castellana y Literatura</td>
<td>9788469814925</td>
<td>Grupo Anaya, S.A.</td>
<td>Lengua Castellana y Literatura. 2º ESO.Proyecto aprender es crecer</td>
</tr>
<tr>
<td>Ámbito Lingüístico y Social</td>
<td>9788490787717</td>
<td>Editorial Editex, S.A.</td>
<td>PMAR. 2º ESO, Ámbito Lingüístico y Social I.&nbsp;</td>
</tr>
<tr>
<td>Matemáticas</td>
<td>9788469832189</td>
<td>Grupo Anaya, S.A.</td>
<td>Matemáticas, 2º ESO.&nbsp;Proyecto aprender es crecer.</td>
</tr>
<tr>
<td>Ámbito Científico y Matemático</td>
<td>9788469614150</td>
<td>Editorial Bruño, S.L.</td>
<td>Ámbito Científico y Matemático. 1º y 2º ESO. Programa Mejora&nbsp;Nivel I</td>
</tr>
<tr>
<td>Tecnología</td>
<td>9788469816509</td>
<td>Grupo Anaya, S.A.</td>
<td>Tecnología 2º E.S.O. Proyecto aprender es crecer</td>
</tr>
<tr>
<td>Valores Éticos</td>
<td>9788469824818</td>
<td>Grupo Anaya, S.A.</td>
<td>Valores Éticos.2º E.S.O. Proyecto aprender es crecer</td>
</tr>
</tbody>
</table>
<p>&nbsp;</p>

<p>PROGRAMA DE GRATUIDAD DE LIBROS DE TEXTO RELACIÓN DE LIBROS USADOS EN CADA MATERIA CURSO 2018/2019 Curso: 2º de E.S.O. Nombre de la Materia EAN Editorial Título del libro Educación Física 9788469827567 Grupo Anaya,&#46;&#46;&#46;</p>
