{"id":2500,"date":"2016-11-04T19:39:59","date_gmt":"2016-11-04T19:39:59","guid":{"rendered":"http:\/\/blogsaverroes.juntadeandalucia.es\/iescastillodetempul\/?page_id=2500"},"modified":"2016-11-20T22:36:14","modified_gmt":"2016-11-20T22:36:14","slug":"relato-de-terror","status":"publish","type":"page","link":"https:\/\/blogsaverroes.juntadeandalucia.es\/iescastillodetempul\/relato-de-terror\/","title":{"rendered":"Relato de terror"},"content":{"rendered":"<p><a href=\"http:\/\/blogsaverroes.juntadeandalucia.es\/iescastillodetempul\/files\/2016\/11\/photostudio_1478288668739.jpg\"><img loading=\"lazy\" decoding=\"async\" class=\"aligncenter size-medium wp-image-2503\" src=\"http:\/\/blogsaverroes.juntadeandalucia.es\/iescastillodetempul\/files\/2016\/11\/photostudio_1478288668739-300x300.jpg\" alt=\"photostudio_1478288668739\" width=\"900\" height=\"900\" srcset=\"https:\/\/blogsaverroes.juntadeandalucia.es\/iescastillodetempul\/files\/2016\/11\/photostudio_1478288668739-300x300.jpg 300w, https:\/\/blogsaverroes.juntadeandalucia.es\/iescastillodetempul\/files\/2016\/11\/photostudio_1478288668739-150x150.jpg 150w, https:\/\/blogsaverroes.juntadeandalucia.es\/iescastillodetempul\/files\/2016\/11\/photostudio_1478288668739-100x100.jpg 100w, https:\/\/blogsaverroes.juntadeandalucia.es\/iescastillodetempul\/files\/2016\/11\/photostudio_1478288668739-432x432.jpg 432w, https:\/\/blogsaverroes.juntadeandalucia.es\/iescastillodetempul\/files\/2016\/11\/photostudio_1478288668739-268x268.jpg 268w, https:\/\/blogsaverroes.juntadeandalucia.es\/iescastillodetempul\/files\/2016\/11\/photostudio_1478288668739.jpg 604w\" sizes=\"(max-width: 900px) 100vw, 900px\" \/><\/a><\/p>\n<p>Y vuelvo a escuchar otra vez ese ruido tan estremecedor, \u00a0lo comparar\u00eda con el dolor de una madre cuando pierde a su hijo, es tan intenso . . .<\/p>\n<p>En esta habitaci\u00f3n tan blanca con las paredes acolchadas deber\u00eda sentirme a salvo de las voces en mi cabeza, me atormentan y cada d\u00eda es un suplicio. Aqu\u00ed hay otros como yo, aunque me siento muy solo. Los fantasmas de las batas blancas me clavan sus grandes agujas que crean un efecto somn\u00edfero en mi. Cuando lo hacen siento un gran dolor y me siento impotente, me tienen totalmente inmovilizado con unas correas que me oprimen tanto que casi me ahogan, los llantos de los dem\u00e1s son m\u00fasica para mis o\u00eddos, cada una de sus l\u00e1grimas me dan la vida , lo se soy un engendro vivo del dolor de las gentes personas (si es que as\u00ed se pueden llamar) que habitan en este oscuro lugar, todos huyendo de algo, vuelven las voces de 1000 personas balbuceando en mi interior y otra vez siento ese gran dolor. A veces cuando los fantasmas duermen, recuerdo mi antigua vida antes de ser un animal sin alma, en ese momento reina el silencio y recuerdo aquellos veranos en el barrio, cuando no exist\u00edan las voces y las sombras que me persiguen , esa sensaci\u00f3n maravillosa solo dura unos segundos y luego vuelvo a ser yo, la colmena a la que todos llaman cabeza vuelve a llenarse de ruidos que se mezclan hasta enloquecerme m\u00e1s de lo que ya estaba, pero esto nos pasa a todos \u00bfno? A ti tambi\u00e9n, todas las noches . . . \u00a0te escucho.<\/p>\n<p>Inmaculada Garc\u00eda.<\/p>\n","protected":false},"excerpt":{"rendered":"<p>Y vuelvo a escuchar otra vez ese ruido tan estremecedor, \u00a0lo comparar\u00eda con el dolor de una madre cuando pierde a su hijo, es tan intenso . . . En esta habitaci\u00f3n tan blanca&#46;&#46;&#46;<\/p>\n","protected":false},"author":4130,"featured_media":0,"parent":0,"menu_order":0,"comment_status":"open","ping_status":"open","template":"template-full-width.php","meta":{"ngg_post_thumbnail":0,"footnotes":"","_mc_calendar":[]},"aioseo_notices":[],"_links":{"self":[{"href":"https:\/\/blogsaverroes.juntadeandalucia.es\/iescastillodetempul\/wp-json\/wp\/v2\/pages\/2500"}],"collection":[{"href":"https:\/\/blogsaverroes.juntadeandalucia.es\/iescastillodetempul\/wp-json\/wp\/v2\/pages"}],"about":[{"href":"https:\/\/blogsaverroes.juntadeandalucia.es\/iescastillodetempul\/wp-json\/wp\/v2\/types\/page"}],"author":[{"embeddable":true,"href":"https:\/\/blogsaverroes.juntadeandalucia.es\/iescastillodetempul\/wp-json\/wp\/v2\/users\/4130"}],"replies":[{"embeddable":true,"href":"https:\/\/blogsaverroes.juntadeandalucia.es\/iescastillodetempul\/wp-json\/wp\/v2\/comments?post=2500"}],"version-history":[{"count":6,"href":"https:\/\/blogsaverroes.juntadeandalucia.es\/iescastillodetempul\/wp-json\/wp\/v2\/pages\/2500\/revisions"}],"predecessor-version":[{"id":2615,"href":"https:\/\/blogsaverroes.juntadeandalucia.es\/iescastillodetempul\/wp-json\/wp\/v2\/pages\/2500\/revisions\/2615"}],"wp:attachment":[{"href":"https:\/\/blogsaverroes.juntadeandalucia.es\/iescastillodetempul\/wp-json\/wp\/v2\/media?parent=2500"}],"curies":[{"name":"wp","href":"https:\/\/api.w.org\/{rel}","templated":true}]}}