{"id":2519,"date":"2016-11-08T13:29:32","date_gmt":"2016-11-08T13:29:32","guid":{"rendered":"http:\/\/blogsaverroes.juntadeandalucia.es\/iescastillodetempul\/?page_id=2519"},"modified":"2024-01-12T10:07:05","modified_gmt":"2024-01-12T10:07:05","slug":"ecoescuela","status":"publish","type":"page","link":"https:\/\/blogsaverroes.juntadeandalucia.es\/iescastillodetempul\/ecoescuela\/","title":{"rendered":"Ecoescuela y programa ALDEA"},"content":{"rendered":"<p><a href=\"https:\/\/blogsaverroes.juntadeandalucia.es\/iescastillodetempul\/files\/2024\/01\/Logo-CIMA_max-calidad2.png\"><img loading=\"lazy\" decoding=\"async\" class=\"size-full wp-image-6451 alignleft\" src=\"https:\/\/blogsaverroes.juntadeandalucia.es\/iescastillodetempul\/files\/2024\/01\/Logo-CIMA_max-calidad2.png\" alt=\"\" width=\"278\" height=\"250\"><\/a><\/p>\n<p>&nbsp;<\/p>\n<p>&nbsp;<\/p>\n<p>&nbsp;<\/p>\n<p>&nbsp;<\/p>\n<p>&nbsp;<\/p>\n<p>&nbsp;<\/p>\n<p>Ecoescuelas es un programa de \u00e1mbito internacional coordinado por la Fundaci\u00f3n Europea de Educaci\u00f3n Ambiental (FEE) y desarrollado en Espa\u00f1a por la Asociaci\u00f3n de Educaci\u00f3n Ambiental<br \/>\ny el Consumidor (ADEAC), miembro de FEE.<\/p>\n<p>Est\u00e1 dirigido a la gesti\u00f3n y certificaci\u00f3n medioambiental y a la educaci\u00f3n para el desarrollo sostenible en los centros educativos, para aquellos centros que desean trabajar en torno a un proyecto global que suponga educar en el respeto, la responsabilidad, en la convivencia, en la solidaridad, en la generosidad, en la resoluci\u00f3n y an\u00e1lisis de problemas&#8230;<\/p>\n<p>&nbsp;<\/p>\n<p><strong><span id=\"page25R_mcid6\" class=\"markedContent\"><span dir=\"ltr\" role=\"presentation\">Red Andaluza de Ecoescuelas y programa ALDEA<br \/>\n<\/span><\/span><\/strong><\/p>\n<p><span id=\"page25R_mcid30\" class=\"markedContent\"><span dir=\"ltr\" role=\"presentation\">Esta red est\u00e1 dirigida a los centros educativos andaluces que desean llevar a cabo un Proyecto<\/span><\/span><span id=\"page25R_mcid31\" class=\"markedContent\"><br role=\"presentation\"><span dir=\"ltr\" role=\"presentation\">Integral de Educaci\u00f3n Ambiental para la Sostenibilidad con el objetivo de impulsar la<\/span><\/span><span id=\"page25R_mcid32\" class=\"markedContent\"><br role=\"presentation\"><span dir=\"ltr\" role=\"presentation\">transformaci\u00f3n de sus espacios a trav\u00e9s de la investigaci\u00f3n educativa y la promoci\u00f3n de<\/span><\/span><span id=\"page25R_mcid33\" class=\"markedContent\"><br role=\"presentation\"><span dir=\"ltr\" role=\"presentation\">pr\u00e1cticas sostenibles. Aquellos centros que cumplan con los objetivos de la red podr\u00e1n<\/span><\/span><span id=\"page25R_mcid34\" class=\"markedContent\"><br role=\"presentation\"><span dir=\"ltr\" role=\"presentation\">obtener el<\/span><\/span><strong><span id=\"page25R_mcid35\" class=\"markedContent\"> <span dir=\"ltr\" role=\"presentation\">galard\u00f3n \u201cBandera Verde\u201d<\/span><\/span><\/strong><span id=\"page25R_mcid36\" class=\"markedContent\"><span dir=\"ltr\" role=\"presentation\">, que los identifica como modelo de calidad educativa por<\/span><\/span><span id=\"page25R_mcid37\" class=\"markedContent\"><br role=\"presentation\"><span dir=\"ltr\" role=\"presentation\">su coherencia ambiental. Los centros interesados<\/span><\/span><span id=\"page25R_mcid38\" class=\"markedContent\"> <span dir=\"ltr\" role=\"presentation\">en la integraci\u00f3n en la Red Andaluza de<\/span><\/span><span id=\"page25R_mcid39\" class=\"markedContent\"><br role=\"presentation\"><span dir=\"ltr\" role=\"presentation\">Ecoescuelas<\/span><\/span><span id=\"page25R_mcid40\" class=\"markedContent\"> <span dir=\"ltr\" role=\"presentation\">podr\u00e1n solicitarlo a trav\u00e9s de convocatoria espec\u00edfica. Ser\u00e1 requisito para ello<\/span><\/span><span id=\"page25R_mcid41\" class=\"markedContent\"><br role=\"presentation\"><span dir=\"ltr\" role=\"presentation\">participar en el <strong>Programa CIMA<\/strong> seleccionando al menos una L\u00ednea de Actuaci\u00f3n del \u00e1mbito de<\/span><\/span><span id=\"page25R_mcid42\" class=\"markedContent\"><br role=\"presentation\"><span dir=\"ltr\" role=\"presentation\">conocimiento \u201cAldea, educaci\u00f3n ambiental para la sostenibilidad\u201d.<\/span><\/span><\/p>\n<div>Blog de la ecoescuela, ECOTEMPUL<a href=\"http:\/\/ecoescuelatempul.blogspot.com.es\/\"><img loading=\"lazy\" decoding=\"async\" class=\" size-medium wp-image-2439 aligncenter\" src=\"http:\/\/blogsaverroes.juntadeandalucia.es\/iescastillodetempul\/files\/2016\/11\/logo-ecoescuela-217x300.png\" alt=\"logo ecoescuela\" width=\"217\" height=\"300\" srcset=\"https:\/\/blogsaverroes.juntadeandalucia.es\/iescastillodetempul\/files\/2016\/11\/logo-ecoescuela-217x300.png 217w, https:\/\/blogsaverroes.juntadeandalucia.es\/iescastillodetempul\/files\/2016\/11\/logo-ecoescuela.png 279w\" sizes=\"(max-width: 217px) 100vw, 217px\" \/><\/a>Red Andaluza de Ecoescuelas<\/div>\n<div>\n<p><a href=\"http:\/\/www.juntadeandalucia.es\/educacion\/webportal\/web\/educacion-ambiental\/programa-aldea\/ecoescuelas\"><img loading=\"lazy\" decoding=\"async\" class=\"aligncenter size-medium wp-image-2530\" src=\"http:\/\/blogsaverroes.juntadeandalucia.es\/iescastillodetempul\/files\/2016\/11\/ecoescuelas_red-300x300.png\" alt=\"ecoescuelas_red\" width=\"300\" height=\"300\" srcset=\"https:\/\/blogsaverroes.juntadeandalucia.es\/iescastillodetempul\/files\/2016\/11\/ecoescuelas_red-300x300.png 300w, https:\/\/blogsaverroes.juntadeandalucia.es\/iescastillodetempul\/files\/2016\/11\/ecoescuelas_red-150x150.png 150w, https:\/\/blogsaverroes.juntadeandalucia.es\/iescastillodetempul\/files\/2016\/11\/ecoescuelas_red-100x100.png 100w, https:\/\/blogsaverroes.juntadeandalucia.es\/iescastillodetempul\/files\/2016\/11\/ecoescuelas_red-432x432.png 432w, https:\/\/blogsaverroes.juntadeandalucia.es\/iescastillodetempul\/files\/2016\/11\/ecoescuelas_red-268x268.png 268w, https:\/\/blogsaverroes.juntadeandalucia.es\/iescastillodetempul\/files\/2016\/11\/ecoescuelas_red.png 530w\" sizes=\"(max-width: 300px) 100vw, 300px\" \/><\/a><\/p>\n<p><a href=\"http:\/\/feriadelaciencia.cepjerez.es\"><img loading=\"lazy\" decoding=\"async\" class=\"aligncenter size-medium wp-image-2616\" src=\"http:\/\/blogsaverroes.juntadeandalucia.es\/iescastillodetempul\/files\/2016\/11\/cabecera-300x30.png\" alt=\"cabecera\" width=\"300\" height=\"30\" srcset=\"https:\/\/blogsaverroes.juntadeandalucia.es\/iescastillodetempul\/files\/2016\/11\/cabecera-300x30.png 300w, https:\/\/blogsaverroes.juntadeandalucia.es\/iescastillodetempul\/files\/2016\/11\/cabecera-700x70.png 700w, https:\/\/blogsaverroes.juntadeandalucia.es\/iescastillodetempul\/files\/2016\/11\/cabecera.png 800w\" sizes=\"(max-width: 300px) 100vw, 300px\" \/><\/a><\/p>\n<p>Canal de videos de youtube de la ecoescuela del IES Castillo de Tempul<br \/>\n<a href=\"https:\/\/www.youtube.com\/channel\/UCAk6Sp32CL3XC4-neIouedw\/videos\" target=\"_blank\" rel=\"noopener noreferrer\">https:\/\/www.youtube.com\/channel\/UCAk6Sp32CL3XC4-neIouedw\/videos<\/a><\/p>\n<p><iframe loading=\"lazy\" src=\"https:\/\/www.youtube.com\/embed\/bsKQWIR9m4s\" width=\"560\" height=\"315\" frameborder=\"0\"><\/iframe><\/p>\n<p><strong>Acuerdo de colaboraci\u00f3n entre la Ecoescuela IES Castillo de TEMPUL y la asociaci\u00f3n AVADE<\/strong><br \/>\n<iframe loading=\"lazy\" src=\"https:\/\/www.youtube.com\/embed\/vfDR6fDZti8\" width=\"560\" height=\"315\" frameborder=\"0\"><\/iframe><\/p>\n<p><strong><br \/>\nAldea. Educaci\u00f3n ambiental para la sostenibilidad<\/strong><\/p>\n<p>Este \u00e1mbito, que se viene trabajando en la comunidad educativa andaluza desde la Consejer\u00eda de Desarrollo Educativo y Formaci\u00f3n Profesional, la Consejer\u00eda de Sostenibilidad, Medio Ambiente y Econom\u00eda Azul y la Consejer\u00eda de Agricultura, Pesca, Agua y Desarrollo Rural, pretende promover el desarrollo integrado de iniciativas de educaci\u00f3n ambiental ante la situaci\u00f3n de emergencia clim\u00e1tica actual, la conexi\u00f3n con la naturaleza y renaturalizaci\u00f3n de espacios, el cambio clim\u00e1tico, el desarrollo sostenible y las relaciones del ser humano con su entorno social y natural (competencia ecosocial).<\/p>\n<p>Este \u00e1mbito se articula en torno a diferentes l\u00edneas de actuaci\u00f3n con el objeto de contribuir a una transformaci\u00f3n hacia sociedades m\u00e1s justas, democr\u00e1ticas y sostenibles y permitiendo el logro de una educaci\u00f3n integral que comparte y se asienta en los cuatro pilares educativos que propone la UNESCO: Aprender a ser, aprender a convivir, aprender a conocer, aprender a hacer.<\/p>\n<p>En este sentido, se plantean las siguientes L\u00edneas de Actuaci\u00f3n dentro de este \u00e1mbito de conocimiento, entendiendo todas ellas como pilares fundamentales para educar en la sostenibilidad<\/p>\n<p>Educaci\u00f3n para la circularidad.<\/p>\n<p>Uso sostenible y responsable del agua.<\/p>\n<p>Huertos escolares (Ecoescuela)<\/p>\n<\/div>\n","protected":false},"excerpt":{"rendered":"<p>&nbsp; &nbsp; &nbsp; &nbsp; &nbsp; &nbsp; Ecoescuelas es un programa de \u00e1mbito internacional coordinado por la Fundaci\u00f3n Europea de Educaci\u00f3n Ambiental (FEE) y desarrollado en Espa\u00f1a por la Asociaci\u00f3n de Educaci\u00f3n Ambiental y el&#46;&#46;&#46;<\/p>\n","protected":false},"author":4130,"featured_media":0,"parent":0,"menu_order":0,"comment_status":"open","ping_status":"open","template":"","meta":{"ngg_post_thumbnail":0,"footnotes":"","_mc_calendar":[]},"aioseo_notices":[],"_links":{"self":[{"href":"https:\/\/blogsaverroes.juntadeandalucia.es\/iescastillodetempul\/wp-json\/wp\/v2\/pages\/2519"}],"collection":[{"href":"https:\/\/blogsaverroes.juntadeandalucia.es\/iescastillodetempul\/wp-json\/wp\/v2\/pages"}],"about":[{"href":"https:\/\/blogsaverroes.juntadeandalucia.es\/iescastillodetempul\/wp-json\/wp\/v2\/types\/page"}],"author":[{"embeddable":true,"href":"https:\/\/blogsaverroes.juntadeandalucia.es\/iescastillodetempul\/wp-json\/wp\/v2\/users\/4130"}],"replies":[{"embeddable":true,"href":"https:\/\/blogsaverroes.juntadeandalucia.es\/iescastillodetempul\/wp-json\/wp\/v2\/comments?post=2519"}],"version-history":[{"count":18,"href":"https:\/\/blogsaverroes.juntadeandalucia.es\/iescastillodetempul\/wp-json\/wp\/v2\/pages\/2519\/revisions"}],"predecessor-version":[{"id":6456,"href":"https:\/\/blogsaverroes.juntadeandalucia.es\/iescastillodetempul\/wp-json\/wp\/v2\/pages\/2519\/revisions\/6456"}],"wp:attachment":[{"href":"https:\/\/blogsaverroes.juntadeandalucia.es\/iescastillodetempul\/wp-json\/wp\/v2\/media?parent=2519"}],"curies":[{"name":"wp","href":"https:\/\/api.w.org\/{rel}","templated":true}]}}