{"id":2643,"date":"2016-12-04T20:44:51","date_gmt":"2016-12-04T20:44:51","guid":{"rendered":"http:\/\/blogsaverroes.juntadeandalucia.es\/iescastillodetempul\/?page_id=2643"},"modified":"2016-12-04T20:44:51","modified_gmt":"2016-12-04T20:44:51","slug":"dia-de-la-constitucion-espanola","status":"publish","type":"page","link":"https:\/\/blogsaverroes.juntadeandalucia.es\/iescastillodetempul\/dia-de-la-constitucion-espanola\/","title":{"rendered":"D\u00eda de la constituci\u00f3n Espa\u00f1ola"},"content":{"rendered":"<p><a href=\"http:\/\/blogsaverroes.juntadeandalucia.es\/iescastillodetempul\/files\/2016\/12\/IMG-20161204-WA00041.jpg\"><img loading=\"lazy\" decoding=\"async\" class=\"aligncenter size-medium wp-image-2641\" src=\"http:\/\/blogsaverroes.juntadeandalucia.es\/iescastillodetempul\/files\/2016\/12\/IMG-20161204-WA00041-300x223.jpg\" alt=\"IMG-20161204-WA0004\" width=\"300\" height=\"223\" srcset=\"https:\/\/blogsaverroes.juntadeandalucia.es\/iescastillodetempul\/files\/2016\/12\/IMG-20161204-WA00041-300x223.jpg 300w, https:\/\/blogsaverroes.juntadeandalucia.es\/iescastillodetempul\/files\/2016\/12\/IMG-20161204-WA00041-1024x760.jpg 1024w, https:\/\/blogsaverroes.juntadeandalucia.es\/iescastillodetempul\/files\/2016\/12\/IMG-20161204-WA00041-700x519.jpg 700w, https:\/\/blogsaverroes.juntadeandalucia.es\/iescastillodetempul\/files\/2016\/12\/IMG-20161204-WA00041-24x18.jpg 24w, https:\/\/blogsaverroes.juntadeandalucia.es\/iescastillodetempul\/files\/2016\/12\/IMG-20161204-WA00041-36x27.jpg 36w, https:\/\/blogsaverroes.juntadeandalucia.es\/iescastillodetempul\/files\/2016\/12\/IMG-20161204-WA00041-48x36.jpg 48w, https:\/\/blogsaverroes.juntadeandalucia.es\/iescastillodetempul\/files\/2016\/12\/IMG-20161204-WA00041.jpg 1599w\" sizes=\"(max-width: 300px) 100vw, 300px\" \/><\/a><\/p>\n<p>Cada <strong>6 de diciembre<\/strong> se celebra en Espa\u00f1a el <strong>d\u00eda de la Constituci\u00f3n espa\u00f1ola<\/strong>. Ese d\u00eda se conmemora su aprobaci\u00f3n por amplia mayor\u00eda mediante un <strong>Referendum <\/strong>constitucional el a\u00f1o 1978.<\/p>\n<p>La Constituci\u00f3n espa\u00f1ola entr\u00f3 en vigor el 29 de diciembre de ese mismo a\u00f1o. Fue uno de los hechos que marcaron un antes y un despu\u00e9s en la <strong>Transici\u00f3n Espa\u00f1ola<\/strong> iniciada tras la muerte de Francisco Franco el 20 de noviembre de 1975.<\/p>\n<p>Su t\u00edtulo preliminar proclama un\u00a0<em>Estado social y democr\u00e1tico de Derecho que propugna como valores superiores del ordenamiento jur\u00eddico la\u00a0libertad, la\u00a0justicia, la igualdad\u00a0y el pluralismo pol\u00edtico<\/em>. Con su entrada en vigor se estableci\u00f3 la <strong>monarqu\u00eda parlamentaria<\/strong> como nueva forma de gobierno y se afianz\u00f3 la <strong>soberan\u00eda popular<\/strong>.<\/p>\n<p><a href=\"http:\/\/blogsaverroes.juntadeandalucia.es\/iescastillodetempul\/files\/2016\/12\/36dac3a8-25d8-43e7-b88b-3b2aed98764c.jpg\"><img loading=\"lazy\" decoding=\"async\" class=\"aligncenter size-medium wp-image-2642\" src=\"http:\/\/blogsaverroes.juntadeandalucia.es\/iescastillodetempul\/files\/2016\/12\/36dac3a8-25d8-43e7-b88b-3b2aed98764c-201x300.jpg\" alt=\"36dac3a8-25d8-43e7-b88b-3b2aed98764c\" width=\"201\" height=\"300\" srcset=\"https:\/\/blogsaverroes.juntadeandalucia.es\/iescastillodetempul\/files\/2016\/12\/36dac3a8-25d8-43e7-b88b-3b2aed98764c-201x300.jpg 201w, https:\/\/blogsaverroes.juntadeandalucia.es\/iescastillodetempul\/files\/2016\/12\/36dac3a8-25d8-43e7-b88b-3b2aed98764c-16x24.jpg 16w, https:\/\/blogsaverroes.juntadeandalucia.es\/iescastillodetempul\/files\/2016\/12\/36dac3a8-25d8-43e7-b88b-3b2aed98764c-24x36.jpg 24w, https:\/\/blogsaverroes.juntadeandalucia.es\/iescastillodetempul\/files\/2016\/12\/36dac3a8-25d8-43e7-b88b-3b2aed98764c-32x48.jpg 32w, https:\/\/blogsaverroes.juntadeandalucia.es\/iescastillodetempul\/files\/2016\/12\/36dac3a8-25d8-43e7-b88b-3b2aed98764c.jpg 335w\" sizes=\"(max-width: 201px) 100vw, 201px\" \/><\/a><\/p>\n","protected":false},"excerpt":{"rendered":"<p>Cada 6 de diciembre se celebra en Espa\u00f1a el d\u00eda de la Constituci\u00f3n espa\u00f1ola. Ese d\u00eda se conmemora su aprobaci\u00f3n por amplia mayor\u00eda mediante un Referendum constitucional el a\u00f1o 1978. La Constituci\u00f3n espa\u00f1ola entr\u00f3&#46;&#46;&#46;<\/p>\n","protected":false},"author":4130,"featured_media":0,"parent":0,"menu_order":0,"comment_status":"open","ping_status":"open","template":"","meta":{"ngg_post_thumbnail":0,"footnotes":"","_mc_calendar":[]},"aioseo_notices":[],"_links":{"self":[{"href":"https:\/\/blogsaverroes.juntadeandalucia.es\/iescastillodetempul\/wp-json\/wp\/v2\/pages\/2643"}],"collection":[{"href":"https:\/\/blogsaverroes.juntadeandalucia.es\/iescastillodetempul\/wp-json\/wp\/v2\/pages"}],"about":[{"href":"https:\/\/blogsaverroes.juntadeandalucia.es\/iescastillodetempul\/wp-json\/wp\/v2\/types\/page"}],"author":[{"embeddable":true,"href":"https:\/\/blogsaverroes.juntadeandalucia.es\/iescastillodetempul\/wp-json\/wp\/v2\/users\/4130"}],"replies":[{"embeddable":true,"href":"https:\/\/blogsaverroes.juntadeandalucia.es\/iescastillodetempul\/wp-json\/wp\/v2\/comments?post=2643"}],"version-history":[{"count":1,"href":"https:\/\/blogsaverroes.juntadeandalucia.es\/iescastillodetempul\/wp-json\/wp\/v2\/pages\/2643\/revisions"}],"predecessor-version":[{"id":2645,"href":"https:\/\/blogsaverroes.juntadeandalucia.es\/iescastillodetempul\/wp-json\/wp\/v2\/pages\/2643\/revisions\/2645"}],"wp:attachment":[{"href":"https:\/\/blogsaverroes.juntadeandalucia.es\/iescastillodetempul\/wp-json\/wp\/v2\/media?parent=2643"}],"curies":[{"name":"wp","href":"https:\/\/api.w.org\/{rel}","templated":true}]}}

Día de la constitución Española

<p><a href="http://blogsaverroes.juntadeandalucia.es/iescastillodetempul/files/2016/12/IMG-20161204-WA00041.jpg"><img loading="lazy" decoding="async" class="aligncenter size-medium wp-image-2641" src="http://blogsaverroes.juntadeandalucia.es/iescastillodetempul/files/2016/12/IMG-20161204-WA00041-300x223.jpg" alt="IMG-20161204-WA0004" width="300" height="223" srcset="https://blogsaverroes.juntadeandalucia.es/iescastillodetempul/files/2016/12/IMG-20161204-WA00041-300x223.jpg 300w, https://blogsaverroes.juntadeandalucia.es/iescastillodetempul/files/2016/12/IMG-20161204-WA00041-1024x760.jpg 1024w, https://blogsaverroes.juntadeandalucia.es/iescastillodetempul/files/2016/12/IMG-20161204-WA00041-700x519.jpg 700w, https://blogsaverroes.juntadeandalucia.es/iescastillodetempul/files/2016/12/IMG-20161204-WA00041-24x18.jpg 24w, https://blogsaverroes.juntadeandalucia.es/iescastillodetempul/files/2016/12/IMG-20161204-WA00041-36x27.jpg 36w, https://blogsaverroes.juntadeandalucia.es/iescastillodetempul/files/2016/12/IMG-20161204-WA00041-48x36.jpg 48w, https://blogsaverroes.juntadeandalucia.es/iescastillodetempul/files/2016/12/IMG-20161204-WA00041.jpg 1599w" sizes="(max-width: 300px) 100vw, 300px" /></a></p>
<p>Cada <strong>6 de diciembre</strong> se celebra en España el <strong>día de la Constitución española</strong>. Ese día se conmemora su aprobación por amplia mayoría mediante un <strong>Referendum </strong>constitucional el año 1978.</p>
<p>La Constitución española entró en vigor el 29 de diciembre de ese mismo año. Fue uno de los hechos que marcaron un antes y un después en la <strong>Transición Española</strong> iniciada tras la muerte de Francisco Franco el 20 de noviembre de 1975.</p>
<p>Su título preliminar proclama un <em>Estado social y democrático de Derecho que propugna como valores superiores del ordenamiento jurídico la libertad, la justicia, la igualdad y el pluralismo político</em>. Con su entrada en vigor se estableció la <strong>monarquía parlamentaria</strong> como nueva forma de gobierno y se afianzó la <strong>soberanía popular</strong>.</p>
<p><a href="http://blogsaverroes.juntadeandalucia.es/iescastillodetempul/files/2016/12/36dac3a8-25d8-43e7-b88b-3b2aed98764c.jpg"><img loading="lazy" decoding="async" class="aligncenter size-medium wp-image-2642" src="http://blogsaverroes.juntadeandalucia.es/iescastillodetempul/files/2016/12/36dac3a8-25d8-43e7-b88b-3b2aed98764c-201x300.jpg" alt="36dac3a8-25d8-43e7-b88b-3b2aed98764c" width="201" height="300" srcset="https://blogsaverroes.juntadeandalucia.es/iescastillodetempul/files/2016/12/36dac3a8-25d8-43e7-b88b-3b2aed98764c-201x300.jpg 201w, https://blogsaverroes.juntadeandalucia.es/iescastillodetempul/files/2016/12/36dac3a8-25d8-43e7-b88b-3b2aed98764c-16x24.jpg 16w, https://blogsaverroes.juntadeandalucia.es/iescastillodetempul/files/2016/12/36dac3a8-25d8-43e7-b88b-3b2aed98764c-24x36.jpg 24w, https://blogsaverroes.juntadeandalucia.es/iescastillodetempul/files/2016/12/36dac3a8-25d8-43e7-b88b-3b2aed98764c-32x48.jpg 32w, https://blogsaverroes.juntadeandalucia.es/iescastillodetempul/files/2016/12/36dac3a8-25d8-43e7-b88b-3b2aed98764c.jpg 335w" sizes="(max-width: 201px) 100vw, 201px" /></a></p>

<p>Cada 6 de diciembre se celebra en España el día de la Constitución española. Ese día se conmemora su aprobación por amplia mayoría mediante un Referendum constitucional el año 1978. La Constitución española entró&#46;&#46;&#46;</p>
