{"id":3274,"date":"2017-03-05T17:48:38","date_gmt":"2017-03-05T17:48:38","guid":{"rendered":"http:\/\/blogsaverroes.juntadeandalucia.es\/iescastillodetempul\/?page_id=3274"},"modified":"2017-03-05T23:18:09","modified_gmt":"2017-03-05T23:18:09","slug":"dia-de-la-mujer","status":"publish","type":"page","link":"https:\/\/blogsaverroes.juntadeandalucia.es\/iescastillodetempul\/dia-de-la-mujer\/","title":{"rendered":"D\u00eda de la Mujer"},"content":{"rendered":"<p><strong>8 de Marzo<\/strong><\/p>\n<div>A comienzos del siglo XX, muchas mujeres se incorporaron al trabajo en las f\u00e1bricas en unas condiciones muy duras: largas jornadas laborales y salarios inferiores a los de los hombres. A medida que las mujeres se iban incorporando al mundo laboral, se hac\u00eda m\u00e1s evidente que aquella situaci\u00f3n no era justa, y poco a poco empezaron a organizarse.<\/div>\n<div>&nbsp;<\/div>\n<div>Una de las protestas reivindicando mejores condiciones laborales fue la que protagonizaron las trabajadoras de la f\u00e1brica textil Cotton de Nueva York, en Estados Unidos. Era el 8 de marzo de 1908 y las trabajadoras se encerraron en el interior para pedir que se les redujera su jornada laboral a 10 horas. El propietario de la f\u00e1brica decidi\u00f3 incendiar el edificio para hacerlas salir de all\u00ed, y el resultado fue de 129 trabajadoras muertas.<\/div>\n<div>&nbsp;<\/div>\n<div>Estos son los hechos puntuales, que nos sirven de referencia concreta para conmemorar este d\u00eda, pero el 8 de marzo es mucho m\u00e1s que la celebraci\u00f3n de unos hechos concretos.<\/div>\n<div>&nbsp;<\/div>\n<div>Este d\u00eda se ha convertido en una jornada de reflexi\u00f3n sobre el largo camino que las mujeres han tenido que recorrer para ver reconocidos sus derechos.<\/div>\n<div>&nbsp;<\/div>\n<div>\n<p>En Espa\u00f1a, el primer 8 de marzo se celebr\u00f3 en 1977, una fiesta que el movimiento de mujeres aprovech\u00f3 para plantear sus problemas en el terreno laboral. Un a\u00f1o m\u00e1s tarde, en 1978, la Constituci\u00f3n Espa\u00f1ola reconoci\u00f3 la igualdad ante la ley entre hombres y mujeres, como uno de los principios del ordenamiento jur\u00eddico.<\/p>\n<div class=\"separator\">\n<div>\n<div>\n<p>Durante el mes de marzo se estuvo realizando en el centro una serie de actividades para conmemorar el D\u00eda Internacional de la Mujer, como viene siendo habitual<\/p>\n<\/div>\n<\/div>\n<p>Se elabor\u00f3 carteler\u00eda sobre mujeres ilustres en la sociedad a lo largo de la historia con el objeto de poner de relieve y visibilizar las importantes aportaciones que este colectivo hace para el progreso de la humanidad.<\/p>\n<\/div>\n<\/div>\n<p><img loading=\"lazy\" decoding=\"async\" class=\"aligncenter size-medium wp-image-3273\" src=\"http:\/\/blogsaverroes.juntadeandalucia.es\/iescastillodetempul\/files\/2017\/03\/MUJERES-1024x630.jpg\" alt=\"\" width=\"1024\" height=\"630\" srcset=\"https:\/\/blogsaverroes.juntadeandalucia.es\/iescastillodetempul\/files\/2017\/03\/MUJERES-1024x630.jpg 1024w, https:\/\/blogsaverroes.juntadeandalucia.es\/iescastillodetempul\/files\/2017\/03\/MUJERES-332x205.jpg 332w, https:\/\/blogsaverroes.juntadeandalucia.es\/iescastillodetempul\/files\/2017\/03\/MUJERES-268x164.jpg 268w, https:\/\/blogsaverroes.juntadeandalucia.es\/iescastillodetempul\/files\/2017\/03\/MUJERES-700x430.jpg 700w, https:\/\/blogsaverroes.juntadeandalucia.es\/iescastillodetempul\/files\/2017\/03\/MUJERES-24x15.jpg 24w, https:\/\/blogsaverroes.juntadeandalucia.es\/iescastillodetempul\/files\/2017\/03\/MUJERES-36x22.jpg 36w, https:\/\/blogsaverroes.juntadeandalucia.es\/iescastillodetempul\/files\/2017\/03\/MUJERES-48x30.jpg 48w, https:\/\/blogsaverroes.juntadeandalucia.es\/iescastillodetempul\/files\/2017\/03\/MUJERES.jpg 1600w\" sizes=\"(max-width: 1024px) 100vw, 1024px\" \/><\/p>\n","protected":false},"excerpt":{"rendered":"<p>8 de Marzo A comienzos del siglo XX, muchas mujeres se incorporaron al trabajo en las f\u00e1bricas en unas condiciones muy duras: largas jornadas laborales y salarios inferiores a los de los hombres. A&#46;&#46;&#46;<\/p>\n","protected":false},"author":4130,"featured_media":0,"parent":0,"menu_order":0,"comment_status":"closed","ping_status":"closed","template":"","meta":{"ngg_post_thumbnail":0,"footnotes":"","_mc_calendar":[]},"aioseo_notices":[],"_links":{"self":[{"href":"https:\/\/blogsaverroes.juntadeandalucia.es\/iescastillodetempul\/wp-json\/wp\/v2\/pages\/3274"}],"collection":[{"href":"https:\/\/blogsaverroes.juntadeandalucia.es\/iescastillodetempul\/wp-json\/wp\/v2\/pages"}],"about":[{"href":"https:\/\/blogsaverroes.juntadeandalucia.es\/iescastillodetempul\/wp-json\/wp\/v2\/types\/page"}],"author":[{"embeddable":true,"href":"https:\/\/blogsaverroes.juntadeandalucia.es\/iescastillodetempul\/wp-json\/wp\/v2\/users\/4130"}],"replies":[{"embeddable":true,"href":"https:\/\/blogsaverroes.juntadeandalucia.es\/iescastillodetempul\/wp-json\/wp\/v2\/comments?post=3274"}],"version-history":[{"count":5,"href":"https:\/\/blogsaverroes.juntadeandalucia.es\/iescastillodetempul\/wp-json\/wp\/v2\/pages\/3274\/revisions"}],"predecessor-version":[{"id":3280,"href":"https:\/\/blogsaverroes.juntadeandalucia.es\/iescastillodetempul\/wp-json\/wp\/v2\/pages\/3274\/revisions\/3280"}],"wp:attachment":[{"href":"https:\/\/blogsaverroes.juntadeandalucia.es\/iescastillodetempul\/wp-json\/wp\/v2\/media?parent=3274"}],"curies":[{"name":"wp","href":"https:\/\/api.w.org\/{rel}","templated":true}]}}

Día de la Mujer

<p><strong>8 de Marzo</strong></p>
<div>A comienzos del siglo XX, muchas mujeres se incorporaron al trabajo en las fábricas en unas condiciones muy duras: largas jornadas laborales y salarios inferiores a los de los hombres. A medida que las mujeres se iban incorporando al mundo laboral, se hacía más evidente que aquella situación no era justa, y poco a poco empezaron a organizarse.</div>
<div>&nbsp;</div>
<div>Una de las protestas reivindicando mejores condiciones laborales fue la que protagonizaron las trabajadoras de la fábrica textil Cotton de Nueva York, en Estados Unidos. Era el 8 de marzo de 1908 y las trabajadoras se encerraron en el interior para pedir que se les redujera su jornada laboral a 10 horas. El propietario de la fábrica decidió incendiar el edificio para hacerlas salir de allí, y el resultado fue de 129 trabajadoras muertas.</div>
<div>&nbsp;</div>
<div>Estos son los hechos puntuales, que nos sirven de referencia concreta para conmemorar este día, pero el 8 de marzo es mucho más que la celebración de unos hechos concretos.</div>
<div>&nbsp;</div>
<div>Este día se ha convertido en una jornada de reflexión sobre el largo camino que las mujeres han tenido que recorrer para ver reconocidos sus derechos.</div>
<div>&nbsp;</div>
<div>
<p>En España, el primer 8 de marzo se celebró en 1977, una fiesta que el movimiento de mujeres aprovechó para plantear sus problemas en el terreno laboral. Un año más tarde, en 1978, la Constitución Española reconoció la igualdad ante la ley entre hombres y mujeres, como uno de los principios del ordenamiento jurídico.</p>
<div class="separator">
<div>
<div>
<p>Durante el mes de marzo se estuvo realizando en el centro una serie de actividades para conmemorar el Día Internacional de la Mujer, como viene siendo habitual</p>
</div>
</div>
<p>Se elaboró cartelería sobre mujeres ilustres en la sociedad a lo largo de la historia con el objeto de poner de relieve y visibilizar las importantes aportaciones que este colectivo hace para el progreso de la humanidad.</p>
</div>
</div>
<p><img loading="lazy" decoding="async" class="aligncenter size-medium wp-image-3273" src="http://blogsaverroes.juntadeandalucia.es/iescastillodetempul/files/2017/03/MUJERES-1024x630.jpg" alt="" width="1024" height="630" srcset="https://blogsaverroes.juntadeandalucia.es/iescastillodetempul/files/2017/03/MUJERES-1024x630.jpg 1024w, https://blogsaverroes.juntadeandalucia.es/iescastillodetempul/files/2017/03/MUJERES-332x205.jpg 332w, https://blogsaverroes.juntadeandalucia.es/iescastillodetempul/files/2017/03/MUJERES-268x164.jpg 268w, https://blogsaverroes.juntadeandalucia.es/iescastillodetempul/files/2017/03/MUJERES-700x430.jpg 700w, https://blogsaverroes.juntadeandalucia.es/iescastillodetempul/files/2017/03/MUJERES-24x15.jpg 24w, https://blogsaverroes.juntadeandalucia.es/iescastillodetempul/files/2017/03/MUJERES-36x22.jpg 36w, https://blogsaverroes.juntadeandalucia.es/iescastillodetempul/files/2017/03/MUJERES-48x30.jpg 48w, https://blogsaverroes.juntadeandalucia.es/iescastillodetempul/files/2017/03/MUJERES.jpg 1600w" sizes="(max-width: 1024px) 100vw, 1024px" /></p>

<p>8 de Marzo A comienzos del siglo XX, muchas mujeres se incorporaron al trabajo en las fábricas en unas condiciones muy duras: largas jornadas laborales y salarios inferiores a los de los hombres. A&#46;&#46;&#46;</p>
