{"id":4437,"date":"2017-07-21T12:12:21","date_gmt":"2017-07-21T12:12:21","guid":{"rendered":"http:\/\/blogsaverroes.juntadeandalucia.es\/iescastillodetempul\/?page_id=4437"},"modified":"2017-11-23T12:28:59","modified_gmt":"2017-11-23T12:28:59","slug":"como-hacer-una-pagina-web","status":"publish","type":"page","link":"https:\/\/blogsaverroes.juntadeandalucia.es\/iescastillodetempul\/como-hacer-una-pagina-web\/","title":{"rendered":"Como hacer una p\u00e1gina web"},"content":{"rendered":"<p style=\"padding-left: 30px\">En est\u00e1 ventana puedes escribir. Mejor usa la pesta\u00f1a visual.&nbsp;<\/p>\n<p style=\"padding-left: 30px\">Si quieres a\u00f1adir una foto usa a\u00f1adir un objeto o insertar. Tambi\u00e9n se pueden insertar otros tipos de archivos como v\u00eddeos y pdfs.&nbsp;<a href=\"http:\/\/blogsaverroes.juntadeandalucia.es\/iescastillodetempul\/ies-castillo-de-tempul-logo\/\"><img loading=\"lazy\" decoding=\"async\" class=\"aligncenter size-medium wp-image-4018\" src=\"https:\/\/blogsaverroes.juntadeandalucia.es\/iescastillodetempul\/files\/2017\/07\/IES-CASTILLO-DE-TEMPUL-LOGO-1024x564.png\" alt=\"\" width=\"1024\" height=\"564\" srcset=\"https:\/\/blogsaverroes.juntadeandalucia.es\/iescastillodetempul\/files\/2017\/07\/IES-CASTILLO-DE-TEMPUL-LOGO-1024x564.png 1024w, https:\/\/blogsaverroes.juntadeandalucia.es\/iescastillodetempul\/files\/2017\/07\/IES-CASTILLO-DE-TEMPUL-LOGO-768x423.png 768w, https:\/\/blogsaverroes.juntadeandalucia.es\/iescastillodetempul\/files\/2017\/07\/IES-CASTILLO-DE-TEMPUL-LOGO-700x386.png 700w, https:\/\/blogsaverroes.juntadeandalucia.es\/iescastillodetempul\/files\/2017\/07\/IES-CASTILLO-DE-TEMPUL-LOGO-24x13.png 24w, https:\/\/blogsaverroes.juntadeandalucia.es\/iescastillodetempul\/files\/2017\/07\/IES-CASTILLO-DE-TEMPUL-LOGO-36x20.png 36w, https:\/\/blogsaverroes.juntadeandalucia.es\/iescastillodetempul\/files\/2017\/07\/IES-CASTILLO-DE-TEMPUL-LOGO-48x26.png 48w, https:\/\/blogsaverroes.juntadeandalucia.es\/iescastillodetempul\/files\/2017\/07\/IES-CASTILLO-DE-TEMPUL-LOGO.png 1363w\" sizes=\"(max-width: 1024px) 100vw, 1024px\" \/>Saludos a todos los compa\u00f1eros del IES CASTILLO DE TEMPUL<\/a><\/p>\n","protected":false},"excerpt":{"rendered":"<p>En est\u00e1 ventana puedes escribir. Mejor usa la pesta\u00f1a visual.&nbsp; Si quieres a\u00f1adir una foto usa a\u00f1adir un objeto o insertar. Tambi\u00e9n se pueden insertar otros tipos de archivos como v\u00eddeos y pdfs.&nbsp;Saludos a&#46;&#46;&#46;<\/p>\n","protected":false},"author":4130,"featured_media":0,"parent":0,"menu_order":0,"comment_status":"closed","ping_status":"closed","template":"","meta":{"ngg_post_thumbnail":0,"footnotes":"","_mc_calendar":[]},"aioseo_notices":[],"_links":{"self":[{"href":"https:\/\/blogsaverroes.juntadeandalucia.es\/iescastillodetempul\/wp-json\/wp\/v2\/pages\/4437"}],"collection":[{"href":"https:\/\/blogsaverroes.juntadeandalucia.es\/iescastillodetempul\/wp-json\/wp\/v2\/pages"}],"about":[{"href":"https:\/\/blogsaverroes.juntadeandalucia.es\/iescastillodetempul\/wp-json\/wp\/v2\/types\/page"}],"author":[{"embeddable":true,"href":"https:\/\/blogsaverroes.juntadeandalucia.es\/iescastillodetempul\/wp-json\/wp\/v2\/users\/4130"}],"replies":[{"embeddable":true,"href":"https:\/\/blogsaverroes.juntadeandalucia.es\/iescastillodetempul\/wp-json\/wp\/v2\/comments?post=4437"}],"version-history":[{"count":3,"href":"https:\/\/blogsaverroes.juntadeandalucia.es\/iescastillodetempul\/wp-json\/wp\/v2\/pages\/4437\/revisions"}],"predecessor-version":[{"id":4498,"href":"https:\/\/blogsaverroes.juntadeandalucia.es\/iescastillodetempul\/wp-json\/wp\/v2\/pages\/4437\/revisions\/4498"}],"wp:attachment":[{"href":"https:\/\/blogsaverroes.juntadeandalucia.es\/iescastillodetempul\/wp-json\/wp\/v2\/media?parent=4437"}],"curies":[{"name":"wp","href":"https:\/\/api.w.org\/{rel}","templated":true}]}}