{"id":4804,"date":"2018-11-27T17:39:07","date_gmt":"2018-11-27T17:39:07","guid":{"rendered":"https:\/\/blogsaverroes.juntadeandalucia.es\/iescastillodetempul\/?page_id=4804"},"modified":"2020-11-27T21:48:35","modified_gmt":"2020-11-27T21:48:35","slug":"las-hermanas-mirabal","status":"publish","type":"page","link":"https:\/\/blogsaverroes.juntadeandalucia.es\/iescastillodetempul\/las-hermanas-mirabal\/","title":{"rendered":"Las hermanas Mirabal"},"content":{"rendered":"<p><strong>\u00bfPor qu\u00e9 se celebra el 25 de noviembre el D\u00eda de la Eliminaci\u00f3n de la Violencia contra la Mujer?<\/strong><br \/>\n<a href=\"https:\/\/blogsaverroes.juntadeandalucia.es\/iescastillodetempul\/las-hermanas-mirabal\/descarga1\/\" rel=\"attachment wp-att-4805\"><img loading=\"lazy\" decoding=\"async\" class=\"aligncenter size-full wp-image-4805\" src=\"https:\/\/blogsaverroes.juntadeandalucia.es\/iescastillodetempul\/files\/2018\/11\/descarga1.jpg\" alt=\"\" width=\"689\" height=\"399\" srcset=\"https:\/\/blogsaverroes.juntadeandalucia.es\/iescastillodetempul\/files\/2018\/11\/descarga1.jpg 689w, https:\/\/blogsaverroes.juntadeandalucia.es\/iescastillodetempul\/files\/2018\/11\/descarga1-24x14.jpg 24w, https:\/\/blogsaverroes.juntadeandalucia.es\/iescastillodetempul\/files\/2018\/11\/descarga1-36x21.jpg 36w, https:\/\/blogsaverroes.juntadeandalucia.es\/iescastillodetempul\/files\/2018\/11\/descarga1-48x28.jpg 48w\" sizes=\"(max-width: 689px) 100vw, 689px\" \/><\/a><\/p>\n<p>El 25 de noviembre de 1960, los cuerpos destrozados de las hermanas Mirabal fueron encontrados en el interior de un jeep hundido en un barranco. Horas antes, las tres mujeres, activas militantes contra el r\u00e9gimen de Trujillo en la Rep\u00fablica Dominicana, hab\u00edan sido asesinadas por un escuadr\u00f3n enviado por el dictador.<\/p>\n<p><iframe loading=\"lazy\" src=\"https:\/\/www.youtube.com\/embed\/U4YxbGc8-4U\" width=\"560\" height=\"315\" frameborder=\"0\"><\/iframe><\/p>\n<p>Leer el comic \u00abVivas&nbsp;en nuestros corazones\u00bb<\/p>\n<p><a href=\"https:\/\/blogsaverroes.juntadeandalucia.es\/iescastillodetempul\/files\/2020\/11\/vivas-en-nuestros-corazones.pdf\">Vivas en nuestros corazones<\/a><br \/>\n<a href=\"https:\/\/blogsaverroes.juntadeandalucia.es\/iescastillodetempul\/files\/2020\/11\/vivas-en-nuestros-corazones_page-0001.jpg\"><img loading=\"lazy\" decoding=\"async\" class=\"aligncenter size-medium wp-image-5674\" src=\"https:\/\/blogsaverroes.juntadeandalucia.es\/iescastillodetempul\/files\/2020\/11\/vivas-en-nuestros-corazones_page-0001-725x1024.jpg\" alt=\"\" width=\"725\" height=\"1024\" srcset=\"https:\/\/blogsaverroes.juntadeandalucia.es\/iescastillodetempul\/files\/2020\/11\/vivas-en-nuestros-corazones_page-0001-725x1024.jpg 725w, https:\/\/blogsaverroes.juntadeandalucia.es\/iescastillodetempul\/files\/2020\/11\/vivas-en-nuestros-corazones_page-0001-768x1085.jpg 768w, https:\/\/blogsaverroes.juntadeandalucia.es\/iescastillodetempul\/files\/2020\/11\/vivas-en-nuestros-corazones_page-0001-1087x1536.jpg 1087w, https:\/\/blogsaverroes.juntadeandalucia.es\/iescastillodetempul\/files\/2020\/11\/vivas-en-nuestros-corazones_page-0001-700x989.jpg 700w, https:\/\/blogsaverroes.juntadeandalucia.es\/iescastillodetempul\/files\/2020\/11\/vivas-en-nuestros-corazones_page-0001-17x24.jpg 17w, https:\/\/blogsaverroes.juntadeandalucia.es\/iescastillodetempul\/files\/2020\/11\/vivas-en-nuestros-corazones_page-0001-25x36.jpg 25w, https:\/\/blogsaverroes.juntadeandalucia.es\/iescastillodetempul\/files\/2020\/11\/vivas-en-nuestros-corazones_page-0001-34x48.jpg 34w, https:\/\/blogsaverroes.juntadeandalucia.es\/iescastillodetempul\/files\/2020\/11\/vivas-en-nuestros-corazones_page-0001.jpg 1132w\" sizes=\"(max-width: 725px) 100vw, 725px\" \/><\/a><\/p>\n<p style=\"text-align: right\"><a href=\"https:\/\/blogsaverroes.juntadeandalucia.es\/iescastillodetempul\/files\/2020\/11\/vivas-en-nuestros-corazones_page-0002.jpg\"><img loading=\"lazy\" decoding=\"async\" class=\"aligncenter size-medium wp-image-5675\" src=\"https:\/\/blogsaverroes.juntadeandalucia.es\/iescastillodetempul\/files\/2020\/11\/vivas-en-nuestros-corazones_page-0002-725x1024.jpg\" alt=\"\" width=\"725\" height=\"1024\" srcset=\"https:\/\/blogsaverroes.juntadeandalucia.es\/iescastillodetempul\/files\/2020\/11\/vivas-en-nuestros-corazones_page-0002-725x1024.jpg 725w, https:\/\/blogsaverroes.juntadeandalucia.es\/iescastillodetempul\/files\/2020\/11\/vivas-en-nuestros-corazones_page-0002-768x1085.jpg 768w, https:\/\/blogsaverroes.juntadeandalucia.es\/iescastillodetempul\/files\/2020\/11\/vivas-en-nuestros-corazones_page-0002-1087x1536.jpg 1087w, https:\/\/blogsaverroes.juntadeandalucia.es\/iescastillodetempul\/files\/2020\/11\/vivas-en-nuestros-corazones_page-0002-700x989.jpg 700w, https:\/\/blogsaverroes.juntadeandalucia.es\/iescastillodetempul\/files\/2020\/11\/vivas-en-nuestros-corazones_page-0002-17x24.jpg 17w, https:\/\/blogsaverroes.juntadeandalucia.es\/iescastillodetempul\/files\/2020\/11\/vivas-en-nuestros-corazones_page-0002-25x36.jpg 25w, https:\/\/blogsaverroes.juntadeandalucia.es\/iescastillodetempul\/files\/2020\/11\/vivas-en-nuestros-corazones_page-0002-34x48.jpg 34w, https:\/\/blogsaverroes.juntadeandalucia.es\/iescastillodetempul\/files\/2020\/11\/vivas-en-nuestros-corazones_page-0002.jpg 1132w\" sizes=\"(max-width: 725px) 100vw, 725px\" \/><\/a><a href=\"https:\/\/blogsaverroes.juntadeandalucia.es\/iescastillodetempul\/files\/2020\/11\/vivas-en-nuestros-corazones_page-0003.jpg\"><img loading=\"lazy\" decoding=\"async\" class=\"aligncenter size-medium wp-image-5676\" src=\"https:\/\/blogsaverroes.juntadeandalucia.es\/iescastillodetempul\/files\/2020\/11\/vivas-en-nuestros-corazones_page-0003-725x1024.jpg\" alt=\"\" width=\"725\" height=\"1024\" srcset=\"https:\/\/blogsaverroes.juntadeandalucia.es\/iescastillodetempul\/files\/2020\/11\/vivas-en-nuestros-corazones_page-0003-725x1024.jpg 725w, https:\/\/blogsaverroes.juntadeandalucia.es\/iescastillodetempul\/files\/2020\/11\/vivas-en-nuestros-corazones_page-0003-768x1085.jpg 768w, https:\/\/blogsaverroes.juntadeandalucia.es\/iescastillodetempul\/files\/2020\/11\/vivas-en-nuestros-corazones_page-0003-1087x1536.jpg 1087w, https:\/\/blogsaverroes.juntadeandalucia.es\/iescastillodetempul\/files\/2020\/11\/vivas-en-nuestros-corazones_page-0003-700x989.jpg 700w, https:\/\/blogsaverroes.juntadeandalucia.es\/iescastillodetempul\/files\/2020\/11\/vivas-en-nuestros-corazones_page-0003-17x24.jpg 17w, https:\/\/blogsaverroes.juntadeandalucia.es\/iescastillodetempul\/files\/2020\/11\/vivas-en-nuestros-corazones_page-0003-25x36.jpg 25w, https:\/\/blogsaverroes.juntadeandalucia.es\/iescastillodetempul\/files\/2020\/11\/vivas-en-nuestros-corazones_page-0003-34x48.jpg 34w, https:\/\/blogsaverroes.juntadeandalucia.es\/iescastillodetempul\/files\/2020\/11\/vivas-en-nuestros-corazones_page-0003.jpg 1132w\" sizes=\"(max-width: 725px) 100vw, 725px\" \/><\/a><\/p>\n<p>Leer \u00abLa fiesta del Chivo\u00bb de Vargas Llosa<br \/>\n<a href=\"https:\/\/blogsaverroes.juntadeandalucia.es\/iescastillodetempul\/las-hermanas-mirabal\/portada-fiesta-chivo\/\" rel=\"attachment wp-att-4813\"><img loading=\"lazy\" decoding=\"async\" class=\"aligncenter size-medium wp-image-4813\" src=\"https:\/\/blogsaverroes.juntadeandalucia.es\/iescastillodetempul\/files\/2018\/11\/portada-fiesta-chivo-627x1024.jpg\" alt=\"\" width=\"627\" height=\"1024\" srcset=\"https:\/\/blogsaverroes.juntadeandalucia.es\/iescastillodetempul\/files\/2018\/11\/portada-fiesta-chivo-627x1024.jpg 627w, https:\/\/blogsaverroes.juntadeandalucia.es\/iescastillodetempul\/files\/2018\/11\/portada-fiesta-chivo-768x1255.jpg 768w, https:\/\/blogsaverroes.juntadeandalucia.es\/iescastillodetempul\/files\/2018\/11\/portada-fiesta-chivo-700x1144.jpg 700w, https:\/\/blogsaverroes.juntadeandalucia.es\/iescastillodetempul\/files\/2018\/11\/portada-fiesta-chivo-15x24.jpg 15w, https:\/\/blogsaverroes.juntadeandalucia.es\/iescastillodetempul\/files\/2018\/11\/portada-fiesta-chivo-22x36.jpg 22w, https:\/\/blogsaverroes.juntadeandalucia.es\/iescastillodetempul\/files\/2018\/11\/portada-fiesta-chivo-29x48.jpg 29w, https:\/\/blogsaverroes.juntadeandalucia.es\/iescastillodetempul\/files\/2018\/11\/portada-fiesta-chivo.jpg 979w\" sizes=\"(max-width: 627px) 100vw, 627px\" \/><\/a><\/p>\n","protected":false},"excerpt":{"rendered":"<p>\u00bfPor qu\u00e9 se celebra el 25 de noviembre el D\u00eda de la Eliminaci\u00f3n de la Violencia contra la Mujer? El 25 de noviembre de 1960, los cuerpos destrozados de las hermanas Mirabal fueron encontrados&#46;&#46;&#46;<\/p>\n","protected":false},"author":4130,"featured_media":0,"parent":0,"menu_order":0,"comment_status":"closed","ping_status":"closed","template":"","meta":{"ngg_post_thumbnail":0,"footnotes":"","_mc_calendar":[]},"aioseo_notices":[],"_links":{"self":[{"href":"https:\/\/blogsaverroes.juntadeandalucia.es\/iescastillodetempul\/wp-json\/wp\/v2\/pages\/4804"}],"collection":[{"href":"https:\/\/blogsaverroes.juntadeandalucia.es\/iescastillodetempul\/wp-json\/wp\/v2\/pages"}],"about":[{"href":"https:\/\/blogsaverroes.juntadeandalucia.es\/iescastillodetempul\/wp-json\/wp\/v2\/types\/page"}],"author":[{"embeddable":true,"href":"https:\/\/blogsaverroes.juntadeandalucia.es\/iescastillodetempul\/wp-json\/wp\/v2\/users\/4130"}],"replies":[{"embeddable":true,"href":"https:\/\/blogsaverroes.juntadeandalucia.es\/iescastillodetempul\/wp-json\/wp\/v2\/comments?post=4804"}],"version-history":[{"count":8,"href":"https:\/\/blogsaverroes.juntadeandalucia.es\/iescastillodetempul\/wp-json\/wp\/v2\/pages\/4804\/revisions"}],"predecessor-version":[{"id":5677,"href":"https:\/\/blogsaverroes.juntadeandalucia.es\/iescastillodetempul\/wp-json\/wp\/v2\/pages\/4804\/revisions\/5677"}],"wp:attachment":[{"href":"https:\/\/blogsaverroes.juntadeandalucia.es\/iescastillodetempul\/wp-json\/wp\/v2\/media?parent=4804"}],"curies":[{"name":"wp","href":"https:\/\/api.w.org\/{rel}","templated":true}]}}

<p><strong>¿Por qué se celebra el 25 de noviembre el Día de la Eliminación de la Violencia contra la Mujer?</strong><br />
<a href="https://blogsaverroes.juntadeandalucia.es/iescastillodetempul/las-hermanas-mirabal/descarga1/" rel="attachment wp-att-4805"><img loading="lazy" decoding="async" class="aligncenter size-full wp-image-4805" src="https://blogsaverroes.juntadeandalucia.es/iescastillodetempul/files/2018/11/descarga1.jpg" alt="" width="689" height="399" srcset="https://blogsaverroes.juntadeandalucia.es/iescastillodetempul/files/2018/11/descarga1.jpg 689w, https://blogsaverroes.juntadeandalucia.es/iescastillodetempul/files/2018/11/descarga1-24x14.jpg 24w, https://blogsaverroes.juntadeandalucia.es/iescastillodetempul/files/2018/11/descarga1-36x21.jpg 36w, https://blogsaverroes.juntadeandalucia.es/iescastillodetempul/files/2018/11/descarga1-48x28.jpg 48w" sizes="(max-width: 689px) 100vw, 689px" /></a></p>
<p>El 25 de noviembre de 1960, los cuerpos destrozados de las hermanas Mirabal fueron encontrados en el interior de un jeep hundido en un barranco. Horas antes, las tres mujeres, activas militantes contra el régimen de Trujillo en la República Dominicana, habían sido asesinadas por un escuadrón enviado por el dictador.</p>
<p><iframe loading="lazy" src="https://www.youtube.com/embed/U4YxbGc8-4U" width="560" height="315" frameborder="0"></iframe></p>
<p>Leer el comic «Vivas&nbsp;en nuestros corazones»</p>
<p><a href="https://blogsaverroes.juntadeandalucia.es/iescastillodetempul/files/2020/11/vivas-en-nuestros-corazones.pdf">Vivas en nuestros corazones</a><br />
<a href="https://blogsaverroes.juntadeandalucia.es/iescastillodetempul/files/2020/11/vivas-en-nuestros-corazones_page-0001.jpg"><img loading="lazy" decoding="async" class="aligncenter size-medium wp-image-5674" src="https://blogsaverroes.juntadeandalucia.es/iescastillodetempul/files/2020/11/vivas-en-nuestros-corazones_page-0001-725x1024.jpg" alt="" width="725" height="1024" srcset="https://blogsaverroes.juntadeandalucia.es/iescastillodetempul/files/2020/11/vivas-en-nuestros-corazones_page-0001-725x1024.jpg 725w, https://blogsaverroes.juntadeandalucia.es/iescastillodetempul/files/2020/11/vivas-en-nuestros-corazones_page-0001-768x1085.jpg 768w, https://blogsaverroes.juntadeandalucia.es/iescastillodetempul/files/2020/11/vivas-en-nuestros-corazones_page-0001-1087x1536.jpg 1087w, https://blogsaverroes.juntadeandalucia.es/iescastillodetempul/files/2020/11/vivas-en-nuestros-corazones_page-0001-700x989.jpg 700w, https://blogsaverroes.juntadeandalucia.es/iescastillodetempul/files/2020/11/vivas-en-nuestros-corazones_page-0001-17x24.jpg 17w, https://blogsaverroes.juntadeandalucia.es/iescastillodetempul/files/2020/11/vivas-en-nuestros-corazones_page-0001-25x36.jpg 25w, https://blogsaverroes.juntadeandalucia.es/iescastillodetempul/files/2020/11/vivas-en-nuestros-corazones_page-0001-34x48.jpg 34w, https://blogsaverroes.juntadeandalucia.es/iescastillodetempul/files/2020/11/vivas-en-nuestros-corazones_page-0001.jpg 1132w" sizes="(max-width: 725px) 100vw, 725px" /></a></p>
<p style="text-align: right"><a href="https://blogsaverroes.juntadeandalucia.es/iescastillodetempul/files/2020/11/vivas-en-nuestros-corazones_page-0002.jpg"><img loading="lazy" decoding="async" class="aligncenter size-medium wp-image-5675" src="https://blogsaverroes.juntadeandalucia.es/iescastillodetempul/files/2020/11/vivas-en-nuestros-corazones_page-0002-725x1024.jpg" alt="" width="725" height="1024" srcset="https://blogsaverroes.juntadeandalucia.es/iescastillodetempul/files/2020/11/vivas-en-nuestros-corazones_page-0002-725x1024.jpg 725w, https://blogsaverroes.juntadeandalucia.es/iescastillodetempul/files/2020/11/vivas-en-nuestros-corazones_page-0002-768x1085.jpg 768w, https://blogsaverroes.juntadeandalucia.es/iescastillodetempul/files/2020/11/vivas-en-nuestros-corazones_page-0002-1087x1536.jpg 1087w, https://blogsaverroes.juntadeandalucia.es/iescastillodetempul/files/2020/11/vivas-en-nuestros-corazones_page-0002-700x989.jpg 700w, https://blogsaverroes.juntadeandalucia.es/iescastillodetempul/files/2020/11/vivas-en-nuestros-corazones_page-0002-17x24.jpg 17w, https://blogsaverroes.juntadeandalucia.es/iescastillodetempul/files/2020/11/vivas-en-nuestros-corazones_page-0002-25x36.jpg 25w, https://blogsaverroes.juntadeandalucia.es/iescastillodetempul/files/2020/11/vivas-en-nuestros-corazones_page-0002-34x48.jpg 34w, https://blogsaverroes.juntadeandalucia.es/iescastillodetempul/files/2020/11/vivas-en-nuestros-corazones_page-0002.jpg 1132w" sizes="(max-width: 725px) 100vw, 725px" /></a><a href="https://blogsaverroes.juntadeandalucia.es/iescastillodetempul/files/2020/11/vivas-en-nuestros-corazones_page-0003.jpg"><img loading="lazy" decoding="async" class="aligncenter size-medium wp-image-5676" src="https://blogsaverroes.juntadeandalucia.es/iescastillodetempul/files/2020/11/vivas-en-nuestros-corazones_page-0003-725x1024.jpg" alt="" width="725" height="1024" srcset="https://blogsaverroes.juntadeandalucia.es/iescastillodetempul/files/2020/11/vivas-en-nuestros-corazones_page-0003-725x1024.jpg 725w, https://blogsaverroes.juntadeandalucia.es/iescastillodetempul/files/2020/11/vivas-en-nuestros-corazones_page-0003-768x1085.jpg 768w, https://blogsaverroes.juntadeandalucia.es/iescastillodetempul/files/2020/11/vivas-en-nuestros-corazones_page-0003-1087x1536.jpg 1087w, https://blogsaverroes.juntadeandalucia.es/iescastillodetempul/files/2020/11/vivas-en-nuestros-corazones_page-0003-700x989.jpg 700w, https://blogsaverroes.juntadeandalucia.es/iescastillodetempul/files/2020/11/vivas-en-nuestros-corazones_page-0003-17x24.jpg 17w, https://blogsaverroes.juntadeandalucia.es/iescastillodetempul/files/2020/11/vivas-en-nuestros-corazones_page-0003-25x36.jpg 25w, https://blogsaverroes.juntadeandalucia.es/iescastillodetempul/files/2020/11/vivas-en-nuestros-corazones_page-0003-34x48.jpg 34w, https://blogsaverroes.juntadeandalucia.es/iescastillodetempul/files/2020/11/vivas-en-nuestros-corazones_page-0003.jpg 1132w" sizes="(max-width: 725px) 100vw, 725px" /></a></p>
<p>Leer «La fiesta del Chivo» de Vargas Llosa<br />
<a href="https://blogsaverroes.juntadeandalucia.es/iescastillodetempul/las-hermanas-mirabal/portada-fiesta-chivo/" rel="attachment wp-att-4813"><img loading="lazy" decoding="async" class="aligncenter size-medium wp-image-4813" src="https://blogsaverroes.juntadeandalucia.es/iescastillodetempul/files/2018/11/portada-fiesta-chivo-627x1024.jpg" alt="" width="627" height="1024" srcset="https://blogsaverroes.juntadeandalucia.es/iescastillodetempul/files/2018/11/portada-fiesta-chivo-627x1024.jpg 627w, https://blogsaverroes.juntadeandalucia.es/iescastillodetempul/files/2018/11/portada-fiesta-chivo-768x1255.jpg 768w, https://blogsaverroes.juntadeandalucia.es/iescastillodetempul/files/2018/11/portada-fiesta-chivo-700x1144.jpg 700w, https://blogsaverroes.juntadeandalucia.es/iescastillodetempul/files/2018/11/portada-fiesta-chivo-15x24.jpg 15w, https://blogsaverroes.juntadeandalucia.es/iescastillodetempul/files/2018/11/portada-fiesta-chivo-22x36.jpg 22w, https://blogsaverroes.juntadeandalucia.es/iescastillodetempul/files/2018/11/portada-fiesta-chivo-29x48.jpg 29w, https://blogsaverroes.juntadeandalucia.es/iescastillodetempul/files/2018/11/portada-fiesta-chivo.jpg 979w" sizes="(max-width: 627px) 100vw, 627px" /></a></p>

<p>¿Por qué se celebra el 25 de noviembre el Día de la Eliminación de la Violencia contra la Mujer? El 25 de noviembre de 1960, los cuerpos destrozados de las hermanas Mirabal fueron encontrados&#46;&#46;&#46;</p>
