{"id":5029,"date":"2019-03-11T13:14:37","date_gmt":"2019-03-11T13:14:37","guid":{"rendered":"https:\/\/blogsaverroes.juntadeandalucia.es\/iescastillodetempul\/?page_id=5029"},"modified":"2019-03-13T19:31:25","modified_gmt":"2019-03-13T19:31:25","slug":"fotolenguaje","status":"publish","type":"page","link":"https:\/\/blogsaverroes.juntadeandalucia.es\/iescastillodetempul\/fotolenguaje\/","title":{"rendered":"FOTOLENGUAJE"},"content":{"rendered":"<p><a href=\"https:\/\/blogsaverroes.juntadeandalucia.es\/iescastillodetempul\/files\/2018\/12\/yre.png\"><img loading=\"lazy\" decoding=\"async\" class=\"size-full wp-image-4863 alignleft\" src=\"https:\/\/blogsaverroes.juntadeandalucia.es\/iescastillodetempul\/files\/2018\/12\/yre.png\" alt=\"\" width=\"265\" height=\"243\" srcset=\"https:\/\/blogsaverroes.juntadeandalucia.es\/iescastillodetempul\/files\/2018\/12\/yre.png 265w, https:\/\/blogsaverroes.juntadeandalucia.es\/iescastillodetempul\/files\/2018\/12\/yre-24x22.png 24w, https:\/\/blogsaverroes.juntadeandalucia.es\/iescastillodetempul\/files\/2018\/12\/yre-36x33.png 36w, https:\/\/blogsaverroes.juntadeandalucia.es\/iescastillodetempul\/files\/2018\/12\/yre-48x44.png 48w\" sizes=\"(max-width: 265px) 100vw, 265px\" \/><\/a><a href=\"https:\/\/blogsaverroes.juntadeandalucia.es\/iescastillodetempul\/files\/2019\/03\/fotolenguaje2.jpg\"><img loading=\"lazy\" decoding=\"async\" class=\"aligncenter wp-image-5037\" src=\"https:\/\/blogsaverroes.juntadeandalucia.es\/iescastillodetempul\/files\/2019\/03\/fotolenguaje2-1024x973.jpg\" alt=\"\" width=\"370\" height=\"352\" srcset=\"https:\/\/blogsaverroes.juntadeandalucia.es\/iescastillodetempul\/files\/2019\/03\/fotolenguaje2-1024x973.jpg 1024w, https:\/\/blogsaverroes.juntadeandalucia.es\/iescastillodetempul\/files\/2019\/03\/fotolenguaje2-768x730.jpg 768w, https:\/\/blogsaverroes.juntadeandalucia.es\/iescastillodetempul\/files\/2019\/03\/fotolenguaje2-700x665.jpg 700w, https:\/\/blogsaverroes.juntadeandalucia.es\/iescastillodetempul\/files\/2019\/03\/fotolenguaje2-24x24.jpg 24w, https:\/\/blogsaverroes.juntadeandalucia.es\/iescastillodetempul\/files\/2019\/03\/fotolenguaje2-36x34.jpg 36w, https:\/\/blogsaverroes.juntadeandalucia.es\/iescastillodetempul\/files\/2019\/03\/fotolenguaje2-48x46.jpg 48w, https:\/\/blogsaverroes.juntadeandalucia.es\/iescastillodetempul\/files\/2019\/03\/fotolenguaje2.jpg 1294w\" sizes=\"(max-width: 370px) 100vw, 370px\" \/><\/a><\/p>\n<p style=\"text-align: left\"><a href=\"https:\/\/blogsaverroes.juntadeandalucia.es\/iescastillodetempul\/files\/2019\/03\/fotolenguaje1.jpg\"><img loading=\"lazy\" decoding=\"async\" class=\"aligncenter size-medium wp-image-5036\" src=\"https:\/\/blogsaverroes.juntadeandalucia.es\/iescastillodetempul\/files\/2019\/03\/fotolenguaje1-1024x558.jpg\" alt=\"\" width=\"1024\" height=\"558\" srcset=\"https:\/\/blogsaverroes.juntadeandalucia.es\/iescastillodetempul\/files\/2019\/03\/fotolenguaje1-1024x558.jpg 1024w, https:\/\/blogsaverroes.juntadeandalucia.es\/iescastillodetempul\/files\/2019\/03\/fotolenguaje1-768x418.jpg 768w, https:\/\/blogsaverroes.juntadeandalucia.es\/iescastillodetempul\/files\/2019\/03\/fotolenguaje1-700x381.jpg 700w, https:\/\/blogsaverroes.juntadeandalucia.es\/iescastillodetempul\/files\/2019\/03\/fotolenguaje1-24x13.jpg 24w, https:\/\/blogsaverroes.juntadeandalucia.es\/iescastillodetempul\/files\/2019\/03\/fotolenguaje1-36x20.jpg 36w, https:\/\/blogsaverroes.juntadeandalucia.es\/iescastillodetempul\/files\/2019\/03\/fotolenguaje1-48x26.jpg 48w, https:\/\/blogsaverroes.juntadeandalucia.es\/iescastillodetempul\/files\/2019\/03\/fotolenguaje1.jpg 1600w\" sizes=\"(max-width: 1024px) 100vw, 1024px\" \/><\/a><\/p>\n<div id=\"attachment_5034\" style=\"width: 510px\" class=\"wp-caption alignnone\"><a href=\"https:\/\/blogsaverroes.juntadeandalucia.es\/iescastillodetempul\/files\/2019\/03\/San_Jose_del_Valle_Cadiz2.jpg\"><img loading=\"lazy\" decoding=\"async\" aria-describedby=\"caption-attachment-5034\" class=\"wp-image-5034 size-full\" src=\"https:\/\/blogsaverroes.juntadeandalucia.es\/iescastillodetempul\/files\/2019\/03\/San_Jose_del_Valle_Cadiz2.jpg\" alt=\"\" width=\"500\" height=\"374\" srcset=\"https:\/\/blogsaverroes.juntadeandalucia.es\/iescastillodetempul\/files\/2019\/03\/San_Jose_del_Valle_Cadiz2.jpg 500w, https:\/\/blogsaverroes.juntadeandalucia.es\/iescastillodetempul\/files\/2019\/03\/San_Jose_del_Valle_Cadiz2-24x18.jpg 24w, https:\/\/blogsaverroes.juntadeandalucia.es\/iescastillodetempul\/files\/2019\/03\/San_Jose_del_Valle_Cadiz2-36x27.jpg 36w, https:\/\/blogsaverroes.juntadeandalucia.es\/iescastillodetempul\/files\/2019\/03\/San_Jose_del_Valle_Cadiz2-48x36.jpg 48w\" sizes=\"(max-width: 500px) 100vw, 500px\" \/><\/a><p id=\"caption-attachment-5034\" class=\"wp-caption-text\"><strong>Este es mi pueblo, en medio de la naturaleza<\/strong><\/p><\/div>\n<div id=\"attachment_5035\" style=\"width: 310px\" class=\"wp-caption aligncenter\"><a href=\"https:\/\/blogsaverroes.juntadeandalucia.es\/iescastillodetempul\/files\/2019\/03\/insecto1.jpg\"><img loading=\"lazy\" decoding=\"async\" aria-describedby=\"caption-attachment-5035\" class=\"wp-image-5035 size-thumbnail\" src=\"https:\/\/blogsaverroes.juntadeandalucia.es\/iescastillodetempul\/files\/2019\/03\/insecto1-300x300.jpg\" alt=\"\" width=\"300\" height=\"300\" srcset=\"https:\/\/blogsaverroes.juntadeandalucia.es\/iescastillodetempul\/files\/2019\/03\/insecto1-300x300.jpg 300w, https:\/\/blogsaverroes.juntadeandalucia.es\/iescastillodetempul\/files\/2019\/03\/insecto1-100x100.jpg 100w, https:\/\/blogsaverroes.juntadeandalucia.es\/iescastillodetempul\/files\/2019\/03\/insecto1-268x268.jpg 268w\" sizes=\"(max-width: 300px) 100vw, 300px\" \/><\/a><p id=\"caption-attachment-5035\" class=\"wp-caption-text\"><strong>Est\u00e1s es mi naturaleza<\/strong><\/p><\/div>\n<div id=\"attachment_5058\" style=\"width: 1034px\" class=\"wp-caption aligncenter\"><a href=\"https:\/\/blogsaverroes.juntadeandalucia.es\/iescastillodetempul\/files\/2019\/03\/IMG_20190115_130712.jpg\"><img loading=\"lazy\" decoding=\"async\" aria-describedby=\"caption-attachment-5058\" class=\"wp-image-5058 size-medium\" src=\"https:\/\/blogsaverroes.juntadeandalucia.es\/iescastillodetempul\/files\/2019\/03\/IMG_20190115_130712-1024x768.jpg\" alt=\"\" width=\"1024\" height=\"768\" srcset=\"https:\/\/blogsaverroes.juntadeandalucia.es\/iescastillodetempul\/files\/2019\/03\/IMG_20190115_130712-1024x768.jpg 1024w, https:\/\/blogsaverroes.juntadeandalucia.es\/iescastillodetempul\/files\/2019\/03\/IMG_20190115_130712-768x576.jpg 768w, https:\/\/blogsaverroes.juntadeandalucia.es\/iescastillodetempul\/files\/2019\/03\/IMG_20190115_130712-700x525.jpg 700w, https:\/\/blogsaverroes.juntadeandalucia.es\/iescastillodetempul\/files\/2019\/03\/IMG_20190115_130712-24x18.jpg 24w, https:\/\/blogsaverroes.juntadeandalucia.es\/iescastillodetempul\/files\/2019\/03\/IMG_20190115_130712-36x27.jpg 36w, https:\/\/blogsaverroes.juntadeandalucia.es\/iescastillodetempul\/files\/2019\/03\/IMG_20190115_130712-48x36.jpg 48w, https:\/\/blogsaverroes.juntadeandalucia.es\/iescastillodetempul\/files\/2019\/03\/IMG_20190115_130712.jpg 1600w\" sizes=\"(max-width: 1024px) 100vw, 1024px\" \/><\/a><p id=\"caption-attachment-5058\" class=\"wp-caption-text\">\u00a1Gracias amigos\/as! por haber estado conmigo en los buenos y malos momentos de mi vida.<\/p><\/div>\n<div id=\"attachment_5059\" style=\"width: 1034px\" class=\"wp-caption aligncenter\"><a href=\"https:\/\/blogsaverroes.juntadeandalucia.es\/iescastillodetempul\/files\/2019\/03\/IMG_20190115_130822.jpg\"><img loading=\"lazy\" decoding=\"async\" aria-describedby=\"caption-attachment-5059\" class=\"size-medium wp-image-5059\" src=\"https:\/\/blogsaverroes.juntadeandalucia.es\/iescastillodetempul\/files\/2019\/03\/IMG_20190115_130822-1024x768.jpg\" alt=\"\" width=\"1024\" height=\"768\" srcset=\"https:\/\/blogsaverroes.juntadeandalucia.es\/iescastillodetempul\/files\/2019\/03\/IMG_20190115_130822-1024x768.jpg 1024w, https:\/\/blogsaverroes.juntadeandalucia.es\/iescastillodetempul\/files\/2019\/03\/IMG_20190115_130822-768x576.jpg 768w, https:\/\/blogsaverroes.juntadeandalucia.es\/iescastillodetempul\/files\/2019\/03\/IMG_20190115_130822-700x525.jpg 700w, https:\/\/blogsaverroes.juntadeandalucia.es\/iescastillodetempul\/files\/2019\/03\/IMG_20190115_130822-24x18.jpg 24w, https:\/\/blogsaverroes.juntadeandalucia.es\/iescastillodetempul\/files\/2019\/03\/IMG_20190115_130822-36x27.jpg 36w, https:\/\/blogsaverroes.juntadeandalucia.es\/iescastillodetempul\/files\/2019\/03\/IMG_20190115_130822-48x36.jpg 48w, https:\/\/blogsaverroes.juntadeandalucia.es\/iescastillodetempul\/files\/2019\/03\/IMG_20190115_130822.jpg 1600w\" sizes=\"(max-width: 1024px) 100vw, 1024px\" \/><\/a><p id=\"caption-attachment-5059\" class=\"wp-caption-text\">All-focus<\/p><\/div>\n<p>Utilizamos la fotograf\u00eda como forma para que el alumnado reflexione sobre los aspectos que han ido condicionando su vida, sus gustos intereses preferencias, sus tomas de decisiones. Utilizamos fotos art\u00edsticas que revelan gran imaginaci\u00f3n. Partimos de algunas fotograf\u00edas realizadas por EriK Johansson. Cada alumno\/a elegir\u00e1 tres fotograf\u00edas y a partir de su visualizaci\u00f3n ir\u00e1n respondiendo a las siguientes cuestiones:<br \/>\n-\u00bfqu\u00e9 sentimiento he sentido tras su visualizaci\u00f3n? F\u00edjate bien en la fotograf\u00eda y apunta las ideas que se te vengan a la mente, seguro que son muchas.<br \/>\n-\u00bfPor qu\u00e9 las he elegido?<br \/>\n-\u00bfrefleja la fotograf\u00eda alg\u00fan aspecto de mi personalidad?<br \/>\nTras la respuesta a estas preguntas cada alumno\/a debe escribir una frase relacionada con la fotograf\u00eda visualizada y con su experiencia como estudiante y seleccionar tres objetos importantes que lo definen y que llevar\u00e1 a la clase para presentar al resto del grupo, se presentar\u00e1 el objeto y se explicar\u00e1 la causa de su elecci\u00f3n.<\/p>\n<p>&nbsp;<br \/>\n<strong>Objetivos:<\/strong> contribuir a reducir el abandono escolar a trav\u00e9s de la reconstrucci\u00f3n de la confianza en uno mismo. Iniciar en la escritura creativa a partir de la fotograf\u00eda.<br \/>\nD<strong>estinatario:<\/strong> Alumnado 2\u00ba de PMAR<br \/>\n<strong>Competencias<\/strong>: exploraci\u00f3n de los factores que inciden en la trayectoria vital y profesional.<br \/>\n<strong>Actividad:<\/strong> Fotolenguaje \u201cReporteros de vida\u201d.<\/p>\n","protected":false},"excerpt":{"rendered":"<p>Utilizamos la fotograf\u00eda como forma para que el alumnado reflexione sobre los aspectos que han ido condicionando su vida, sus gustos intereses preferencias, sus tomas de decisiones. Utilizamos fotos art\u00edsticas que revelan gran imaginaci\u00f3n.&#46;&#46;&#46;<\/p>\n","protected":false},"author":4130,"featured_media":0,"parent":0,"menu_order":0,"comment_status":"closed","ping_status":"closed","template":"","meta":{"ngg_post_thumbnail":0,"footnotes":"","_mc_calendar":[]},"aioseo_notices":[],"_links":{"self":[{"href":"https:\/\/blogsaverroes.juntadeandalucia.es\/iescastillodetempul\/wp-json\/wp\/v2\/pages\/5029"}],"collection":[{"href":"https:\/\/blogsaverroes.juntadeandalucia.es\/iescastillodetempul\/wp-json\/wp\/v2\/pages"}],"about":[{"href":"https:\/\/blogsaverroes.juntadeandalucia.es\/iescastillodetempul\/wp-json\/wp\/v2\/types\/page"}],"author":[{"embeddable":true,"href":"https:\/\/blogsaverroes.juntadeandalucia.es\/iescastillodetempul\/wp-json\/wp\/v2\/users\/4130"}],"replies":[{"embeddable":true,"href":"https:\/\/blogsaverroes.juntadeandalucia.es\/iescastillodetempul\/wp-json\/wp\/v2\/comments?post=5029"}],"version-history":[{"count":9,"href":"https:\/\/blogsaverroes.juntadeandalucia.es\/iescastillodetempul\/wp-json\/wp\/v2\/pages\/5029\/revisions"}],"predecessor-version":[{"id":5060,"href":"https:\/\/blogsaverroes.juntadeandalucia.es\/iescastillodetempul\/wp-json\/wp\/v2\/pages\/5029\/revisions\/5060"}],"wp:attachment":[{"href":"https:\/\/blogsaverroes.juntadeandalucia.es\/iescastillodetempul\/wp-json\/wp\/v2\/media?parent=5029"}],"curies":[{"name":"wp","href":"https:\/\/api.w.org\/{rel}","templated":true}]}}

<p><a href="https://blogsaverroes.juntadeandalucia.es/iescastillodetempul/files/2018/12/yre.png"><img loading="lazy" decoding="async" class="size-full wp-image-4863 alignleft" src="https://blogsaverroes.juntadeandalucia.es/iescastillodetempul/files/2018/12/yre.png" alt="" width="265" height="243" srcset="https://blogsaverroes.juntadeandalucia.es/iescastillodetempul/files/2018/12/yre.png 265w, https://blogsaverroes.juntadeandalucia.es/iescastillodetempul/files/2018/12/yre-24x22.png 24w, https://blogsaverroes.juntadeandalucia.es/iescastillodetempul/files/2018/12/yre-36x33.png 36w, https://blogsaverroes.juntadeandalucia.es/iescastillodetempul/files/2018/12/yre-48x44.png 48w" sizes="(max-width: 265px) 100vw, 265px" /></a><a href="https://blogsaverroes.juntadeandalucia.es/iescastillodetempul/files/2019/03/fotolenguaje2.jpg"><img loading="lazy" decoding="async" class="aligncenter wp-image-5037" src="https://blogsaverroes.juntadeandalucia.es/iescastillodetempul/files/2019/03/fotolenguaje2-1024x973.jpg" alt="" width="370" height="352" srcset="https://blogsaverroes.juntadeandalucia.es/iescastillodetempul/files/2019/03/fotolenguaje2-1024x973.jpg 1024w, https://blogsaverroes.juntadeandalucia.es/iescastillodetempul/files/2019/03/fotolenguaje2-768x730.jpg 768w, https://blogsaverroes.juntadeandalucia.es/iescastillodetempul/files/2019/03/fotolenguaje2-700x665.jpg 700w, https://blogsaverroes.juntadeandalucia.es/iescastillodetempul/files/2019/03/fotolenguaje2-24x24.jpg 24w, https://blogsaverroes.juntadeandalucia.es/iescastillodetempul/files/2019/03/fotolenguaje2-36x34.jpg 36w, https://blogsaverroes.juntadeandalucia.es/iescastillodetempul/files/2019/03/fotolenguaje2-48x46.jpg 48w, https://blogsaverroes.juntadeandalucia.es/iescastillodetempul/files/2019/03/fotolenguaje2.jpg 1294w" sizes="(max-width: 370px) 100vw, 370px" /></a></p>
<p style="text-align: left"><a href="https://blogsaverroes.juntadeandalucia.es/iescastillodetempul/files/2019/03/fotolenguaje1.jpg"><img loading="lazy" decoding="async" class="aligncenter size-medium wp-image-5036" src="https://blogsaverroes.juntadeandalucia.es/iescastillodetempul/files/2019/03/fotolenguaje1-1024x558.jpg" alt="" width="1024" height="558" srcset="https://blogsaverroes.juntadeandalucia.es/iescastillodetempul/files/2019/03/fotolenguaje1-1024x558.jpg 1024w, https://blogsaverroes.juntadeandalucia.es/iescastillodetempul/files/2019/03/fotolenguaje1-768x418.jpg 768w, https://blogsaverroes.juntadeandalucia.es/iescastillodetempul/files/2019/03/fotolenguaje1-700x381.jpg 700w, https://blogsaverroes.juntadeandalucia.es/iescastillodetempul/files/2019/03/fotolenguaje1-24x13.jpg 24w, https://blogsaverroes.juntadeandalucia.es/iescastillodetempul/files/2019/03/fotolenguaje1-36x20.jpg 36w, https://blogsaverroes.juntadeandalucia.es/iescastillodetempul/files/2019/03/fotolenguaje1-48x26.jpg 48w, https://blogsaverroes.juntadeandalucia.es/iescastillodetempul/files/2019/03/fotolenguaje1.jpg 1600w" sizes="(max-width: 1024px) 100vw, 1024px" /></a></p>
<div id="attachment_5034" style="width: 510px" class="wp-caption alignnone"><a href="https://blogsaverroes.juntadeandalucia.es/iescastillodetempul/files/2019/03/San_Jose_del_Valle_Cadiz2.jpg"><img loading="lazy" decoding="async" aria-describedby="caption-attachment-5034" class="wp-image-5034 size-full" src="https://blogsaverroes.juntadeandalucia.es/iescastillodetempul/files/2019/03/San_Jose_del_Valle_Cadiz2.jpg" alt="" width="500" height="374" srcset="https://blogsaverroes.juntadeandalucia.es/iescastillodetempul/files/2019/03/San_Jose_del_Valle_Cadiz2.jpg 500w, https://blogsaverroes.juntadeandalucia.es/iescastillodetempul/files/2019/03/San_Jose_del_Valle_Cadiz2-24x18.jpg 24w, https://blogsaverroes.juntadeandalucia.es/iescastillodetempul/files/2019/03/San_Jose_del_Valle_Cadiz2-36x27.jpg 36w, https://blogsaverroes.juntadeandalucia.es/iescastillodetempul/files/2019/03/San_Jose_del_Valle_Cadiz2-48x36.jpg 48w" sizes="(max-width: 500px) 100vw, 500px" /></a><p id="caption-attachment-5034" class="wp-caption-text"><strong>Este es mi pueblo, en medio de la naturaleza</strong></p></div>
<div id="attachment_5035" style="width: 310px" class="wp-caption aligncenter"><a href="https://blogsaverroes.juntadeandalucia.es/iescastillodetempul/files/2019/03/insecto1.jpg"><img loading="lazy" decoding="async" aria-describedby="caption-attachment-5035" class="wp-image-5035 size-thumbnail" src="https://blogsaverroes.juntadeandalucia.es/iescastillodetempul/files/2019/03/insecto1-300x300.jpg" alt="" width="300" height="300" srcset="https://blogsaverroes.juntadeandalucia.es/iescastillodetempul/files/2019/03/insecto1-300x300.jpg 300w, https://blogsaverroes.juntadeandalucia.es/iescastillodetempul/files/2019/03/insecto1-100x100.jpg 100w, https://blogsaverroes.juntadeandalucia.es/iescastillodetempul/files/2019/03/insecto1-268x268.jpg 268w" sizes="(max-width: 300px) 100vw, 300px" /></a><p id="caption-attachment-5035" class="wp-caption-text"><strong>Estás es mi naturaleza</strong></p></div>
<div id="attachment_5058" style="width: 1034px" class="wp-caption aligncenter"><a href="https://blogsaverroes.juntadeandalucia.es/iescastillodetempul/files/2019/03/IMG_20190115_130712.jpg"><img loading="lazy" decoding="async" aria-describedby="caption-attachment-5058" class="wp-image-5058 size-medium" src="https://blogsaverroes.juntadeandalucia.es/iescastillodetempul/files/2019/03/IMG_20190115_130712-1024x768.jpg" alt="" width="1024" height="768" srcset="https://blogsaverroes.juntadeandalucia.es/iescastillodetempul/files/2019/03/IMG_20190115_130712-1024x768.jpg 1024w, https://blogsaverroes.juntadeandalucia.es/iescastillodetempul/files/2019/03/IMG_20190115_130712-768x576.jpg 768w, https://blogsaverroes.juntadeandalucia.es/iescastillodetempul/files/2019/03/IMG_20190115_130712-700x525.jpg 700w, https://blogsaverroes.juntadeandalucia.es/iescastillodetempul/files/2019/03/IMG_20190115_130712-24x18.jpg 24w, https://blogsaverroes.juntadeandalucia.es/iescastillodetempul/files/2019/03/IMG_20190115_130712-36x27.jpg 36w, https://blogsaverroes.juntadeandalucia.es/iescastillodetempul/files/2019/03/IMG_20190115_130712-48x36.jpg 48w, https://blogsaverroes.juntadeandalucia.es/iescastillodetempul/files/2019/03/IMG_20190115_130712.jpg 1600w" sizes="(max-width: 1024px) 100vw, 1024px" /></a><p id="caption-attachment-5058" class="wp-caption-text">¡Gracias amigos/as! por haber estado conmigo en los buenos y malos momentos de mi vida.</p></div>
<div id="attachment_5059" style="width: 1034px" class="wp-caption aligncenter"><a href="https://blogsaverroes.juntadeandalucia.es/iescastillodetempul/files/2019/03/IMG_20190115_130822.jpg"><img loading="lazy" decoding="async" aria-describedby="caption-attachment-5059" class="size-medium wp-image-5059" src="https://blogsaverroes.juntadeandalucia.es/iescastillodetempul/files/2019/03/IMG_20190115_130822-1024x768.jpg" alt="" width="1024" height="768" srcset="https://blogsaverroes.juntadeandalucia.es/iescastillodetempul/files/2019/03/IMG_20190115_130822-1024x768.jpg 1024w, https://blogsaverroes.juntadeandalucia.es/iescastillodetempul/files/2019/03/IMG_20190115_130822-768x576.jpg 768w, https://blogsaverroes.juntadeandalucia.es/iescastillodetempul/files/2019/03/IMG_20190115_130822-700x525.jpg 700w, https://blogsaverroes.juntadeandalucia.es/iescastillodetempul/files/2019/03/IMG_20190115_130822-24x18.jpg 24w, https://blogsaverroes.juntadeandalucia.es/iescastillodetempul/files/2019/03/IMG_20190115_130822-36x27.jpg 36w, https://blogsaverroes.juntadeandalucia.es/iescastillodetempul/files/2019/03/IMG_20190115_130822-48x36.jpg 48w, https://blogsaverroes.juntadeandalucia.es/iescastillodetempul/files/2019/03/IMG_20190115_130822.jpg 1600w" sizes="(max-width: 1024px) 100vw, 1024px" /></a><p id="caption-attachment-5059" class="wp-caption-text">All-focus</p></div>
<p>Utilizamos la fotografía como forma para que el alumnado reflexione sobre los aspectos que han ido condicionando su vida, sus gustos intereses preferencias, sus tomas de decisiones. Utilizamos fotos artísticas que revelan gran imaginación. Partimos de algunas fotografías realizadas por EriK Johansson. Cada alumno/a elegirá tres fotografías y a partir de su visualización irán respondiendo a las siguientes cuestiones:<br />
-¿qué sentimiento he sentido tras su visualización? Fíjate bien en la fotografía y apunta las ideas que se te vengan a la mente, seguro que son muchas.<br />
-¿Por qué las he elegido?<br />
-¿refleja la fotografía algún aspecto de mi personalidad?<br />
Tras la respuesta a estas preguntas cada alumno/a debe escribir una frase relacionada con la fotografía visualizada y con su experiencia como estudiante y seleccionar tres objetos importantes que lo definen y que llevará a la clase para presentar al resto del grupo, se presentará el objeto y se explicará la causa de su elección.</p>
<p>&nbsp;<br />
<strong>Objetivos:</strong> contribuir a reducir el abandono escolar a través de la reconstrucción de la confianza en uno mismo. Iniciar en la escritura creativa a partir de la fotografía.<br />
D<strong>estinatario:</strong> Alumnado 2º de PMAR<br />
<strong>Competencias</strong>: exploración de los factores que inciden en la trayectoria vital y profesional.<br />
<strong>Actividad:</strong> Fotolenguaje “Reporteros de vida”.</p>

<p>Utilizamos la fotografía como forma para que el alumnado reflexione sobre los aspectos que han ido condicionando su vida, sus gustos intereses preferencias, sus tomas de decisiones. Utilizamos fotos artísticas que revelan gran imaginación.&#46;&#46;&#46;</p>
