{"id":5049,"date":"2019-03-13T15:01:10","date_gmt":"2019-03-13T15:01:10","guid":{"rendered":"https:\/\/blogsaverroes.juntadeandalucia.es\/iescastillodetempul\/?page_id=5049"},"modified":"2019-03-14T19:19:42","modified_gmt":"2019-03-14T19:19:42","slug":"aguas-fecales-en-el-arroyo-de-los-toreros","status":"publish","type":"page","link":"https:\/\/blogsaverroes.juntadeandalucia.es\/iescastillodetempul\/aguas-fecales-en-el-arroyo-de-los-toreros\/","title":{"rendered":"AGUAS FECALES EN EL ARROYO DE LOS TOREROS"},"content":{"rendered":"<p><a href=\"https:\/\/blogsaverroes.juntadeandalucia.es\/iescastillodetempul\/files\/2018\/12\/yre.png\"><img loading=\"lazy\" decoding=\"async\" class=\"aligncenter size-full wp-image-4863\" src=\"https:\/\/blogsaverroes.juntadeandalucia.es\/iescastillodetempul\/files\/2018\/12\/yre.png\" alt=\"\" width=\"265\" height=\"243\" srcset=\"https:\/\/blogsaverroes.juntadeandalucia.es\/iescastillodetempul\/files\/2018\/12\/yre.png 265w, https:\/\/blogsaverroes.juntadeandalucia.es\/iescastillodetempul\/files\/2018\/12\/yre-24x22.png 24w, https:\/\/blogsaverroes.juntadeandalucia.es\/iescastillodetempul\/files\/2018\/12\/yre-36x33.png 36w, https:\/\/blogsaverroes.juntadeandalucia.es\/iescastillodetempul\/files\/2018\/12\/yre-48x44.png 48w\" sizes=\"(max-width: 265px) 100vw, 265px\" \/><\/a><\/p>\n<h4 class=\"entry-title\">J\u00d3VENES REPORTEROS PARA EL MEDIO AMBIENTE<\/h4>\n<p>IES CASTILLO DE TEMPUL<\/p>\n<p>SAN JOS\u00c9 DEL VALLE, C\u00c1DIZ<\/p>\n<p>REPORTEROS DEL GRUPO DE 3\u00ba DE ESO.<br \/>\n<a href=\"https:\/\/blogsaverroes.juntadeandalucia.es\/iescastillodetempul\/files\/2019\/03\/gota-sucia.jpg\"><img loading=\"lazy\" decoding=\"async\" class=\"aligncenter size-medium wp-image-5103\" src=\"https:\/\/blogsaverroes.juntadeandalucia.es\/iescastillodetempul\/files\/2019\/03\/gota-sucia-1024x523.jpg\" alt=\"\" width=\"1024\" height=\"523\" srcset=\"https:\/\/blogsaverroes.juntadeandalucia.es\/iescastillodetempul\/files\/2019\/03\/gota-sucia-1024x523.jpg 1024w, https:\/\/blogsaverroes.juntadeandalucia.es\/iescastillodetempul\/files\/2019\/03\/gota-sucia-768x392.jpg 768w, https:\/\/blogsaverroes.juntadeandalucia.es\/iescastillodetempul\/files\/2019\/03\/gota-sucia-700x357.jpg 700w, https:\/\/blogsaverroes.juntadeandalucia.es\/iescastillodetempul\/files\/2019\/03\/gota-sucia-24x12.jpg 24w, https:\/\/blogsaverroes.juntadeandalucia.es\/iescastillodetempul\/files\/2019\/03\/gota-sucia-36x18.jpg 36w, https:\/\/blogsaverroes.juntadeandalucia.es\/iescastillodetempul\/files\/2019\/03\/gota-sucia-48x24.jpg 48w, https:\/\/blogsaverroes.juntadeandalucia.es\/iescastillodetempul\/files\/2019\/03\/gota-sucia.jpg 1600w\" sizes=\"(max-width: 1024px) 100vw, 1024px\" \/><\/a><br \/>\n<strong>AGUAS FECALES EN EL ARROYO DE LOS TOREROS<\/strong><\/p>\n<p>Uno de los principales problemas medioambientales en nuestro pueblo es la presencia de aguas fecales en uno de los tramos de nuestro municipio. Nuestra meta es poder conseguir poner en marcha el proyecto de la depuradora, para ello hemos realizado una serie de preguntas al alcalde y estas fueron sus palabras m\u00e1s significativas sobre este tema:<\/p>\n<p><strong> \u201cla depuradora est\u00e1 en una fase de expropiaci\u00f3n del terreno donde en una primera ubicaci\u00f3n, por estar tan cerca de la barriada de los Alcornocalejos, hubo que reubicarla de nuevo, tras dos a\u00f1os, est\u00e1 en un proceso de tr\u00e1mites de alegaciones.\u201d <\/strong><\/p>\n<p>Ya que el alcalde no nos dijo una fecha para la construcci\u00f3n de la depuradora decidimos hablar con varios habitantes para que nos diesen su opini\u00f3n.&nbsp;<\/p>\n<p>Una de las respuestas que m\u00e1s nos impact\u00f3 fue la respuesta de una mujer sobre criar a sus hijos en esas condiciones, pues es una de las familias que viven m\u00e1s cerca.<\/p>\n<p><strong>\u201d No me parece bien que mis hijos se cr\u00eden en este entorno. Creo que el dirigente del Ayuntamiento debe tomar medidas\u201d.<\/strong><\/p>\n<p>Gracias a estas encuestas hemos observado que los habitantes est\u00e1n de acuerdo con que hay que solucionar el problema cuanto antes . Nuestra opini\u00f3n es que puede llegar a ser en un futuro perjudicial para el medio ambiente de nuestro entorno y para las personas que puedan vivir aqu\u00ed, por eso hemos decidido hacer este proyecto sobre la depuradora ya que vemos que es casi el que m\u00e1s problemas causa en este municipio y para que el personal del ayuntamiento vea que los j\u00f3venes nos preocupamos por nuestro pueblo y esperamos que gracias a este proyecto se ponga una soluci\u00f3n de inmediato.<\/p>\n<p>&nbsp;<\/p>\n<p>REPORTEROS:<br \/>\nLuc\u00eda Medina Garc\u00eda<br \/>\nMar\u00eda Marchante Moreno<br \/>\nJos\u00e9 Ignacio Cabezas Jim\u00e9nez<br \/>\nBlas Yerai Carretero L\u00f3pez<br \/>\nJuan Ram\u00f3n Mac\u00edas Oca\u00f1a<\/p>\n<p>Trabajo en formato PDF<\/p>\n<p><a href=\"https:\/\/blogsaverroes.juntadeandalucia.es\/iescastillodetempul\/files\/2019\/03\/AGUAS-FECALES-EN-3ero.pdf\">AGUAS FECALES EN 3ero<\/a><\/p>\n<p>&nbsp;<\/p>\n","protected":false},"excerpt":{"rendered":"<p>J\u00d3VENES REPORTEROS PARA EL MEDIO AMBIENTE IES CASTILLO DE TEMPUL SAN JOS\u00c9 DEL VALLE, C\u00c1DIZ REPORTEROS DEL GRUPO DE 3\u00ba DE ESO. AGUAS FECALES EN EL ARROYO DE LOS TOREROS Uno de los principales&#46;&#46;&#46;<\/p>\n","protected":false},"author":4130,"featured_media":0,"parent":0,"menu_order":0,"comment_status":"closed","ping_status":"closed","template":"","meta":{"ngg_post_thumbnail":0,"footnotes":"","_mc_calendar":[]},"aioseo_notices":[],"_links":{"self":[{"href":"https:\/\/blogsaverroes.juntadeandalucia.es\/iescastillodetempul\/wp-json\/wp\/v2\/pages\/5049"}],"collection":[{"href":"https:\/\/blogsaverroes.juntadeandalucia.es\/iescastillodetempul\/wp-json\/wp\/v2\/pages"}],"about":[{"href":"https:\/\/blogsaverroes.juntadeandalucia.es\/iescastillodetempul\/wp-json\/wp\/v2\/types\/page"}],"author":[{"embeddable":true,"href":"https:\/\/blogsaverroes.juntadeandalucia.es\/iescastillodetempul\/wp-json\/wp\/v2\/users\/4130"}],"replies":[{"embeddable":true,"href":"https:\/\/blogsaverroes.juntadeandalucia.es\/iescastillodetempul\/wp-json\/wp\/v2\/comments?post=5049"}],"version-history":[{"count":8,"href":"https:\/\/blogsaverroes.juntadeandalucia.es\/iescastillodetempul\/wp-json\/wp\/v2\/pages\/5049\/revisions"}],"predecessor-version":[{"id":5104,"href":"https:\/\/blogsaverroes.juntadeandalucia.es\/iescastillodetempul\/wp-json\/wp\/v2\/pages\/5049\/revisions\/5104"}],"wp:attachment":[{"href":"https:\/\/blogsaverroes.juntadeandalucia.es\/iescastillodetempul\/wp-json\/wp\/v2\/media?parent=5049"}],"curies":[{"name":"wp","href":"https:\/\/api.w.org\/{rel}","templated":true}]}}

<p><a href="https://blogsaverroes.juntadeandalucia.es/iescastillodetempul/files/2018/12/yre.png"><img loading="lazy" decoding="async" class="aligncenter size-full wp-image-4863" src="https://blogsaverroes.juntadeandalucia.es/iescastillodetempul/files/2018/12/yre.png" alt="" width="265" height="243" srcset="https://blogsaverroes.juntadeandalucia.es/iescastillodetempul/files/2018/12/yre.png 265w, https://blogsaverroes.juntadeandalucia.es/iescastillodetempul/files/2018/12/yre-24x22.png 24w, https://blogsaverroes.juntadeandalucia.es/iescastillodetempul/files/2018/12/yre-36x33.png 36w, https://blogsaverroes.juntadeandalucia.es/iescastillodetempul/files/2018/12/yre-48x44.png 48w" sizes="(max-width: 265px) 100vw, 265px" /></a></p>
<h4 class="entry-title">JÓVENES REPORTEROS PARA EL MEDIO AMBIENTE</h4>
<p>IES CASTILLO DE TEMPUL</p>
<p>SAN JOSÉ DEL VALLE, CÁDIZ</p>
<p>REPORTEROS DEL GRUPO DE 3º DE ESO.<br />
<a href="https://blogsaverroes.juntadeandalucia.es/iescastillodetempul/files/2019/03/gota-sucia.jpg"><img loading="lazy" decoding="async" class="aligncenter size-medium wp-image-5103" src="https://blogsaverroes.juntadeandalucia.es/iescastillodetempul/files/2019/03/gota-sucia-1024x523.jpg" alt="" width="1024" height="523" srcset="https://blogsaverroes.juntadeandalucia.es/iescastillodetempul/files/2019/03/gota-sucia-1024x523.jpg 1024w, https://blogsaverroes.juntadeandalucia.es/iescastillodetempul/files/2019/03/gota-sucia-768x392.jpg 768w, https://blogsaverroes.juntadeandalucia.es/iescastillodetempul/files/2019/03/gota-sucia-700x357.jpg 700w, https://blogsaverroes.juntadeandalucia.es/iescastillodetempul/files/2019/03/gota-sucia-24x12.jpg 24w, https://blogsaverroes.juntadeandalucia.es/iescastillodetempul/files/2019/03/gota-sucia-36x18.jpg 36w, https://blogsaverroes.juntadeandalucia.es/iescastillodetempul/files/2019/03/gota-sucia-48x24.jpg 48w, https://blogsaverroes.juntadeandalucia.es/iescastillodetempul/files/2019/03/gota-sucia.jpg 1600w" sizes="(max-width: 1024px) 100vw, 1024px" /></a><br />
<strong>AGUAS FECALES EN EL ARROYO DE LOS TOREROS</strong></p>
<p>Uno de los principales problemas medioambientales en nuestro pueblo es la presencia de aguas fecales en uno de los tramos de nuestro municipio. Nuestra meta es poder conseguir poner en marcha el proyecto de la depuradora, para ello hemos realizado una serie de preguntas al alcalde y estas fueron sus palabras más significativas sobre este tema:</p>
<p><strong> “la depuradora está en una fase de expropiación del terreno donde en una primera ubicación, por estar tan cerca de la barriada de los Alcornocalejos, hubo que reubicarla de nuevo, tras dos años, está en un proceso de trámites de alegaciones.” </strong></p>
<p>Ya que el alcalde no nos dijo una fecha para la construcción de la depuradora decidimos hablar con varios habitantes para que nos diesen su opinión.&nbsp;</p>
<p>Una de las respuestas que más nos impactó fue la respuesta de una mujer sobre criar a sus hijos en esas condiciones, pues es una de las familias que viven más cerca.</p>
<p><strong>” No me parece bien que mis hijos se críen en este entorno. Creo que el dirigente del Ayuntamiento debe tomar medidas”.</strong></p>
<p>Gracias a estas encuestas hemos observado que los habitantes están de acuerdo con que hay que solucionar el problema cuanto antes . Nuestra opinión es que puede llegar a ser en un futuro perjudicial para el medio ambiente de nuestro entorno y para las personas que puedan vivir aquí, por eso hemos decidido hacer este proyecto sobre la depuradora ya que vemos que es casi el que más problemas causa en este municipio y para que el personal del ayuntamiento vea que los jóvenes nos preocupamos por nuestro pueblo y esperamos que gracias a este proyecto se ponga una solución de inmediato.</p>
<p>&nbsp;</p>
<p>REPORTEROS:<br />
Lucía Medina García<br />
María Marchante Moreno<br />
José Ignacio Cabezas Jiménez<br />
Blas Yerai Carretero López<br />
Juan Ramón Macías Ocaña</p>
<p>Trabajo en formato PDF</p>
<p><a href="https://blogsaverroes.juntadeandalucia.es/iescastillodetempul/files/2019/03/AGUAS-FECALES-EN-3ero.pdf">AGUAS FECALES EN 3ero</a></p>
<p>&nbsp;</p>

<p>JÓVENES REPORTEROS PARA EL MEDIO AMBIENTE IES CASTILLO DE TEMPUL SAN JOSÉ DEL VALLE, CÁDIZ REPORTEROS DEL GRUPO DE 3º DE ESO. AGUAS FECALES EN EL ARROYO DE LOS TOREROS Uno de los principales&#46;&#46;&#46;</p>
