{"id":5122,"date":"2019-03-19T16:34:47","date_gmt":"2019-03-19T16:34:47","guid":{"rendered":"https:\/\/blogsaverroes.juntadeandalucia.es\/iescastillodetempul\/?page_id=5122"},"modified":"2019-03-19T17:08:16","modified_gmt":"2019-03-19T17:08:16","slug":"con-ojos-de-mujer","status":"publish","type":"page","link":"https:\/\/blogsaverroes.juntadeandalucia.es\/iescastillodetempul\/con-ojos-de-mujer\/","title":{"rendered":"CON OJOS DE MUJER"},"content":{"rendered":"<h2 class=\"single-title\">El IV Concurso Fotogr\u00e1fico \u2018Con ojos de mujer\u2019 de USTEA en el IES Castillo de Tempul<\/h2>\n<p>15 de Febrero de 2019<\/p>\n<div id=\"attachment_5123\" style=\"width: 739px\" class=\"wp-caption aligncenter\"><a href=\"https:\/\/blogsaverroes.juntadeandalucia.es\/iescastillodetempul\/files\/2019\/03\/7-Soledades.jpg\"><img loading=\"lazy\" decoding=\"async\" aria-describedby=\"caption-attachment-5123\" class=\"wp-image-5123 size-full\" src=\"https:\/\/blogsaverroes.juntadeandalucia.es\/iescastillodetempul\/files\/2019\/03\/7-Soledades.jpg\" alt=\"\" width=\"729\" height=\"378\"><\/a><p id=\"caption-attachment-5123\" class=\"wp-caption-text\">Primer Premio \u2013 \u201cSoledades\u201d de Mar\u00eda Eva Garc\u00eda Quilez<\/p><\/div>\n<div id=\"attachment_5128\" style=\"width: 690px\" class=\"wp-caption aligncenter\"><a href=\"https:\/\/blogsaverroes.juntadeandalucia.es\/iescastillodetempul\/files\/2019\/03\/73-Buscando-el-norte-768x1156.jpg\"><img loading=\"lazy\" decoding=\"async\" aria-describedby=\"caption-attachment-5128\" class=\"wp-image-5128 size-medium\" src=\"https:\/\/blogsaverroes.juntadeandalucia.es\/iescastillodetempul\/files\/2019\/03\/73-Buscando-el-norte-768x1156-680x1024.jpg\" alt=\"\" width=\"680\" height=\"1024\" srcset=\"https:\/\/blogsaverroes.juntadeandalucia.es\/iescastillodetempul\/files\/2019\/03\/73-Buscando-el-norte-768x1156-680x1024.jpg 680w, https:\/\/blogsaverroes.juntadeandalucia.es\/iescastillodetempul\/files\/2019\/03\/73-Buscando-el-norte-768x1156.jpg 768w, https:\/\/blogsaverroes.juntadeandalucia.es\/iescastillodetempul\/files\/2019\/03\/73-Buscando-el-norte-768x1156-700x1054.jpg 700w, https:\/\/blogsaverroes.juntadeandalucia.es\/iescastillodetempul\/files\/2019\/03\/73-Buscando-el-norte-768x1156-16x24.jpg 16w, https:\/\/blogsaverroes.juntadeandalucia.es\/iescastillodetempul\/files\/2019\/03\/73-Buscando-el-norte-768x1156-24x36.jpg 24w, https:\/\/blogsaverroes.juntadeandalucia.es\/iescastillodetempul\/files\/2019\/03\/73-Buscando-el-norte-768x1156-32x48.jpg 32w\" sizes=\"(max-width: 680px) 100vw, 680px\" \/><\/a><p id=\"caption-attachment-5128\" class=\"wp-caption-text\">Segundo Premio \u2013 \u201cBuscando el norte\u201d de Teresa L\u00f3pez Gonz\u00e1lez<\/p><\/div>\n<div id=\"attachment_5131\" style=\"width: 1034px\" class=\"wp-caption aligncenter\"><a href=\"https:\/\/blogsaverroes.juntadeandalucia.es\/iescastillodetempul\/files\/2019\/03\/31-Entre-tus-brazos-calma-1024x683.jpg\"><img loading=\"lazy\" decoding=\"async\" aria-describedby=\"caption-attachment-5131\" class=\"wp-image-5131 size-medium\" src=\"https:\/\/blogsaverroes.juntadeandalucia.es\/iescastillodetempul\/files\/2019\/03\/31-Entre-tus-brazos-calma-1024x683-1024x683.jpg\" alt=\"\" width=\"1024\" height=\"683\" srcset=\"https:\/\/blogsaverroes.juntadeandalucia.es\/iescastillodetempul\/files\/2019\/03\/31-Entre-tus-brazos-calma-1024x683.jpg 1024w, https:\/\/blogsaverroes.juntadeandalucia.es\/iescastillodetempul\/files\/2019\/03\/31-Entre-tus-brazos-calma-1024x683-768x512.jpg 768w, https:\/\/blogsaverroes.juntadeandalucia.es\/iescastillodetempul\/files\/2019\/03\/31-Entre-tus-brazos-calma-1024x683-700x467.jpg 700w, https:\/\/blogsaverroes.juntadeandalucia.es\/iescastillodetempul\/files\/2019\/03\/31-Entre-tus-brazos-calma-1024x683-24x16.jpg 24w, https:\/\/blogsaverroes.juntadeandalucia.es\/iescastillodetempul\/files\/2019\/03\/31-Entre-tus-brazos-calma-1024x683-36x24.jpg 36w, https:\/\/blogsaverroes.juntadeandalucia.es\/iescastillodetempul\/files\/2019\/03\/31-Entre-tus-brazos-calma-1024x683-48x32.jpg 48w\" sizes=\"(max-width: 1024px) 100vw, 1024px\" \/><\/a><p id=\"caption-attachment-5131\" class=\"wp-caption-text\">Tercer Premio \u2013 \u201cEntre tus brazos calma\u201d de Iris Mu\u00f1oz G\u00f3mez<\/p><\/div>\n<div id=\"attachment_5130\" style=\"width: 1034px\" class=\"wp-caption aligncenter\"><a href=\"https:\/\/blogsaverroes.juntadeandalucia.es\/iescastillodetempul\/files\/2019\/03\/82-El-circo-de-las-mariposas-1024x768.jpg\"><img loading=\"lazy\" decoding=\"async\" aria-describedby=\"caption-attachment-5130\" class=\"wp-image-5130 size-medium\" src=\"https:\/\/blogsaverroes.juntadeandalucia.es\/iescastillodetempul\/files\/2019\/03\/82-El-circo-de-las-mariposas-1024x768-1024x768.jpg\" alt=\"\" width=\"1024\" height=\"768\" srcset=\"https:\/\/blogsaverroes.juntadeandalucia.es\/iescastillodetempul\/files\/2019\/03\/82-El-circo-de-las-mariposas-1024x768.jpg 1024w, https:\/\/blogsaverroes.juntadeandalucia.es\/iescastillodetempul\/files\/2019\/03\/82-El-circo-de-las-mariposas-1024x768-768x576.jpg 768w, https:\/\/blogsaverroes.juntadeandalucia.es\/iescastillodetempul\/files\/2019\/03\/82-El-circo-de-las-mariposas-1024x768-700x525.jpg 700w, https:\/\/blogsaverroes.juntadeandalucia.es\/iescastillodetempul\/files\/2019\/03\/82-El-circo-de-las-mariposas-1024x768-24x18.jpg 24w, https:\/\/blogsaverroes.juntadeandalucia.es\/iescastillodetempul\/files\/2019\/03\/82-El-circo-de-las-mariposas-1024x768-36x27.jpg 36w, https:\/\/blogsaverroes.juntadeandalucia.es\/iescastillodetempul\/files\/2019\/03\/82-El-circo-de-las-mariposas-1024x768-48x36.jpg 48w\" sizes=\"(max-width: 1024px) 100vw, 1024px\" \/><\/a><p id=\"caption-attachment-5130\" class=\"wp-caption-text\">Menci\u00f3n especial \u2013 \u201cEl circo de las mariposas\u201d de Raquel Carvajal Mart\u00edn<\/p><\/div>\n<div id=\"attachment_5125\" style=\"width: 1034px\" class=\"wp-caption aligncenter\"><a href=\"https:\/\/blogsaverroes.juntadeandalucia.es\/iescastillodetempul\/files\/2019\/03\/61-Laila-un-sue\u00f1o-ganado-1024x730.jpg\"><img loading=\"lazy\" decoding=\"async\" aria-describedby=\"caption-attachment-5125\" class=\"wp-image-5125 size-medium\" src=\"https:\/\/blogsaverroes.juntadeandalucia.es\/iescastillodetempul\/files\/2019\/03\/61-Laila-un-sue\u00f1o-ganado-1024x730-1024x730.jpg\" alt=\"\" width=\"1024\" height=\"730\" srcset=\"https:\/\/blogsaverroes.juntadeandalucia.es\/iescastillodetempul\/files\/2019\/03\/61-Laila-un-sue\u00f1o-ganado-1024x730.jpg 1024w, https:\/\/blogsaverroes.juntadeandalucia.es\/iescastillodetempul\/files\/2019\/03\/61-Laila-un-sue\u00f1o-ganado-1024x730-768x548.jpg 768w, https:\/\/blogsaverroes.juntadeandalucia.es\/iescastillodetempul\/files\/2019\/03\/61-Laila-un-sue\u00f1o-ganado-1024x730-700x499.jpg 700w, https:\/\/blogsaverroes.juntadeandalucia.es\/iescastillodetempul\/files\/2019\/03\/61-Laila-un-sue\u00f1o-ganado-1024x730-24x17.jpg 24w, https:\/\/blogsaverroes.juntadeandalucia.es\/iescastillodetempul\/files\/2019\/03\/61-Laila-un-sue\u00f1o-ganado-1024x730-36x26.jpg 36w, https:\/\/blogsaverroes.juntadeandalucia.es\/iescastillodetempul\/files\/2019\/03\/61-Laila-un-sue\u00f1o-ganado-1024x730-48x34.jpg 48w\" sizes=\"(max-width: 1024px) 100vw, 1024px\" \/><\/a><p id=\"caption-attachment-5125\" class=\"wp-caption-text\">Menci\u00f3n especial \u2013 \u201cLaila, un sue\u00f1o ganado\u201d de Paula Infantes Ramos<\/p><\/div>\n<div id=\"attachment_5124\" style=\"width: 1034px\" class=\"wp-caption aligncenter\"><a href=\"https:\/\/blogsaverroes.juntadeandalucia.es\/iescastillodetempul\/files\/2019\/03\/33-La-manada-1024x683.jpg\"><img loading=\"lazy\" decoding=\"async\" aria-describedby=\"caption-attachment-5124\" class=\"wp-image-5124 size-medium\" src=\"https:\/\/blogsaverroes.juntadeandalucia.es\/iescastillodetempul\/files\/2019\/03\/33-La-manada-1024x683-1024x683.jpg\" alt=\"\" width=\"1024\" height=\"683\" srcset=\"https:\/\/blogsaverroes.juntadeandalucia.es\/iescastillodetempul\/files\/2019\/03\/33-La-manada-1024x683.jpg 1024w, https:\/\/blogsaverroes.juntadeandalucia.es\/iescastillodetempul\/files\/2019\/03\/33-La-manada-1024x683-768x512.jpg 768w, https:\/\/blogsaverroes.juntadeandalucia.es\/iescastillodetempul\/files\/2019\/03\/33-La-manada-1024x683-700x467.jpg 700w, https:\/\/blogsaverroes.juntadeandalucia.es\/iescastillodetempul\/files\/2019\/03\/33-La-manada-1024x683-24x16.jpg 24w, https:\/\/blogsaverroes.juntadeandalucia.es\/iescastillodetempul\/files\/2019\/03\/33-La-manada-1024x683-36x24.jpg 36w, https:\/\/blogsaverroes.juntadeandalucia.es\/iescastillodetempul\/files\/2019\/03\/33-La-manada-1024x683-48x32.jpg 48w\" sizes=\"(max-width: 1024px) 100vw, 1024px\" \/><\/a><p id=\"caption-attachment-5124\" class=\"wp-caption-text\">Menci\u00f3n especial \u2013 \u201cLa manada\u201d de Iris Mu\u00f1oz G\u00f3mez<\/p><\/div>\n<div id=\"attachment_5127\" style=\"width: 1034px\" class=\"wp-caption aligncenter\"><a href=\"https:\/\/blogsaverroes.juntadeandalucia.es\/iescastillodetempul\/files\/2019\/03\/62-El-color-de-la-m\u00fasica-1024x683.jpg\"><img loading=\"lazy\" decoding=\"async\" aria-describedby=\"caption-attachment-5127\" class=\"wp-image-5127 size-medium\" src=\"https:\/\/blogsaverroes.juntadeandalucia.es\/iescastillodetempul\/files\/2019\/03\/62-El-color-de-la-m\u00fasica-1024x683-1024x683.jpg\" alt=\"\" width=\"1024\" height=\"683\" srcset=\"https:\/\/blogsaverroes.juntadeandalucia.es\/iescastillodetempul\/files\/2019\/03\/62-El-color-de-la-m\u00fasica-1024x683.jpg 1024w, https:\/\/blogsaverroes.juntadeandalucia.es\/iescastillodetempul\/files\/2019\/03\/62-El-color-de-la-m\u00fasica-1024x683-768x512.jpg 768w, https:\/\/blogsaverroes.juntadeandalucia.es\/iescastillodetempul\/files\/2019\/03\/62-El-color-de-la-m\u00fasica-1024x683-700x467.jpg 700w, https:\/\/blogsaverroes.juntadeandalucia.es\/iescastillodetempul\/files\/2019\/03\/62-El-color-de-la-m\u00fasica-1024x683-24x16.jpg 24w, https:\/\/blogsaverroes.juntadeandalucia.es\/iescastillodetempul\/files\/2019\/03\/62-El-color-de-la-m\u00fasica-1024x683-36x24.jpg 36w, https:\/\/blogsaverroes.juntadeandalucia.es\/iescastillodetempul\/files\/2019\/03\/62-El-color-de-la-m\u00fasica-1024x683-48x32.jpg 48w\" sizes=\"(max-width: 1024px) 100vw, 1024px\" \/><\/a><p id=\"caption-attachment-5127\" class=\"wp-caption-text\">Menci\u00f3n especial \u2013 \u201cEl color de la m\u00fasica\u201d de Lola Quintana Rodr\u00edguez<\/p><\/div>\n<div id=\"attachment_5126\" style=\"width: 1034px\" class=\"wp-caption aligncenter\"><a href=\"https:\/\/blogsaverroes.juntadeandalucia.es\/iescastillodetempul\/files\/2019\/03\/16-Hasta-el-mocho-1024x683.jpg\"><img loading=\"lazy\" decoding=\"async\" aria-describedby=\"caption-attachment-5126\" class=\"wp-image-5126 size-medium\" src=\"https:\/\/blogsaverroes.juntadeandalucia.es\/iescastillodetempul\/files\/2019\/03\/16-Hasta-el-mocho-1024x683-1024x683.jpg\" alt=\"\" width=\"1024\" height=\"683\" srcset=\"https:\/\/blogsaverroes.juntadeandalucia.es\/iescastillodetempul\/files\/2019\/03\/16-Hasta-el-mocho-1024x683.jpg 1024w, https:\/\/blogsaverroes.juntadeandalucia.es\/iescastillodetempul\/files\/2019\/03\/16-Hasta-el-mocho-1024x683-768x512.jpg 768w, https:\/\/blogsaverroes.juntadeandalucia.es\/iescastillodetempul\/files\/2019\/03\/16-Hasta-el-mocho-1024x683-700x467.jpg 700w, https:\/\/blogsaverroes.juntadeandalucia.es\/iescastillodetempul\/files\/2019\/03\/16-Hasta-el-mocho-1024x683-24x16.jpg 24w, https:\/\/blogsaverroes.juntadeandalucia.es\/iescastillodetempul\/files\/2019\/03\/16-Hasta-el-mocho-1024x683-36x24.jpg 36w, https:\/\/blogsaverroes.juntadeandalucia.es\/iescastillodetempul\/files\/2019\/03\/16-Hasta-el-mocho-1024x683-48x32.jpg 48w\" sizes=\"(max-width: 1024px) 100vw, 1024px\" \/><\/a><p id=\"caption-attachment-5126\" class=\"wp-caption-text\">Menci\u00f3n especial \u2013 \u201cHasta el mocho\u201d de Laura Maroto Delgado<\/p><\/div>\n<div id=\"attachment_5132\" style=\"width: 1034px\" class=\"wp-caption aligncenter\"><a href=\"https:\/\/blogsaverroes.juntadeandalucia.es\/iescastillodetempul\/files\/2019\/03\/21-mirar-y-sentir-1024x768.jpg\"><img loading=\"lazy\" decoding=\"async\" aria-describedby=\"caption-attachment-5132\" class=\"wp-image-5132 size-medium\" src=\"https:\/\/blogsaverroes.juntadeandalucia.es\/iescastillodetempul\/files\/2019\/03\/21-mirar-y-sentir-1024x768-1024x768.jpg\" alt=\"\" width=\"1024\" height=\"768\" srcset=\"https:\/\/blogsaverroes.juntadeandalucia.es\/iescastillodetempul\/files\/2019\/03\/21-mirar-y-sentir-1024x768.jpg 1024w, https:\/\/blogsaverroes.juntadeandalucia.es\/iescastillodetempul\/files\/2019\/03\/21-mirar-y-sentir-1024x768-768x576.jpg 768w, https:\/\/blogsaverroes.juntadeandalucia.es\/iescastillodetempul\/files\/2019\/03\/21-mirar-y-sentir-1024x768-700x525.jpg 700w, https:\/\/blogsaverroes.juntadeandalucia.es\/iescastillodetempul\/files\/2019\/03\/21-mirar-y-sentir-1024x768-24x18.jpg 24w, https:\/\/blogsaverroes.juntadeandalucia.es\/iescastillodetempul\/files\/2019\/03\/21-mirar-y-sentir-1024x768-36x27.jpg 36w, https:\/\/blogsaverroes.juntadeandalucia.es\/iescastillodetempul\/files\/2019\/03\/21-mirar-y-sentir-1024x768-48x36.jpg 48w\" sizes=\"(max-width: 1024px) 100vw, 1024px\" \/><\/a><p id=\"caption-attachment-5132\" class=\"wp-caption-text\">Menci\u00f3n especial \u2013 \u201cMirar y sentir\u201d de Mar\u00eda Jos\u00e9 Santana D\u00edaz<\/p><\/div>\nngg_shortcode_0_placeholder\n","protected":false},"excerpt":{"rendered":"<p>El IV Concurso Fotogr\u00e1fico \u2018Con ojos de mujer\u2019 de USTEA en el IES Castillo de Tempul 15 de Febrero de 2019 \u00bb order_by=\u00bbfilename\u00bb order_direction=\u00bbASC\u00bb returns=\u00bbincluded\u00bb maximum_entity_count=\u00bb500&#8243;]<\/p>\n","protected":false},"author":4130,"featured_media":5129,"parent":0,"menu_order":0,"comment_status":"closed","ping_status":"closed","template":"","meta":{"ngg_post_thumbnail":0,"footnotes":"","_mc_calendar":[]},"aioseo_notices":[],"_links":{"self":[{"href":"https:\/\/blogsaverroes.juntadeandalucia.es\/iescastillodetempul\/wp-json\/wp\/v2\/pages\/5122"}],"collection":[{"href":"https:\/\/blogsaverroes.juntadeandalucia.es\/iescastillodetempul\/wp-json\/wp\/v2\/pages"}],"about":[{"href":"https:\/\/blogsaverroes.juntadeandalucia.es\/iescastillodetempul\/wp-json\/wp\/v2\/types\/page"}],"author":[{"embeddable":true,"href":"https:\/\/blogsaverroes.juntadeandalucia.es\/iescastillodetempul\/wp-json\/wp\/v2\/users\/4130"}],"replies":[{"embeddable":true,"href":"https:\/\/blogsaverroes.juntadeandalucia.es\/iescastillodetempul\/wp-json\/wp\/v2\/comments?post=5122"}],"version-history":[{"count":5,"href":"https:\/\/blogsaverroes.juntadeandalucia.es\/iescastillodetempul\/wp-json\/wp\/v2\/pages\/5122\/revisions"}],"predecessor-version":[{"id":5168,"href":"https:\/\/blogsaverroes.juntadeandalucia.es\/iescastillodetempul\/wp-json\/wp\/v2\/pages\/5122\/revisions\/5168"}],"wp:featuredmedia":[{"embeddable":true,"href":"https:\/\/blogsaverroes.juntadeandalucia.es\/iescastillodetempul\/wp-json\/wp\/v2\/media\/5129"}],"wp:attachment":[{"href":"https:\/\/blogsaverroes.juntadeandalucia.es\/iescastillodetempul\/wp-json\/wp\/v2\/media?parent=5122"}],"curies":[{"name":"wp","href":"https:\/\/api.w.org\/{rel}","templated":true}]}}