{"id":6031,"date":"2022-04-26T11:15:26","date_gmt":"2022-04-26T11:15:26","guid":{"rendered":"https:\/\/blogsaverroes.juntadeandalucia.es\/iescastillodetempul\/?page_id=6031"},"modified":"2022-04-27T14:21:10","modified_gmt":"2022-04-27T14:21:10","slug":"dia-del-libro-2022","status":"publish","type":"page","link":"https:\/\/blogsaverroes.juntadeandalucia.es\/iescastillodetempul\/dia-del-libro-2022\/","title":{"rendered":"D\u00eda del libro 2022"},"content":{"rendered":"<p style=\"text-align: right\"><a href=\"https:\/\/blogsaverroes.juntadeandalucia.es\/iescastillodetempul\/files\/2022\/04\/278554941_511909917167071_3883048412410506138_n.jpg\"><br \/>\n<img loading=\"lazy\" decoding=\"async\" class=\"aligncenter size-medium wp-image-6032\" src=\"https:\/\/blogsaverroes.juntadeandalucia.es\/iescastillodetempul\/files\/2022\/04\/278554941_511909917167071_3883048412410506138_n-733x1024.jpg\" alt=\"\" width=\"733\" height=\"1024\" srcset=\"https:\/\/blogsaverroes.juntadeandalucia.es\/iescastillodetempul\/files\/2022\/04\/278554941_511909917167071_3883048412410506138_n-733x1024.jpg 733w, https:\/\/blogsaverroes.juntadeandalucia.es\/iescastillodetempul\/files\/2022\/04\/278554941_511909917167071_3883048412410506138_n-768x1073.jpg 768w, https:\/\/blogsaverroes.juntadeandalucia.es\/iescastillodetempul\/files\/2022\/04\/278554941_511909917167071_3883048412410506138_n-700x978.jpg 700w, https:\/\/blogsaverroes.juntadeandalucia.es\/iescastillodetempul\/files\/2022\/04\/278554941_511909917167071_3883048412410506138_n.jpg 864w\" sizes=\"(max-width: 733px) 100vw, 733px\" \/><\/a><\/p>\n<p><strong>D\u00eda 22 de abril<\/strong><\/p>\n<p style=\"text-align: right\">Siguiendo con la actividades programadas con motivo del D\u00eda Internacional del Libro, el d\u00eda 22 de abril en nuestra Biblioteca Municipal hemos recibido a Jes\u00fas Maeso de la Torre. Escritor especializado en novela hist\u00f3rica, nos ha ofrecido una conferencia llena de historia, de literatura y an\u00e9cdotas de sus itinerarios dentro y fuera de nuestras fronteras.<br \/>\nLa hemos disfrutado junto con cuarto de ESO del Instituto Castillo de Tempul, Club de Lecturas Mayores Activos y p\u00fablico amante de los libros.<br \/>\nNuestro agradecimiento al Centro Andaluz de las Letras por su patrocinio.<\/p>\n<p><a href=\"https:\/\/blogsaverroes.juntadeandalucia.es\/iescastillodetempul\/files\/2022\/04\/IMG-20220422-WA0007.jpg\"><br \/>\n<img loading=\"lazy\" decoding=\"async\" class=\"aligncenter size-medium wp-image-6036\" src=\"https:\/\/blogsaverroes.juntadeandalucia.es\/iescastillodetempul\/files\/2022\/04\/IMG-20220422-WA0007-1024x768.jpg\" alt=\"\" width=\"1024\" height=\"768\" srcset=\"https:\/\/blogsaverroes.juntadeandalucia.es\/iescastillodetempul\/files\/2022\/04\/IMG-20220422-WA0007-1024x768.jpg 1024w, https:\/\/blogsaverroes.juntadeandalucia.es\/iescastillodetempul\/files\/2022\/04\/IMG-20220422-WA0007-768x576.jpg 768w, https:\/\/blogsaverroes.juntadeandalucia.es\/iescastillodetempul\/files\/2022\/04\/IMG-20220422-WA0007-1536x1152.jpg 1536w, https:\/\/blogsaverroes.juntadeandalucia.es\/iescastillodetempul\/files\/2022\/04\/IMG-20220422-WA0007-700x525.jpg 700w, https:\/\/blogsaverroes.juntadeandalucia.es\/iescastillodetempul\/files\/2022\/04\/IMG-20220422-WA0007.jpg 1600w\" sizes=\"(max-width: 1024px) 100vw, 1024px\" \/><\/a><br \/>\n<strong>D\u00eda 28 de abril<\/strong><\/p>\n<p>Charla en la Biblioteca Municipal del escritor Daniel Balc\u00f3n especializado en literatura juvenil.<br \/>\nHan asistido a la misma los alumnos primero de ESO del Instituto Castillo de Tempul.<\/p>\n<p><img loading=\"lazy\" decoding=\"async\" class=\"aligncenter size-medium wp-image-6049\" src=\"https:\/\/blogsaverroes.juntadeandalucia.es\/iescastillodetempul\/files\/2022\/04\/IMG-20220426-WA0007-768x1024.jpg\" alt=\"\" width=\"768\" height=\"1024\" srcset=\"https:\/\/blogsaverroes.juntadeandalucia.es\/iescastillodetempul\/files\/2022\/04\/IMG-20220426-WA0007-768x1024.jpg 768w, https:\/\/blogsaverroes.juntadeandalucia.es\/iescastillodetempul\/files\/2022\/04\/IMG-20220426-WA0007-1152x1536.jpg 1152w, https:\/\/blogsaverroes.juntadeandalucia.es\/iescastillodetempul\/files\/2022\/04\/IMG-20220426-WA0007-700x933.jpg 700w, https:\/\/blogsaverroes.juntadeandalucia.es\/iescastillodetempul\/files\/2022\/04\/IMG-20220426-WA0007.jpg 1200w\" sizes=\"(max-width: 768px) 100vw, 768px\" \/><strong>Nuevos libros para la biblioteca del centro<\/strong><\/p>\n<p><strong><a href=\"https:\/\/blogsaverroes.juntadeandalucia.es\/iescastillodetempul\/files\/2022\/04\/IMG-20220427-WA0008.jpg\"><img loading=\"lazy\" decoding=\"async\" class=\"aligncenter size-medium wp-image-6069\" src=\"https:\/\/blogsaverroes.juntadeandalucia.es\/iescastillodetempul\/files\/2022\/04\/IMG-20220427-WA0008-1024x1024.jpg\" alt=\"\" width=\"1024\" height=\"1024\" srcset=\"https:\/\/blogsaverroes.juntadeandalucia.es\/iescastillodetempul\/files\/2022\/04\/IMG-20220427-WA0008-1024x1024.jpg 1024w, https:\/\/blogsaverroes.juntadeandalucia.es\/iescastillodetempul\/files\/2022\/04\/IMG-20220427-WA0008-300x300.jpg 300w, https:\/\/blogsaverroes.juntadeandalucia.es\/iescastillodetempul\/files\/2022\/04\/IMG-20220427-WA0008-768x768.jpg 768w, https:\/\/blogsaverroes.juntadeandalucia.es\/iescastillodetempul\/files\/2022\/04\/IMG-20220427-WA0008-1536x1536.jpg 1536w, https:\/\/blogsaverroes.juntadeandalucia.es\/iescastillodetempul\/files\/2022\/04\/IMG-20220427-WA0008-432x432.jpg 432w, https:\/\/blogsaverroes.juntadeandalucia.es\/iescastillodetempul\/files\/2022\/04\/IMG-20220427-WA0008-268x268.jpg 268w, https:\/\/blogsaverroes.juntadeandalucia.es\/iescastillodetempul\/files\/2022\/04\/IMG-20220427-WA0008-700x700.jpg 700w, https:\/\/blogsaverroes.juntadeandalucia.es\/iescastillodetempul\/files\/2022\/04\/IMG-20220427-WA0008.jpg 1544w\" sizes=\"(max-width: 1024px) 100vw, 1024px\" \/><\/a> <a href=\"https:\/\/blogsaverroes.juntadeandalucia.es\/iescastillodetempul\/files\/2022\/04\/IMG-20220427-WA0007.jpg\"><img loading=\"lazy\" decoding=\"async\" class=\"aligncenter size-medium wp-image-6070\" src=\"https:\/\/blogsaverroes.juntadeandalucia.es\/iescastillodetempul\/files\/2022\/04\/IMG-20220427-WA0007-1024x1024.jpg\" alt=\"\" width=\"1024\" height=\"1024\" srcset=\"https:\/\/blogsaverroes.juntadeandalucia.es\/iescastillodetempul\/files\/2022\/04\/IMG-20220427-WA0007-1024x1024.jpg 1024w, https:\/\/blogsaverroes.juntadeandalucia.es\/iescastillodetempul\/files\/2022\/04\/IMG-20220427-WA0007-300x300.jpg 300w, https:\/\/blogsaverroes.juntadeandalucia.es\/iescastillodetempul\/files\/2022\/04\/IMG-20220427-WA0007-768x768.jpg 768w, https:\/\/blogsaverroes.juntadeandalucia.es\/iescastillodetempul\/files\/2022\/04\/IMG-20220427-WA0007-1536x1536.jpg 1536w, https:\/\/blogsaverroes.juntadeandalucia.es\/iescastillodetempul\/files\/2022\/04\/IMG-20220427-WA0007-432x432.jpg 432w, https:\/\/blogsaverroes.juntadeandalucia.es\/iescastillodetempul\/files\/2022\/04\/IMG-20220427-WA0007-268x268.jpg 268w, https:\/\/blogsaverroes.juntadeandalucia.es\/iescastillodetempul\/files\/2022\/04\/IMG-20220427-WA0007-700x700.jpg 700w, https:\/\/blogsaverroes.juntadeandalucia.es\/iescastillodetempul\/files\/2022\/04\/IMG-20220427-WA0007.jpg 1544w\" sizes=\"(max-width: 1024px) 100vw, 1024px\" \/><\/a><a href=\"https:\/\/blogsaverroes.juntadeandalucia.es\/iescastillodetempul\/files\/2022\/04\/IMG-20220427-WA0006.jpg\"><img loading=\"lazy\" decoding=\"async\" class=\"aligncenter size-medium wp-image-6071\" src=\"https:\/\/blogsaverroes.juntadeandalucia.es\/iescastillodetempul\/files\/2022\/04\/IMG-20220427-WA0006-1024x1024.jpg\" alt=\"\" width=\"1024\" height=\"1024\" srcset=\"https:\/\/blogsaverroes.juntadeandalucia.es\/iescastillodetempul\/files\/2022\/04\/IMG-20220427-WA0006-1024x1024.jpg 1024w, https:\/\/blogsaverroes.juntadeandalucia.es\/iescastillodetempul\/files\/2022\/04\/IMG-20220427-WA0006-300x300.jpg 300w, https:\/\/blogsaverroes.juntadeandalucia.es\/iescastillodetempul\/files\/2022\/04\/IMG-20220427-WA0006-768x768.jpg 768w, https:\/\/blogsaverroes.juntadeandalucia.es\/iescastillodetempul\/files\/2022\/04\/IMG-20220427-WA0006-1536x1536.jpg 1536w, https:\/\/blogsaverroes.juntadeandalucia.es\/iescastillodetempul\/files\/2022\/04\/IMG-20220427-WA0006-432x432.jpg 432w, https:\/\/blogsaverroes.juntadeandalucia.es\/iescastillodetempul\/files\/2022\/04\/IMG-20220427-WA0006-268x268.jpg 268w, https:\/\/blogsaverroes.juntadeandalucia.es\/iescastillodetempul\/files\/2022\/04\/IMG-20220427-WA0006-700x700.jpg 700w, https:\/\/blogsaverroes.juntadeandalucia.es\/iescastillodetempul\/files\/2022\/04\/IMG-20220427-WA0006.jpg 1544w\" sizes=\"(max-width: 1024px) 100vw, 1024px\" \/><\/a><a href=\"https:\/\/blogsaverroes.juntadeandalucia.es\/iescastillodetempul\/files\/2022\/04\/IMG-20220427-WA0005.jpg\"><img loading=\"lazy\" decoding=\"async\" class=\"aligncenter size-medium wp-image-6072\" src=\"https:\/\/blogsaverroes.juntadeandalucia.es\/iescastillodetempul\/files\/2022\/04\/IMG-20220427-WA0005-1024x1024.jpg\" alt=\"\" width=\"1024\" height=\"1024\" srcset=\"https:\/\/blogsaverroes.juntadeandalucia.es\/iescastillodetempul\/files\/2022\/04\/IMG-20220427-WA0005-1024x1024.jpg 1024w, https:\/\/blogsaverroes.juntadeandalucia.es\/iescastillodetempul\/files\/2022\/04\/IMG-20220427-WA0005-300x300.jpg 300w, https:\/\/blogsaverroes.juntadeandalucia.es\/iescastillodetempul\/files\/2022\/04\/IMG-20220427-WA0005-768x768.jpg 768w, https:\/\/blogsaverroes.juntadeandalucia.es\/iescastillodetempul\/files\/2022\/04\/IMG-20220427-WA0005-1536x1536.jpg 1536w, https:\/\/blogsaverroes.juntadeandalucia.es\/iescastillodetempul\/files\/2022\/04\/IMG-20220427-WA0005-432x432.jpg 432w, https:\/\/blogsaverroes.juntadeandalucia.es\/iescastillodetempul\/files\/2022\/04\/IMG-20220427-WA0005-268x268.jpg 268w, https:\/\/blogsaverroes.juntadeandalucia.es\/iescastillodetempul\/files\/2022\/04\/IMG-20220427-WA0005-700x700.jpg 700w, https:\/\/blogsaverroes.juntadeandalucia.es\/iescastillodetempul\/files\/2022\/04\/IMG-20220427-WA0005.jpg 1544w\" sizes=\"(max-width: 1024px) 100vw, 1024px\" \/><\/a><br \/>\n<\/strong><\/p>\nngg_shortcode_0_placeholder\nngg_shortcode_1_placeholder\n","protected":false},"excerpt":{"rendered":"<p>D\u00eda 22 de abril Siguiendo con la actividades programadas con motivo del D\u00eda Internacional del Libro, el d\u00eda 22 de abril en nuestra Biblioteca Municipal hemos recibido a Jes\u00fas Maeso de la Torre. Escritor&#46;&#46;&#46;<\/p>\n","protected":false},"author":4130,"featured_media":0,"parent":0,"menu_order":0,"comment_status":"closed","ping_status":"closed","template":"","meta":{"ngg_post_thumbnail":0,"footnotes":"","_mc_calendar":[]},"aioseo_notices":[],"_links":{"self":[{"href":"https:\/\/blogsaverroes.juntadeandalucia.es\/iescastillodetempul\/wp-json\/wp\/v2\/pages\/6031"}],"collection":[{"href":"https:\/\/blogsaverroes.juntadeandalucia.es\/iescastillodetempul\/wp-json\/wp\/v2\/pages"}],"about":[{"href":"https:\/\/blogsaverroes.juntadeandalucia.es\/iescastillodetempul\/wp-json\/wp\/v2\/types\/page"}],"author":[{"embeddable":true,"href":"https:\/\/blogsaverroes.juntadeandalucia.es\/iescastillodetempul\/wp-json\/wp\/v2\/users\/4130"}],"replies":[{"embeddable":true,"href":"https:\/\/blogsaverroes.juntadeandalucia.es\/iescastillodetempul\/wp-json\/wp\/v2\/comments?post=6031"}],"version-history":[{"count":8,"href":"https:\/\/blogsaverroes.juntadeandalucia.es\/iescastillodetempul\/wp-json\/wp\/v2\/pages\/6031\/revisions"}],"predecessor-version":[{"id":6073,"href":"https:\/\/blogsaverroes.juntadeandalucia.es\/iescastillodetempul\/wp-json\/wp\/v2\/pages\/6031\/revisions\/6073"}],"wp:attachment":[{"href":"https:\/\/blogsaverroes.juntadeandalucia.es\/iescastillodetempul\/wp-json\/wp\/v2\/media?parent=6031"}],"curies":[{"name":"wp","href":"https:\/\/api.w.org\/{rel}","templated":true}]}}

Día del libro 2022

<p style="text-align: right"><a href="https://blogsaverroes.juntadeandalucia.es/iescastillodetempul/files/2022/04/278554941_511909917167071_3883048412410506138_n.jpg"><br />
<img loading="lazy" decoding="async" class="aligncenter size-medium wp-image-6032" src="https://blogsaverroes.juntadeandalucia.es/iescastillodetempul/files/2022/04/278554941_511909917167071_3883048412410506138_n-733x1024.jpg" alt="" width="733" height="1024" srcset="https://blogsaverroes.juntadeandalucia.es/iescastillodetempul/files/2022/04/278554941_511909917167071_3883048412410506138_n-733x1024.jpg 733w, https://blogsaverroes.juntadeandalucia.es/iescastillodetempul/files/2022/04/278554941_511909917167071_3883048412410506138_n-768x1073.jpg 768w, https://blogsaverroes.juntadeandalucia.es/iescastillodetempul/files/2022/04/278554941_511909917167071_3883048412410506138_n-700x978.jpg 700w, https://blogsaverroes.juntadeandalucia.es/iescastillodetempul/files/2022/04/278554941_511909917167071_3883048412410506138_n.jpg 864w" sizes="(max-width: 733px) 100vw, 733px" /></a></p>
<p><strong>Día 22 de abril</strong></p>
<p style="text-align: right">Siguiendo con la actividades programadas con motivo del Día Internacional del Libro, el día 22 de abril en nuestra Biblioteca Municipal hemos recibido a Jesús Maeso de la Torre. Escritor especializado en novela histórica, nos ha ofrecido una conferencia llena de historia, de literatura y anécdotas de sus itinerarios dentro y fuera de nuestras fronteras.<br />
La hemos disfrutado junto con cuarto de ESO del Instituto Castillo de Tempul, Club de Lecturas Mayores Activos y público amante de los libros.<br />
Nuestro agradecimiento al Centro Andaluz de las Letras por su patrocinio.</p>
<p><a href="https://blogsaverroes.juntadeandalucia.es/iescastillodetempul/files/2022/04/IMG-20220422-WA0007.jpg"><br />
<img loading="lazy" decoding="async" class="aligncenter size-medium wp-image-6036" src="https://blogsaverroes.juntadeandalucia.es/iescastillodetempul/files/2022/04/IMG-20220422-WA0007-1024x768.jpg" alt="" width="1024" height="768" srcset="https://blogsaverroes.juntadeandalucia.es/iescastillodetempul/files/2022/04/IMG-20220422-WA0007-1024x768.jpg 1024w, https://blogsaverroes.juntadeandalucia.es/iescastillodetempul/files/2022/04/IMG-20220422-WA0007-768x576.jpg 768w, https://blogsaverroes.juntadeandalucia.es/iescastillodetempul/files/2022/04/IMG-20220422-WA0007-1536x1152.jpg 1536w, https://blogsaverroes.juntadeandalucia.es/iescastillodetempul/files/2022/04/IMG-20220422-WA0007-700x525.jpg 700w, https://blogsaverroes.juntadeandalucia.es/iescastillodetempul/files/2022/04/IMG-20220422-WA0007.jpg 1600w" sizes="(max-width: 1024px) 100vw, 1024px" /></a><br />
<strong>Día 28 de abril</strong></p>
<p>Charla en la Biblioteca Municipal del escritor Daniel Balcón especializado en literatura juvenil.<br />
Han asistido a la misma los alumnos primero de ESO del Instituto Castillo de Tempul.</p>
<p><img loading="lazy" decoding="async" class="aligncenter size-medium wp-image-6049" src="https://blogsaverroes.juntadeandalucia.es/iescastillodetempul/files/2022/04/IMG-20220426-WA0007-768x1024.jpg" alt="" width="768" height="1024" srcset="https://blogsaverroes.juntadeandalucia.es/iescastillodetempul/files/2022/04/IMG-20220426-WA0007-768x1024.jpg 768w, https://blogsaverroes.juntadeandalucia.es/iescastillodetempul/files/2022/04/IMG-20220426-WA0007-1152x1536.jpg 1152w, https://blogsaverroes.juntadeandalucia.es/iescastillodetempul/files/2022/04/IMG-20220426-WA0007-700x933.jpg 700w, https://blogsaverroes.juntadeandalucia.es/iescastillodetempul/files/2022/04/IMG-20220426-WA0007.jpg 1200w" sizes="(max-width: 768px) 100vw, 768px" /><strong>Nuevos libros para la biblioteca del centro</strong></p>
<p><strong><a href="https://blogsaverroes.juntadeandalucia.es/iescastillodetempul/files/2022/04/IMG-20220427-WA0008.jpg"><img loading="lazy" decoding="async" class="aligncenter size-medium wp-image-6069" src="https://blogsaverroes.juntadeandalucia.es/iescastillodetempul/files/2022/04/IMG-20220427-WA0008-1024x1024.jpg" alt="" width="1024" height="1024" srcset="https://blogsaverroes.juntadeandalucia.es/iescastillodetempul/files/2022/04/IMG-20220427-WA0008-1024x1024.jpg 1024w, https://blogsaverroes.juntadeandalucia.es/iescastillodetempul/files/2022/04/IMG-20220427-WA0008-300x300.jpg 300w, https://blogsaverroes.juntadeandalucia.es/iescastillodetempul/files/2022/04/IMG-20220427-WA0008-768x768.jpg 768w, https://blogsaverroes.juntadeandalucia.es/iescastillodetempul/files/2022/04/IMG-20220427-WA0008-1536x1536.jpg 1536w, https://blogsaverroes.juntadeandalucia.es/iescastillodetempul/files/2022/04/IMG-20220427-WA0008-432x432.jpg 432w, https://blogsaverroes.juntadeandalucia.es/iescastillodetempul/files/2022/04/IMG-20220427-WA0008-268x268.jpg 268w, https://blogsaverroes.juntadeandalucia.es/iescastillodetempul/files/2022/04/IMG-20220427-WA0008-700x700.jpg 700w, https://blogsaverroes.juntadeandalucia.es/iescastillodetempul/files/2022/04/IMG-20220427-WA0008.jpg 1544w" sizes="(max-width: 1024px) 100vw, 1024px" /></a> <a href="https://blogsaverroes.juntadeandalucia.es/iescastillodetempul/files/2022/04/IMG-20220427-WA0007.jpg"><img loading="lazy" decoding="async" class="aligncenter size-medium wp-image-6070" src="https://blogsaverroes.juntadeandalucia.es/iescastillodetempul/files/2022/04/IMG-20220427-WA0007-1024x1024.jpg" alt="" width="1024" height="1024" srcset="https://blogsaverroes.juntadeandalucia.es/iescastillodetempul/files/2022/04/IMG-20220427-WA0007-1024x1024.jpg 1024w, https://blogsaverroes.juntadeandalucia.es/iescastillodetempul/files/2022/04/IMG-20220427-WA0007-300x300.jpg 300w, https://blogsaverroes.juntadeandalucia.es/iescastillodetempul/files/2022/04/IMG-20220427-WA0007-768x768.jpg 768w, https://blogsaverroes.juntadeandalucia.es/iescastillodetempul/files/2022/04/IMG-20220427-WA0007-1536x1536.jpg 1536w, https://blogsaverroes.juntadeandalucia.es/iescastillodetempul/files/2022/04/IMG-20220427-WA0007-432x432.jpg 432w, https://blogsaverroes.juntadeandalucia.es/iescastillodetempul/files/2022/04/IMG-20220427-WA0007-268x268.jpg 268w, https://blogsaverroes.juntadeandalucia.es/iescastillodetempul/files/2022/04/IMG-20220427-WA0007-700x700.jpg 700w, https://blogsaverroes.juntadeandalucia.es/iescastillodetempul/files/2022/04/IMG-20220427-WA0007.jpg 1544w" sizes="(max-width: 1024px) 100vw, 1024px" /></a><a href="https://blogsaverroes.juntadeandalucia.es/iescastillodetempul/files/2022/04/IMG-20220427-WA0006.jpg"><img loading="lazy" decoding="async" class="aligncenter size-medium wp-image-6071" src="https://blogsaverroes.juntadeandalucia.es/iescastillodetempul/files/2022/04/IMG-20220427-WA0006-1024x1024.jpg" alt="" width="1024" height="1024" srcset="https://blogsaverroes.juntadeandalucia.es/iescastillodetempul/files/2022/04/IMG-20220427-WA0006-1024x1024.jpg 1024w, https://blogsaverroes.juntadeandalucia.es/iescastillodetempul/files/2022/04/IMG-20220427-WA0006-300x300.jpg 300w, https://blogsaverroes.juntadeandalucia.es/iescastillodetempul/files/2022/04/IMG-20220427-WA0006-768x768.jpg 768w, https://blogsaverroes.juntadeandalucia.es/iescastillodetempul/files/2022/04/IMG-20220427-WA0006-1536x1536.jpg 1536w, https://blogsaverroes.juntadeandalucia.es/iescastillodetempul/files/2022/04/IMG-20220427-WA0006-432x432.jpg 432w, https://blogsaverroes.juntadeandalucia.es/iescastillodetempul/files/2022/04/IMG-20220427-WA0006-268x268.jpg 268w, https://blogsaverroes.juntadeandalucia.es/iescastillodetempul/files/2022/04/IMG-20220427-WA0006-700x700.jpg 700w, https://blogsaverroes.juntadeandalucia.es/iescastillodetempul/files/2022/04/IMG-20220427-WA0006.jpg 1544w" sizes="(max-width: 1024px) 100vw, 1024px" /></a><a href="https://blogsaverroes.juntadeandalucia.es/iescastillodetempul/files/2022/04/IMG-20220427-WA0005.jpg"><img loading="lazy" decoding="async" class="aligncenter size-medium wp-image-6072" src="https://blogsaverroes.juntadeandalucia.es/iescastillodetempul/files/2022/04/IMG-20220427-WA0005-1024x1024.jpg" alt="" width="1024" height="1024" srcset="https://blogsaverroes.juntadeandalucia.es/iescastillodetempul/files/2022/04/IMG-20220427-WA0005-1024x1024.jpg 1024w, https://blogsaverroes.juntadeandalucia.es/iescastillodetempul/files/2022/04/IMG-20220427-WA0005-300x300.jpg 300w, https://blogsaverroes.juntadeandalucia.es/iescastillodetempul/files/2022/04/IMG-20220427-WA0005-768x768.jpg 768w, https://blogsaverroes.juntadeandalucia.es/iescastillodetempul/files/2022/04/IMG-20220427-WA0005-1536x1536.jpg 1536w, https://blogsaverroes.juntadeandalucia.es/iescastillodetempul/files/2022/04/IMG-20220427-WA0005-432x432.jpg 432w, https://blogsaverroes.juntadeandalucia.es/iescastillodetempul/files/2022/04/IMG-20220427-WA0005-268x268.jpg 268w, https://blogsaverroes.juntadeandalucia.es/iescastillodetempul/files/2022/04/IMG-20220427-WA0005-700x700.jpg 700w, https://blogsaverroes.juntadeandalucia.es/iescastillodetempul/files/2022/04/IMG-20220427-WA0005.jpg 1544w" sizes="(max-width: 1024px) 100vw, 1024px" /></a><br />
</strong></p>
ngg_shortcode_0_placeholder
ngg_shortcode_1_placeholder

<p>Día 22 de abril Siguiendo con la actividades programadas con motivo del Día Internacional del Libro, el día 22 de abril en nuestra Biblioteca Municipal hemos recibido a Jesús Maeso de la Torre. Escritor&#46;&#46;&#46;</p>
