{"id":6279,"date":"2023-03-23T11:13:13","date_gmt":"2023-03-23T11:13:13","guid":{"rendered":"https:\/\/blogsaverroes.juntadeandalucia.es\/iescastillodetempul\/?page_id=6279"},"modified":"2023-03-23T11:38:28","modified_gmt":"2023-03-23T11:38:28","slug":"gymkhana-mujeres-en-la-ciencia","status":"publish","type":"page","link":"https:\/\/blogsaverroes.juntadeandalucia.es\/iescastillodetempul\/gymkhana-mujeres-en-la-ciencia\/","title":{"rendered":"Gymkhana mujeres en la ciencia"},"content":{"rendered":"<p>Hoy es un d\u00eda muy especial, ya que llevamos semanas trabajando sobre grandes personas,<br \/>\ngrandes ni\u00f1as que fueron y son, grandes mujeres.<br \/>\nCada clase hab\u00e9is tenido la oportunidad de trabajar, de conocer a alguien que puso su granito de arena para que la vida de todos y todas, en mayor o menor medida, fuese mejor. Sin importarle c\u00f3mo de dif\u00edcil desde el punto de vista social, eso pudiera ser.<\/p>\n<p><em>\u00abUna mujer debe ser dos cosas: quien ella quiera y lo que ella quiera.\u00bb<\/em><br \/>\nCoco Chanel.<\/p>\n<p>Bueno pues tambi\u00e9n en honor a todas estas cient\u00edficas, hoy vamos a realizar una actividad en grupo , es una gymkana, dentro del centro .<\/p>\nngg_shortcode_0_placeholder\n","protected":false},"excerpt":{"rendered":"<p>Hoy es un d\u00eda muy especial, ya que llevamos semanas trabajando sobre grandes personas, grandes ni\u00f1as que fueron y son, grandes mujeres. Cada clase hab\u00e9is tenido la oportunidad de trabajar, de conocer a alguien&#46;&#46;&#46;<\/p>\n","protected":false},"author":4130,"featured_media":0,"parent":0,"menu_order":0,"comment_status":"closed","ping_status":"closed","template":"","meta":{"ngg_post_thumbnail":0,"footnotes":"","_mc_calendar":[]},"aioseo_notices":[],"_links":{"self":[{"href":"https:\/\/blogsaverroes.juntadeandalucia.es\/iescastillodetempul\/wp-json\/wp\/v2\/pages\/6279"}],"collection":[{"href":"https:\/\/blogsaverroes.juntadeandalucia.es\/iescastillodetempul\/wp-json\/wp\/v2\/pages"}],"about":[{"href":"https:\/\/blogsaverroes.juntadeandalucia.es\/iescastillodetempul\/wp-json\/wp\/v2\/types\/page"}],"author":[{"embeddable":true,"href":"https:\/\/blogsaverroes.juntadeandalucia.es\/iescastillodetempul\/wp-json\/wp\/v2\/users\/4130"}],"replies":[{"embeddable":true,"href":"https:\/\/blogsaverroes.juntadeandalucia.es\/iescastillodetempul\/wp-json\/wp\/v2\/comments?post=6279"}],"version-history":[{"count":5,"href":"https:\/\/blogsaverroes.juntadeandalucia.es\/iescastillodetempul\/wp-json\/wp\/v2\/pages\/6279\/revisions"}],"predecessor-version":[{"id":6333,"href":"https:\/\/blogsaverroes.juntadeandalucia.es\/iescastillodetempul\/wp-json\/wp\/v2\/pages\/6279\/revisions\/6333"}],"wp:attachment":[{"href":"https:\/\/blogsaverroes.juntadeandalucia.es\/iescastillodetempul\/wp-json\/wp\/v2\/media?parent=6279"}],"curies":[{"name":"wp","href":"https:\/\/api.w.org\/{rel}","templated":true}]}}