{"id":6379,"date":"2023-11-17T09:20:46","date_gmt":"2023-11-17T09:20:46","guid":{"rendered":"https:\/\/blogsaverroes.juntadeandalucia.es\/iescastillodetempul\/?page_id=6379"},"modified":"2023-11-18T23:40:13","modified_gmt":"2023-11-18T23:40:13","slug":"monologo-perfecta","status":"publish","type":"page","link":"https:\/\/blogsaverroes.juntadeandalucia.es\/iescastillodetempul\/monologo-perfecta\/","title":{"rendered":"Mon\u00f3logo Perfecta"},"content":{"rendered":"<h1 class=\"new_title\">El mon\u00f3logo \u2018Perfecta\u2019 denuncian la presi\u00f3n social est\u00e9tica sobre las mujeres.<\/h1>\n<p>El pasado 7 de noviembre los alumnos de 4\u00ba de la ESO del IES Castillo de Tempul asistieron a la representaci\u00f3n del mon\u00f3logo&nbsp; \u00abPerfecta\u00bb en el auditorio municipal de San Jos\u00e9 del Valle.<\/p>\n<div class=\"new_text \">\n<p>El mon\u00f3logo \u2018Perfecta\u2019, de Manuela Alonso, afronta una tem\u00e1tica relacionada con la denominada violencia est\u00e9tica, la que padecen las mujeres por la enorme presi\u00f3n social que reciben para adaptarse a c\u00e1nones de belleza.&nbsp;<\/p>\n<p><a href=\"https:\/\/blogsaverroes.juntadeandalucia.es\/iescastillodetempul\/files\/2023\/11\/MON\u00d3LOGO-PERFECTA.jpg\"><img loading=\"lazy\" decoding=\"async\" class=\"aligncenter size-medium wp-image-6380\" src=\"https:\/\/blogsaverroes.juntadeandalucia.es\/iescastillodetempul\/files\/2023\/11\/MON\u00d3LOGO-PERFECTA-1024x682.jpg\" alt=\"\" width=\"1024\" height=\"682\" srcset=\"https:\/\/blogsaverroes.juntadeandalucia.es\/iescastillodetempul\/files\/2023\/11\/MON\u00d3LOGO-PERFECTA-1024x682.jpg 1024w, https:\/\/blogsaverroes.juntadeandalucia.es\/iescastillodetempul\/files\/2023\/11\/MON\u00d3LOGO-PERFECTA-768x512.jpg 768w, https:\/\/blogsaverroes.juntadeandalucia.es\/iescastillodetempul\/files\/2023\/11\/MON\u00d3LOGO-PERFECTA-700x466.jpg 700w, https:\/\/blogsaverroes.juntadeandalucia.es\/iescastillodetempul\/files\/2023\/11\/MON\u00d3LOGO-PERFECTA.jpg 1103w\" sizes=\"(max-width: 1024px) 100vw, 1024px\" \/><\/a><\/p>\n<p>\u2018Perfecta\u2019&nbsp;cuenta, con humor \u00e1cido, la&nbsp;historia de Manuela, una mujer que siempre ha estado&nbsp;presionada por encontrar la perfecci\u00f3n.&nbsp;La Obra trata de reflejar la necesidad de&nbsp;romper tab\u00faes y aceptar diferencias,&nbsp;de admitir nuestro f\u00edsico y de luchar contra los estereotipos sociales; contra la presi\u00f3n que reciben las mujeres por no ser lo que se espera de ellas y por una igualdad plena y transparente.&nbsp;<\/p>\n<p><a href=\"https:\/\/blogsaverroes.juntadeandalucia.es\/iescastillodetempul\/files\/2023\/11\/ME-QUIERO-TE-QUIERO-4.jpg\"><img loading=\"lazy\" decoding=\"async\" class=\"aligncenter size-medium wp-image-6384\" src=\"https:\/\/blogsaverroes.juntadeandalucia.es\/iescastillodetempul\/files\/2023\/11\/ME-QUIERO-TE-QUIERO-4-650x1024.jpg\" alt=\"\" width=\"650\" height=\"1024\" srcset=\"https:\/\/blogsaverroes.juntadeandalucia.es\/iescastillodetempul\/files\/2023\/11\/ME-QUIERO-TE-QUIERO-4-650x1024.jpg 650w, https:\/\/blogsaverroes.juntadeandalucia.es\/iescastillodetempul\/files\/2023\/11\/ME-QUIERO-TE-QUIERO-4-768x1211.jpg 768w, https:\/\/blogsaverroes.juntadeandalucia.es\/iescastillodetempul\/files\/2023\/11\/ME-QUIERO-TE-QUIERO-4-974x1536.jpg 974w, https:\/\/blogsaverroes.juntadeandalucia.es\/iescastillodetempul\/files\/2023\/11\/ME-QUIERO-TE-QUIERO-4-700x1103.jpg 700w, https:\/\/blogsaverroes.juntadeandalucia.es\/iescastillodetempul\/files\/2023\/11\/ME-QUIERO-TE-QUIERO-4.jpg 1015w\" sizes=\"(max-width: 650px) 100vw, 650px\" \/><\/a> <a href=\"https:\/\/blogsaverroes.juntadeandalucia.es\/iescastillodetempul\/files\/2023\/11\/ME-QUIERO-TE-QUIERO-3.jpg\"><img loading=\"lazy\" decoding=\"async\" class=\"aligncenter size-medium wp-image-6385\" src=\"https:\/\/blogsaverroes.juntadeandalucia.es\/iescastillodetempul\/files\/2023\/11\/ME-QUIERO-TE-QUIERO-3-700x1024.jpg\" alt=\"\" width=\"700\" height=\"1024\" srcset=\"https:\/\/blogsaverroes.juntadeandalucia.es\/iescastillodetempul\/files\/2023\/11\/ME-QUIERO-TE-QUIERO-3-700x1024.jpg 700w, https:\/\/blogsaverroes.juntadeandalucia.es\/iescastillodetempul\/files\/2023\/11\/ME-QUIERO-TE-QUIERO-3-768x1124.jpg 768w, https:\/\/blogsaverroes.juntadeandalucia.es\/iescastillodetempul\/files\/2023\/11\/ME-QUIERO-TE-QUIERO-3-1050x1536.jpg 1050w, https:\/\/blogsaverroes.juntadeandalucia.es\/iescastillodetempul\/files\/2023\/11\/ME-QUIERO-TE-QUIERO-3.jpg 1080w\" sizes=\"(max-width: 700px) 100vw, 700px\" \/><\/a><a href=\"https:\/\/blogsaverroes.juntadeandalucia.es\/iescastillodetempul\/files\/2023\/11\/MON\u00d3LOGO-PERFECTA-2.jpg\"><img loading=\"lazy\" decoding=\"async\" class=\"aligncenter size-medium wp-image-6372\" src=\"https:\/\/blogsaverroes.juntadeandalucia.es\/iescastillodetempul\/files\/2023\/11\/MON\u00d3LOGO-PERFECTA-2-1024x768.jpg\" alt=\"\" width=\"1024\" height=\"768\" srcset=\"https:\/\/blogsaverroes.juntadeandalucia.es\/iescastillodetempul\/files\/2023\/11\/MON\u00d3LOGO-PERFECTA-2-1024x768.jpg 1024w, https:\/\/blogsaverroes.juntadeandalucia.es\/iescastillodetempul\/files\/2023\/11\/MON\u00d3LOGO-PERFECTA-2-768x576.jpg 768w, https:\/\/blogsaverroes.juntadeandalucia.es\/iescastillodetempul\/files\/2023\/11\/MON\u00d3LOGO-PERFECTA-2-1536x1152.jpg 1536w, https:\/\/blogsaverroes.juntadeandalucia.es\/iescastillodetempul\/files\/2023\/11\/MON\u00d3LOGO-PERFECTA-2-700x525.jpg 700w, https:\/\/blogsaverroes.juntadeandalucia.es\/iescastillodetempul\/files\/2023\/11\/MON\u00d3LOGO-PERFECTA-2.jpg 1600w\" sizes=\"(max-width: 1024px) 100vw, 1024px\" \/><\/a> <a href=\"https:\/\/blogsaverroes.juntadeandalucia.es\/iescastillodetempul\/files\/2023\/11\/MON\u00d3LOGO-PERFECTA-1.jpg\"><img loading=\"lazy\" decoding=\"async\" class=\"aligncenter size-medium wp-image-6373\" src=\"https:\/\/blogsaverroes.juntadeandalucia.es\/iescastillodetempul\/files\/2023\/11\/MON\u00d3LOGO-PERFECTA-1-1024x768.jpg\" alt=\"\" width=\"1024\" height=\"768\" srcset=\"https:\/\/blogsaverroes.juntadeandalucia.es\/iescastillodetempul\/files\/2023\/11\/MON\u00d3LOGO-PERFECTA-1-1024x768.jpg 1024w, https:\/\/blogsaverroes.juntadeandalucia.es\/iescastillodetempul\/files\/2023\/11\/MON\u00d3LOGO-PERFECTA-1-768x576.jpg 768w, https:\/\/blogsaverroes.juntadeandalucia.es\/iescastillodetempul\/files\/2023\/11\/MON\u00d3LOGO-PERFECTA-1-1536x1152.jpg 1536w, https:\/\/blogsaverroes.juntadeandalucia.es\/iescastillodetempul\/files\/2023\/11\/MON\u00d3LOGO-PERFECTA-1-700x525.jpg 700w, https:\/\/blogsaverroes.juntadeandalucia.es\/iescastillodetempul\/files\/2023\/11\/MON\u00d3LOGO-PERFECTA-1.jpg 1600w\" sizes=\"(max-width: 1024px) 100vw, 1024px\" \/><\/a><br \/>\n<a href=\"https:\/\/blogsaverroes.juntadeandalucia.es\/iescastillodetempul\/files\/2023\/11\/IMG_7706-scaled.jpeg\"><img loading=\"lazy\" decoding=\"async\" src=\"https:\/\/blogsaverroes.juntadeandalucia.es\/iescastillodetempul\/files\/2023\/11\/IMG_7706-768x1024.jpeg\" alt=\"\" width=\"768\" height=\"1024\" class=\"aligncenter size-medium wp-image-6393\" srcset=\"https:\/\/blogsaverroes.juntadeandalucia.es\/iescastillodetempul\/files\/2023\/11\/IMG_7706-768x1024.jpeg 768w, https:\/\/blogsaverroes.juntadeandalucia.es\/iescastillodetempul\/files\/2023\/11\/IMG_7706-1152x1536.jpeg 1152w, https:\/\/blogsaverroes.juntadeandalucia.es\/iescastillodetempul\/files\/2023\/11\/IMG_7706-1536x2048.jpeg 1536w, https:\/\/blogsaverroes.juntadeandalucia.es\/iescastillodetempul\/files\/2023\/11\/IMG_7706-700x933.jpeg 700w, https:\/\/blogsaverroes.juntadeandalucia.es\/iescastillodetempul\/files\/2023\/11\/IMG_7706-scaled.jpeg 1200w\" sizes=\"(max-width: 768px) 100vw, 768px\" \/><\/a><a href=\"https:\/\/blogsaverroes.juntadeandalucia.es\/iescastillodetempul\/files\/2023\/11\/IMG_7705-scaled.jpeg\"><img loading=\"lazy\" decoding=\"async\" src=\"https:\/\/blogsaverroes.juntadeandalucia.es\/iescastillodetempul\/files\/2023\/11\/IMG_7705-768x1024.jpeg\" alt=\"\" width=\"768\" height=\"1024\" class=\"aligncenter size-medium wp-image-6392\" srcset=\"https:\/\/blogsaverroes.juntadeandalucia.es\/iescastillodetempul\/files\/2023\/11\/IMG_7705-768x1024.jpeg 768w, https:\/\/blogsaverroes.juntadeandalucia.es\/iescastillodetempul\/files\/2023\/11\/IMG_7705-1152x1536.jpeg 1152w, https:\/\/blogsaverroes.juntadeandalucia.es\/iescastillodetempul\/files\/2023\/11\/IMG_7705-1536x2048.jpeg 1536w, https:\/\/blogsaverroes.juntadeandalucia.es\/iescastillodetempul\/files\/2023\/11\/IMG_7705-700x933.jpeg 700w, https:\/\/blogsaverroes.juntadeandalucia.es\/iescastillodetempul\/files\/2023\/11\/IMG_7705-scaled.jpeg 1200w\" sizes=\"(max-width: 768px) 100vw, 768px\" \/><\/a><a href=\"https:\/\/blogsaverroes.juntadeandalucia.es\/iescastillodetempul\/files\/2023\/11\/IMG_7704-scaled.jpeg\"><img loading=\"lazy\" decoding=\"async\" src=\"https:\/\/blogsaverroes.juntadeandalucia.es\/iescastillodetempul\/files\/2023\/11\/IMG_7704-768x1024.jpeg\" alt=\"\" width=\"768\" height=\"1024\" class=\"aligncenter size-medium wp-image-6391\" srcset=\"https:\/\/blogsaverroes.juntadeandalucia.es\/iescastillodetempul\/files\/2023\/11\/IMG_7704-768x1024.jpeg 768w, https:\/\/blogsaverroes.juntadeandalucia.es\/iescastillodetempul\/files\/2023\/11\/IMG_7704-1152x1536.jpeg 1152w, https:\/\/blogsaverroes.juntadeandalucia.es\/iescastillodetempul\/files\/2023\/11\/IMG_7704-1536x2048.jpeg 1536w, https:\/\/blogsaverroes.juntadeandalucia.es\/iescastillodetempul\/files\/2023\/11\/IMG_7704-700x933.jpeg 700w, https:\/\/blogsaverroes.juntadeandalucia.es\/iescastillodetempul\/files\/2023\/11\/IMG_7704-scaled.jpeg 1200w\" sizes=\"(max-width: 768px) 100vw, 768px\" \/><\/a><a href=\"https:\/\/blogsaverroes.juntadeandalucia.es\/iescastillodetempul\/files\/2023\/11\/IMG_7703-scaled.jpeg\"><img loading=\"lazy\" decoding=\"async\" src=\"https:\/\/blogsaverroes.juntadeandalucia.es\/iescastillodetempul\/files\/2023\/11\/IMG_7703-768x1024.jpeg\" alt=\"\" width=\"768\" height=\"1024\" class=\"aligncenter size-medium wp-image-6390\" srcset=\"https:\/\/blogsaverroes.juntadeandalucia.es\/iescastillodetempul\/files\/2023\/11\/IMG_7703-768x1024.jpeg 768w, https:\/\/blogsaverroes.juntadeandalucia.es\/iescastillodetempul\/files\/2023\/11\/IMG_7703-1152x1536.jpeg 1152w, https:\/\/blogsaverroes.juntadeandalucia.es\/iescastillodetempul\/files\/2023\/11\/IMG_7703-1536x2048.jpeg 1536w, https:\/\/blogsaverroes.juntadeandalucia.es\/iescastillodetempul\/files\/2023\/11\/IMG_7703-700x933.jpeg 700w, https:\/\/blogsaverroes.juntadeandalucia.es\/iescastillodetempul\/files\/2023\/11\/IMG_7703-scaled.jpeg 1200w\" sizes=\"(max-width: 768px) 100vw, 768px\" \/><\/a>\n<\/div>\n","protected":false},"excerpt":{"rendered":"<p>El mon\u00f3logo \u2018Perfecta\u2019 denuncian la presi\u00f3n social est\u00e9tica sobre las mujeres. El pasado 7 de noviembre los alumnos de 4\u00ba de la ESO del IES Castillo de Tempul asistieron a la representaci\u00f3n del mon\u00f3logo&nbsp;&#46;&#46;&#46;<\/p>\n","protected":false},"author":4130,"featured_media":0,"parent":0,"menu_order":0,"comment_status":"closed","ping_status":"closed","template":"","meta":{"ngg_post_thumbnail":0,"footnotes":"","_mc_calendar":[]},"aioseo_notices":[],"_links":{"self":[{"href":"https:\/\/blogsaverroes.juntadeandalucia.es\/iescastillodetempul\/wp-json\/wp\/v2\/pages\/6379"}],"collection":[{"href":"https:\/\/blogsaverroes.juntadeandalucia.es\/iescastillodetempul\/wp-json\/wp\/v2\/pages"}],"about":[{"href":"https:\/\/blogsaverroes.juntadeandalucia.es\/iescastillodetempul\/wp-json\/wp\/v2\/types\/page"}],"author":[{"embeddable":true,"href":"https:\/\/blogsaverroes.juntadeandalucia.es\/iescastillodetempul\/wp-json\/wp\/v2\/users\/4130"}],"replies":[{"embeddable":true,"href":"https:\/\/blogsaverroes.juntadeandalucia.es\/iescastillodetempul\/wp-json\/wp\/v2\/comments?post=6379"}],"version-history":[{"count":4,"href":"https:\/\/blogsaverroes.juntadeandalucia.es\/iescastillodetempul\/wp-json\/wp\/v2\/pages\/6379\/revisions"}],"predecessor-version":[{"id":6397,"href":"https:\/\/blogsaverroes.juntadeandalucia.es\/iescastillodetempul\/wp-json\/wp\/v2\/pages\/6379\/revisions\/6397"}],"wp:attachment":[{"href":"https:\/\/blogsaverroes.juntadeandalucia.es\/iescastillodetempul\/wp-json\/wp\/v2\/media?parent=6379"}],"curies":[{"name":"wp","href":"https:\/\/api.w.org\/{rel}","templated":true}]}}

Monólogo Perfecta

<h1 class="new_title">El monólogo ‘Perfecta’ denuncian la presión social estética sobre las mujeres.</h1>
<p>El pasado 7 de noviembre los alumnos de 4º de la ESO del IES Castillo de Tempul asistieron a la representación del monólogo&nbsp; «Perfecta» en el auditorio municipal de San José del Valle.</p>
<div class="new_text ">
<p>El monólogo ‘Perfecta’, de Manuela Alonso, afronta una temática relacionada con la denominada violencia estética, la que padecen las mujeres por la enorme presión social que reciben para adaptarse a cánones de belleza.&nbsp;</p>
<p><a href="https://blogsaverroes.juntadeandalucia.es/iescastillodetempul/files/2023/11/MONÓLOGO-PERFECTA.jpg"><img loading="lazy" decoding="async" class="aligncenter size-medium wp-image-6380" src="https://blogsaverroes.juntadeandalucia.es/iescastillodetempul/files/2023/11/MONÓLOGO-PERFECTA-1024x682.jpg" alt="" width="1024" height="682" srcset="https://blogsaverroes.juntadeandalucia.es/iescastillodetempul/files/2023/11/MONÓLOGO-PERFECTA-1024x682.jpg 1024w, https://blogsaverroes.juntadeandalucia.es/iescastillodetempul/files/2023/11/MONÓLOGO-PERFECTA-768x512.jpg 768w, https://blogsaverroes.juntadeandalucia.es/iescastillodetempul/files/2023/11/MONÓLOGO-PERFECTA-700x466.jpg 700w, https://blogsaverroes.juntadeandalucia.es/iescastillodetempul/files/2023/11/MONÓLOGO-PERFECTA.jpg 1103w" sizes="(max-width: 1024px) 100vw, 1024px" /></a></p>
<p>‘Perfecta’&nbsp;cuenta, con humor ácido, la&nbsp;historia de Manuela, una mujer que siempre ha estado&nbsp;presionada por encontrar la perfección.&nbsp;La Obra trata de reflejar la necesidad de&nbsp;romper tabúes y aceptar diferencias,&nbsp;de admitir nuestro físico y de luchar contra los estereotipos sociales; contra la presión que reciben las mujeres por no ser lo que se espera de ellas y por una igualdad plena y transparente.&nbsp;</p>
<p><a href="https://blogsaverroes.juntadeandalucia.es/iescastillodetempul/files/2023/11/ME-QUIERO-TE-QUIERO-4.jpg"><img loading="lazy" decoding="async" class="aligncenter size-medium wp-image-6384" src="https://blogsaverroes.juntadeandalucia.es/iescastillodetempul/files/2023/11/ME-QUIERO-TE-QUIERO-4-650x1024.jpg" alt="" width="650" height="1024" srcset="https://blogsaverroes.juntadeandalucia.es/iescastillodetempul/files/2023/11/ME-QUIERO-TE-QUIERO-4-650x1024.jpg 650w, https://blogsaverroes.juntadeandalucia.es/iescastillodetempul/files/2023/11/ME-QUIERO-TE-QUIERO-4-768x1211.jpg 768w, https://blogsaverroes.juntadeandalucia.es/iescastillodetempul/files/2023/11/ME-QUIERO-TE-QUIERO-4-974x1536.jpg 974w, https://blogsaverroes.juntadeandalucia.es/iescastillodetempul/files/2023/11/ME-QUIERO-TE-QUIERO-4-700x1103.jpg 700w, https://blogsaverroes.juntadeandalucia.es/iescastillodetempul/files/2023/11/ME-QUIERO-TE-QUIERO-4.jpg 1015w" sizes="(max-width: 650px) 100vw, 650px" /></a> <a href="https://blogsaverroes.juntadeandalucia.es/iescastillodetempul/files/2023/11/ME-QUIERO-TE-QUIERO-3.jpg"><img loading="lazy" decoding="async" class="aligncenter size-medium wp-image-6385" src="https://blogsaverroes.juntadeandalucia.es/iescastillodetempul/files/2023/11/ME-QUIERO-TE-QUIERO-3-700x1024.jpg" alt="" width="700" height="1024" srcset="https://blogsaverroes.juntadeandalucia.es/iescastillodetempul/files/2023/11/ME-QUIERO-TE-QUIERO-3-700x1024.jpg 700w, https://blogsaverroes.juntadeandalucia.es/iescastillodetempul/files/2023/11/ME-QUIERO-TE-QUIERO-3-768x1124.jpg 768w, https://blogsaverroes.juntadeandalucia.es/iescastillodetempul/files/2023/11/ME-QUIERO-TE-QUIERO-3-1050x1536.jpg 1050w, https://blogsaverroes.juntadeandalucia.es/iescastillodetempul/files/2023/11/ME-QUIERO-TE-QUIERO-3.jpg 1080w" sizes="(max-width: 700px) 100vw, 700px" /></a><a href="https://blogsaverroes.juntadeandalucia.es/iescastillodetempul/files/2023/11/MONÓLOGO-PERFECTA-2.jpg"><img loading="lazy" decoding="async" class="aligncenter size-medium wp-image-6372" src="https://blogsaverroes.juntadeandalucia.es/iescastillodetempul/files/2023/11/MONÓLOGO-PERFECTA-2-1024x768.jpg" alt="" width="1024" height="768" srcset="https://blogsaverroes.juntadeandalucia.es/iescastillodetempul/files/2023/11/MONÓLOGO-PERFECTA-2-1024x768.jpg 1024w, https://blogsaverroes.juntadeandalucia.es/iescastillodetempul/files/2023/11/MONÓLOGO-PERFECTA-2-768x576.jpg 768w, https://blogsaverroes.juntadeandalucia.es/iescastillodetempul/files/2023/11/MONÓLOGO-PERFECTA-2-1536x1152.jpg 1536w, https://blogsaverroes.juntadeandalucia.es/iescastillodetempul/files/2023/11/MONÓLOGO-PERFECTA-2-700x525.jpg 700w, https://blogsaverroes.juntadeandalucia.es/iescastillodetempul/files/2023/11/MONÓLOGO-PERFECTA-2.jpg 1600w" sizes="(max-width: 1024px) 100vw, 1024px" /></a> <a href="https://blogsaverroes.juntadeandalucia.es/iescastillodetempul/files/2023/11/MONÓLOGO-PERFECTA-1.jpg"><img loading="lazy" decoding="async" class="aligncenter size-medium wp-image-6373" src="https://blogsaverroes.juntadeandalucia.es/iescastillodetempul/files/2023/11/MONÓLOGO-PERFECTA-1-1024x768.jpg" alt="" width="1024" height="768" srcset="https://blogsaverroes.juntadeandalucia.es/iescastillodetempul/files/2023/11/MONÓLOGO-PERFECTA-1-1024x768.jpg 1024w, https://blogsaverroes.juntadeandalucia.es/iescastillodetempul/files/2023/11/MONÓLOGO-PERFECTA-1-768x576.jpg 768w, https://blogsaverroes.juntadeandalucia.es/iescastillodetempul/files/2023/11/MONÓLOGO-PERFECTA-1-1536x1152.jpg 1536w, https://blogsaverroes.juntadeandalucia.es/iescastillodetempul/files/2023/11/MONÓLOGO-PERFECTA-1-700x525.jpg 700w, https://blogsaverroes.juntadeandalucia.es/iescastillodetempul/files/2023/11/MONÓLOGO-PERFECTA-1.jpg 1600w" sizes="(max-width: 1024px) 100vw, 1024px" /></a><br />
<a href="https://blogsaverroes.juntadeandalucia.es/iescastillodetempul/files/2023/11/IMG_7706-scaled.jpeg"><img loading="lazy" decoding="async" src="https://blogsaverroes.juntadeandalucia.es/iescastillodetempul/files/2023/11/IMG_7706-768x1024.jpeg" alt="" width="768" height="1024" class="aligncenter size-medium wp-image-6393" srcset="https://blogsaverroes.juntadeandalucia.es/iescastillodetempul/files/2023/11/IMG_7706-768x1024.jpeg 768w, https://blogsaverroes.juntadeandalucia.es/iescastillodetempul/files/2023/11/IMG_7706-1152x1536.jpeg 1152w, https://blogsaverroes.juntadeandalucia.es/iescastillodetempul/files/2023/11/IMG_7706-1536x2048.jpeg 1536w, https://blogsaverroes.juntadeandalucia.es/iescastillodetempul/files/2023/11/IMG_7706-700x933.jpeg 700w, https://blogsaverroes.juntadeandalucia.es/iescastillodetempul/files/2023/11/IMG_7706-scaled.jpeg 1200w" sizes="(max-width: 768px) 100vw, 768px" /></a><a href="https://blogsaverroes.juntadeandalucia.es/iescastillodetempul/files/2023/11/IMG_7705-scaled.jpeg"><img loading="lazy" decoding="async" src="https://blogsaverroes.juntadeandalucia.es/iescastillodetempul/files/2023/11/IMG_7705-768x1024.jpeg" alt="" width="768" height="1024" class="aligncenter size-medium wp-image-6392" srcset="https://blogsaverroes.juntadeandalucia.es/iescastillodetempul/files/2023/11/IMG_7705-768x1024.jpeg 768w, https://blogsaverroes.juntadeandalucia.es/iescastillodetempul/files/2023/11/IMG_7705-1152x1536.jpeg 1152w, https://blogsaverroes.juntadeandalucia.es/iescastillodetempul/files/2023/11/IMG_7705-1536x2048.jpeg 1536w, https://blogsaverroes.juntadeandalucia.es/iescastillodetempul/files/2023/11/IMG_7705-700x933.jpeg 700w, https://blogsaverroes.juntadeandalucia.es/iescastillodetempul/files/2023/11/IMG_7705-scaled.jpeg 1200w" sizes="(max-width: 768px) 100vw, 768px" /></a><a href="https://blogsaverroes.juntadeandalucia.es/iescastillodetempul/files/2023/11/IMG_7704-scaled.jpeg"><img loading="lazy" decoding="async" src="https://blogsaverroes.juntadeandalucia.es/iescastillodetempul/files/2023/11/IMG_7704-768x1024.jpeg" alt="" width="768" height="1024" class="aligncenter size-medium wp-image-6391" srcset="https://blogsaverroes.juntadeandalucia.es/iescastillodetempul/files/2023/11/IMG_7704-768x1024.jpeg 768w, https://blogsaverroes.juntadeandalucia.es/iescastillodetempul/files/2023/11/IMG_7704-1152x1536.jpeg 1152w, https://blogsaverroes.juntadeandalucia.es/iescastillodetempul/files/2023/11/IMG_7704-1536x2048.jpeg 1536w, https://blogsaverroes.juntadeandalucia.es/iescastillodetempul/files/2023/11/IMG_7704-700x933.jpeg 700w, https://blogsaverroes.juntadeandalucia.es/iescastillodetempul/files/2023/11/IMG_7704-scaled.jpeg 1200w" sizes="(max-width: 768px) 100vw, 768px" /></a><a href="https://blogsaverroes.juntadeandalucia.es/iescastillodetempul/files/2023/11/IMG_7703-scaled.jpeg"><img loading="lazy" decoding="async" src="https://blogsaverroes.juntadeandalucia.es/iescastillodetempul/files/2023/11/IMG_7703-768x1024.jpeg" alt="" width="768" height="1024" class="aligncenter size-medium wp-image-6390" srcset="https://blogsaverroes.juntadeandalucia.es/iescastillodetempul/files/2023/11/IMG_7703-768x1024.jpeg 768w, https://blogsaverroes.juntadeandalucia.es/iescastillodetempul/files/2023/11/IMG_7703-1152x1536.jpeg 1152w, https://blogsaverroes.juntadeandalucia.es/iescastillodetempul/files/2023/11/IMG_7703-1536x2048.jpeg 1536w, https://blogsaverroes.juntadeandalucia.es/iescastillodetempul/files/2023/11/IMG_7703-700x933.jpeg 700w, https://blogsaverroes.juntadeandalucia.es/iescastillodetempul/files/2023/11/IMG_7703-scaled.jpeg 1200w" sizes="(max-width: 768px) 100vw, 768px" /></a>
</div>

<p>El monólogo ‘Perfecta’ denuncian la presión social estética sobre las mujeres. El pasado 7 de noviembre los alumnos de 4º de la ESO del IES Castillo de Tempul asistieron a la representación del monólogo&nbsp;&#46;&#46;&#46;</p>
