{"id":6430,"date":"2023-11-27T10:15:25","date_gmt":"2023-11-27T10:15:25","guid":{"rendered":"https:\/\/blogsaverroes.juntadeandalucia.es\/iescastillodetempul\/?page_id=6430"},"modified":"2023-11-27T10:15:25","modified_gmt":"2023-11-27T10:15:25","slug":"concentracion-contra-la-violencia-de-genero","status":"publish","type":"page","link":"https:\/\/blogsaverroes.juntadeandalucia.es\/iescastillodetempul\/concentracion-contra-la-violencia-de-genero\/","title":{"rendered":"Concentraci\u00f3n contra la violencia de genero"},"content":{"rendered":"<p><a href=\"https:\/\/blogsaverroes.juntadeandalucia.es\/iescastillodetempul\/files\/2023\/11\/CARTEL-CONCENTRACI\u00d3N.jpg\"><img loading=\"lazy\" decoding=\"async\" class=\"wp-image-6422 alignleft\" src=\"https:\/\/blogsaverroes.juntadeandalucia.es\/iescastillodetempul\/files\/2023\/11\/CARTEL-CONCENTRACI\u00d3N-768x1024.jpg\" alt=\"\" width=\"311\" height=\"412\"><\/a><\/p>\n<p><span style=\"font-weight: 400\">El pasado viernes 24 de noviembre se llev\u00f3 a cabo una concentraci\u00f3n por el D\u00eda Internacional Contra la Violencia de G\u00e9nero, organizada por el Excelent\u00edsimo Ayuntamiento de San Jos\u00e9 del Valle. La concentraci\u00f3n se realiz\u00f3 a las 12 horas en la Plaza Rancho La Posada.<\/span><\/p>\n<p><a href=\"https:\/\/blogsaverroes.juntadeandalucia.es\/iescastillodetempul\/files\/2023\/11\/12.jpg\"><span style=\"font-weight: 400\">Nuestro centro asisti\u00f3 y estuvo como representaci\u00f3n el alumnado de 3\u00ba de la ESO y el alumnado del Aula Abierta. Se ley\u00f3 un manifiesto y una obra de teatro titulada \u201cLa historia m\u00e1s bonita jam\u00e1s contada\u201d escrita por la maestra M\u00aa Jos\u00e9 Porr\u00faa Lara. Adem\u00e1s participaron dos de nuestro alumnado al manifiesto del Ayuntamiento.<\/span><\/a><a href=\"https:\/\/blogsaverroes.juntadeandalucia.es\/iescastillodetempul\/files\/2023\/11\/11.jpg\"><img loading=\"lazy\" decoding=\"async\" class=\"aligncenter size-medium wp-image-6421\" src=\"https:\/\/blogsaverroes.juntadeandalucia.es\/iescastillodetempul\/files\/2023\/11\/11-1024x768.jpg\" alt=\"\" width=\"1024\" height=\"768\" srcset=\"https:\/\/blogsaverroes.juntadeandalucia.es\/iescastillodetempul\/files\/2023\/11\/11-1024x768.jpg 1024w, https:\/\/blogsaverroes.juntadeandalucia.es\/iescastillodetempul\/files\/2023\/11\/11-768x576.jpg 768w, https:\/\/blogsaverroes.juntadeandalucia.es\/iescastillodetempul\/files\/2023\/11\/11-1536x1152.jpg 1536w, https:\/\/blogsaverroes.juntadeandalucia.es\/iescastillodetempul\/files\/2023\/11\/11-700x525.jpg 700w, https:\/\/blogsaverroes.juntadeandalucia.es\/iescastillodetempul\/files\/2023\/11\/11.jpg 1600w\" sizes=\"(max-width: 1024px) 100vw, 1024px\" \/><\/a><a href=\"https:\/\/blogsaverroes.juntadeandalucia.es\/iescastillodetempul\/files\/2023\/11\/1.jpg\"><img loading=\"lazy\" decoding=\"async\" class=\"aligncenter size-medium wp-image-6427\" src=\"https:\/\/blogsaverroes.juntadeandalucia.es\/iescastillodetempul\/files\/2023\/11\/1-768x1024.jpg\" alt=\"\" width=\"768\" height=\"1024\" srcset=\"https:\/\/blogsaverroes.juntadeandalucia.es\/iescastillodetempul\/files\/2023\/11\/1-768x1024.jpg 768w, https:\/\/blogsaverroes.juntadeandalucia.es\/iescastillodetempul\/files\/2023\/11\/1-1152x1536.jpg 1152w, https:\/\/blogsaverroes.juntadeandalucia.es\/iescastillodetempul\/files\/2023\/11\/1-700x933.jpg 700w, https:\/\/blogsaverroes.juntadeandalucia.es\/iescastillodetempul\/files\/2023\/11\/1.jpg 1200w\" sizes=\"(max-width: 768px) 100vw, 768px\" \/><\/a><a href=\"https:\/\/blogsaverroes.juntadeandalucia.es\/iescastillodetempul\/files\/2023\/11\/2.jpg\"><img loading=\"lazy\" decoding=\"async\" class=\"aligncenter size-medium wp-image-6426\" src=\"https:\/\/blogsaverroes.juntadeandalucia.es\/iescastillodetempul\/files\/2023\/11\/2-768x1024.jpg\" alt=\"\" width=\"768\" height=\"1024\" srcset=\"https:\/\/blogsaverroes.juntadeandalucia.es\/iescastillodetempul\/files\/2023\/11\/2-768x1024.jpg 768w, https:\/\/blogsaverroes.juntadeandalucia.es\/iescastillodetempul\/files\/2023\/11\/2-1152x1536.jpg 1152w, https:\/\/blogsaverroes.juntadeandalucia.es\/iescastillodetempul\/files\/2023\/11\/2-700x933.jpg 700w, https:\/\/blogsaverroes.juntadeandalucia.es\/iescastillodetempul\/files\/2023\/11\/2.jpg 1200w\" sizes=\"(max-width: 768px) 100vw, 768px\" \/><\/a><a href=\"https:\/\/blogsaverroes.juntadeandalucia.es\/iescastillodetempul\/files\/2023\/11\/3.jpg\"><img loading=\"lazy\" decoding=\"async\" class=\"aligncenter size-medium wp-image-6425\" src=\"https:\/\/blogsaverroes.juntadeandalucia.es\/iescastillodetempul\/files\/2023\/11\/3-768x1024.jpg\" alt=\"\" width=\"768\" height=\"1024\" srcset=\"https:\/\/blogsaverroes.juntadeandalucia.es\/iescastillodetempul\/files\/2023\/11\/3-768x1024.jpg 768w, https:\/\/blogsaverroes.juntadeandalucia.es\/iescastillodetempul\/files\/2023\/11\/3-1152x1536.jpg 1152w, https:\/\/blogsaverroes.juntadeandalucia.es\/iescastillodetempul\/files\/2023\/11\/3-700x933.jpg 700w, https:\/\/blogsaverroes.juntadeandalucia.es\/iescastillodetempul\/files\/2023\/11\/3.jpg 1200w\" sizes=\"(max-width: 768px) 100vw, 768px\" \/><\/a><a href=\"https:\/\/blogsaverroes.juntadeandalucia.es\/iescastillodetempul\/files\/2023\/11\/4.jpg\"><img loading=\"lazy\" decoding=\"async\" class=\"aligncenter size-medium wp-image-6424\" src=\"https:\/\/blogsaverroes.juntadeandalucia.es\/iescastillodetempul\/files\/2023\/11\/4-1024x768.jpg\" alt=\"\" width=\"1024\" height=\"768\" srcset=\"https:\/\/blogsaverroes.juntadeandalucia.es\/iescastillodetempul\/files\/2023\/11\/4-1024x768.jpg 1024w, https:\/\/blogsaverroes.juntadeandalucia.es\/iescastillodetempul\/files\/2023\/11\/4-768x576.jpg 768w, https:\/\/blogsaverroes.juntadeandalucia.es\/iescastillodetempul\/files\/2023\/11\/4-1536x1152.jpg 1536w, https:\/\/blogsaverroes.juntadeandalucia.es\/iescastillodetempul\/files\/2023\/11\/4-700x525.jpg 700w, https:\/\/blogsaverroes.juntadeandalucia.es\/iescastillodetempul\/files\/2023\/11\/4.jpg 1600w\" sizes=\"(max-width: 1024px) 100vw, 1024px\" \/><\/a><a href=\"https:\/\/blogsaverroes.juntadeandalucia.es\/iescastillodetempul\/files\/2023\/11\/10.jpg\"><img loading=\"lazy\" decoding=\"async\" class=\"aligncenter size-medium wp-image-6423\" src=\"https:\/\/blogsaverroes.juntadeandalucia.es\/iescastillodetempul\/files\/2023\/11\/10-1024x768.jpg\" alt=\"\" width=\"1024\" height=\"768\" srcset=\"https:\/\/blogsaverroes.juntadeandalucia.es\/iescastillodetempul\/files\/2023\/11\/10-1024x768.jpg 1024w, https:\/\/blogsaverroes.juntadeandalucia.es\/iescastillodetempul\/files\/2023\/11\/10-768x576.jpg 768w, https:\/\/blogsaverroes.juntadeandalucia.es\/iescastillodetempul\/files\/2023\/11\/10-1536x1152.jpg 1536w, https:\/\/blogsaverroes.juntadeandalucia.es\/iescastillodetempul\/files\/2023\/11\/10-700x525.jpg 700w, https:\/\/blogsaverroes.juntadeandalucia.es\/iescastillodetempul\/files\/2023\/11\/10.jpg 1600w\" sizes=\"(max-width: 1024px) 100vw, 1024px\" \/><\/a><a href=\"https:\/\/blogsaverroes.juntadeandalucia.es\/iescastillodetempul\/files\/2023\/11\/12.jpg\"><img loading=\"lazy\" decoding=\"async\" class=\"aligncenter size-medium wp-image-6420\" src=\"https:\/\/blogsaverroes.juntadeandalucia.es\/iescastillodetempul\/files\/2023\/11\/12-1024x768.jpg\" alt=\"\" width=\"1024\" height=\"768\" srcset=\"https:\/\/blogsaverroes.juntadeandalucia.es\/iescastillodetempul\/files\/2023\/11\/12-1024x768.jpg 1024w, https:\/\/blogsaverroes.juntadeandalucia.es\/iescastillodetempul\/files\/2023\/11\/12-768x576.jpg 768w, https:\/\/blogsaverroes.juntadeandalucia.es\/iescastillodetempul\/files\/2023\/11\/12-1536x1152.jpg 1536w, https:\/\/blogsaverroes.juntadeandalucia.es\/iescastillodetempul\/files\/2023\/11\/12-700x525.jpg 700w, https:\/\/blogsaverroes.juntadeandalucia.es\/iescastillodetempul\/files\/2023\/11\/12.jpg 1600w\" sizes=\"(max-width: 1024px) 100vw, 1024px\" \/><\/a><\/p>\n<p>&nbsp;<\/p>\n","protected":false},"excerpt":{"rendered":"<p>El pasado viernes 24 de noviembre se llev\u00f3 a cabo una concentraci\u00f3n por el D\u00eda Internacional Contra la Violencia de G\u00e9nero, organizada por el Excelent\u00edsimo Ayuntamiento de San Jos\u00e9 del Valle. La concentraci\u00f3n se&#46;&#46;&#46;<\/p>\n","protected":false},"author":4130,"featured_media":0,"parent":0,"menu_order":0,"comment_status":"closed","ping_status":"closed","template":"","meta":{"ngg_post_thumbnail":0,"footnotes":"","_mc_calendar":[]},"aioseo_notices":[],"_links":{"self":[{"href":"https:\/\/blogsaverroes.juntadeandalucia.es\/iescastillodetempul\/wp-json\/wp\/v2\/pages\/6430"}],"collection":[{"href":"https:\/\/blogsaverroes.juntadeandalucia.es\/iescastillodetempul\/wp-json\/wp\/v2\/pages"}],"about":[{"href":"https:\/\/blogsaverroes.juntadeandalucia.es\/iescastillodetempul\/wp-json\/wp\/v2\/types\/page"}],"author":[{"embeddable":true,"href":"https:\/\/blogsaverroes.juntadeandalucia.es\/iescastillodetempul\/wp-json\/wp\/v2\/users\/4130"}],"replies":[{"embeddable":true,"href":"https:\/\/blogsaverroes.juntadeandalucia.es\/iescastillodetempul\/wp-json\/wp\/v2\/comments?post=6430"}],"version-history":[{"count":1,"href":"https:\/\/blogsaverroes.juntadeandalucia.es\/iescastillodetempul\/wp-json\/wp\/v2\/pages\/6430\/revisions"}],"predecessor-version":[{"id":6432,"href":"https:\/\/blogsaverroes.juntadeandalucia.es\/iescastillodetempul\/wp-json\/wp\/v2\/pages\/6430\/revisions\/6432"}],"wp:attachment":[{"href":"https:\/\/blogsaverroes.juntadeandalucia.es\/iescastillodetempul\/wp-json\/wp\/v2\/media?parent=6430"}],"curies":[{"name":"wp","href":"https:\/\/api.w.org\/{rel}","templated":true}]}}

Concentración contra la violencia de genero

<p><a href="https://blogsaverroes.juntadeandalucia.es/iescastillodetempul/files/2023/11/CARTEL-CONCENTRACIÓN.jpg"><img loading="lazy" decoding="async" class="wp-image-6422 alignleft" src="https://blogsaverroes.juntadeandalucia.es/iescastillodetempul/files/2023/11/CARTEL-CONCENTRACIÓN-768x1024.jpg" alt="" width="311" height="412"></a></p>
<p><span style="font-weight: 400">El pasado viernes 24 de noviembre se llevó a cabo una concentración por el Día Internacional Contra la Violencia de Género, organizada por el Excelentísimo Ayuntamiento de San José del Valle. La concentración se realizó a las 12 horas en la Plaza Rancho La Posada.</span></p>
<p><a href="https://blogsaverroes.juntadeandalucia.es/iescastillodetempul/files/2023/11/12.jpg"><span style="font-weight: 400">Nuestro centro asistió y estuvo como representación el alumnado de 3º de la ESO y el alumnado del Aula Abierta. Se leyó un manifiesto y una obra de teatro titulada “La historia más bonita jamás contada” escrita por la maestra Mª José Porrúa Lara. Además participaron dos de nuestro alumnado al manifiesto del Ayuntamiento.</span></a><a href="https://blogsaverroes.juntadeandalucia.es/iescastillodetempul/files/2023/11/11.jpg"><img loading="lazy" decoding="async" class="aligncenter size-medium wp-image-6421" src="https://blogsaverroes.juntadeandalucia.es/iescastillodetempul/files/2023/11/11-1024x768.jpg" alt="" width="1024" height="768" srcset="https://blogsaverroes.juntadeandalucia.es/iescastillodetempul/files/2023/11/11-1024x768.jpg 1024w, https://blogsaverroes.juntadeandalucia.es/iescastillodetempul/files/2023/11/11-768x576.jpg 768w, https://blogsaverroes.juntadeandalucia.es/iescastillodetempul/files/2023/11/11-1536x1152.jpg 1536w, https://blogsaverroes.juntadeandalucia.es/iescastillodetempul/files/2023/11/11-700x525.jpg 700w, https://blogsaverroes.juntadeandalucia.es/iescastillodetempul/files/2023/11/11.jpg 1600w" sizes="(max-width: 1024px) 100vw, 1024px" /></a><a href="https://blogsaverroes.juntadeandalucia.es/iescastillodetempul/files/2023/11/1.jpg"><img loading="lazy" decoding="async" class="aligncenter size-medium wp-image-6427" src="https://blogsaverroes.juntadeandalucia.es/iescastillodetempul/files/2023/11/1-768x1024.jpg" alt="" width="768" height="1024" srcset="https://blogsaverroes.juntadeandalucia.es/iescastillodetempul/files/2023/11/1-768x1024.jpg 768w, https://blogsaverroes.juntadeandalucia.es/iescastillodetempul/files/2023/11/1-1152x1536.jpg 1152w, https://blogsaverroes.juntadeandalucia.es/iescastillodetempul/files/2023/11/1-700x933.jpg 700w, https://blogsaverroes.juntadeandalucia.es/iescastillodetempul/files/2023/11/1.jpg 1200w" sizes="(max-width: 768px) 100vw, 768px" /></a><a href="https://blogsaverroes.juntadeandalucia.es/iescastillodetempul/files/2023/11/2.jpg"><img loading="lazy" decoding="async" class="aligncenter size-medium wp-image-6426" src="https://blogsaverroes.juntadeandalucia.es/iescastillodetempul/files/2023/11/2-768x1024.jpg" alt="" width="768" height="1024" srcset="https://blogsaverroes.juntadeandalucia.es/iescastillodetempul/files/2023/11/2-768x1024.jpg 768w, https://blogsaverroes.juntadeandalucia.es/iescastillodetempul/files/2023/11/2-1152x1536.jpg 1152w, https://blogsaverroes.juntadeandalucia.es/iescastillodetempul/files/2023/11/2-700x933.jpg 700w, https://blogsaverroes.juntadeandalucia.es/iescastillodetempul/files/2023/11/2.jpg 1200w" sizes="(max-width: 768px) 100vw, 768px" /></a><a href="https://blogsaverroes.juntadeandalucia.es/iescastillodetempul/files/2023/11/3.jpg"><img loading="lazy" decoding="async" class="aligncenter size-medium wp-image-6425" src="https://blogsaverroes.juntadeandalucia.es/iescastillodetempul/files/2023/11/3-768x1024.jpg" alt="" width="768" height="1024" srcset="https://blogsaverroes.juntadeandalucia.es/iescastillodetempul/files/2023/11/3-768x1024.jpg 768w, https://blogsaverroes.juntadeandalucia.es/iescastillodetempul/files/2023/11/3-1152x1536.jpg 1152w, https://blogsaverroes.juntadeandalucia.es/iescastillodetempul/files/2023/11/3-700x933.jpg 700w, https://blogsaverroes.juntadeandalucia.es/iescastillodetempul/files/2023/11/3.jpg 1200w" sizes="(max-width: 768px) 100vw, 768px" /></a><a href="https://blogsaverroes.juntadeandalucia.es/iescastillodetempul/files/2023/11/4.jpg"><img loading="lazy" decoding="async" class="aligncenter size-medium wp-image-6424" src="https://blogsaverroes.juntadeandalucia.es/iescastillodetempul/files/2023/11/4-1024x768.jpg" alt="" width="1024" height="768" srcset="https://blogsaverroes.juntadeandalucia.es/iescastillodetempul/files/2023/11/4-1024x768.jpg 1024w, https://blogsaverroes.juntadeandalucia.es/iescastillodetempul/files/2023/11/4-768x576.jpg 768w, https://blogsaverroes.juntadeandalucia.es/iescastillodetempul/files/2023/11/4-1536x1152.jpg 1536w, https://blogsaverroes.juntadeandalucia.es/iescastillodetempul/files/2023/11/4-700x525.jpg 700w, https://blogsaverroes.juntadeandalucia.es/iescastillodetempul/files/2023/11/4.jpg 1600w" sizes="(max-width: 1024px) 100vw, 1024px" /></a><a href="https://blogsaverroes.juntadeandalucia.es/iescastillodetempul/files/2023/11/10.jpg"><img loading="lazy" decoding="async" class="aligncenter size-medium wp-image-6423" src="https://blogsaverroes.juntadeandalucia.es/iescastillodetempul/files/2023/11/10-1024x768.jpg" alt="" width="1024" height="768" srcset="https://blogsaverroes.juntadeandalucia.es/iescastillodetempul/files/2023/11/10-1024x768.jpg 1024w, https://blogsaverroes.juntadeandalucia.es/iescastillodetempul/files/2023/11/10-768x576.jpg 768w, https://blogsaverroes.juntadeandalucia.es/iescastillodetempul/files/2023/11/10-1536x1152.jpg 1536w, https://blogsaverroes.juntadeandalucia.es/iescastillodetempul/files/2023/11/10-700x525.jpg 700w, https://blogsaverroes.juntadeandalucia.es/iescastillodetempul/files/2023/11/10.jpg 1600w" sizes="(max-width: 1024px) 100vw, 1024px" /></a><a href="https://blogsaverroes.juntadeandalucia.es/iescastillodetempul/files/2023/11/12.jpg"><img loading="lazy" decoding="async" class="aligncenter size-medium wp-image-6420" src="https://blogsaverroes.juntadeandalucia.es/iescastillodetempul/files/2023/11/12-1024x768.jpg" alt="" width="1024" height="768" srcset="https://blogsaverroes.juntadeandalucia.es/iescastillodetempul/files/2023/11/12-1024x768.jpg 1024w, https://blogsaverroes.juntadeandalucia.es/iescastillodetempul/files/2023/11/12-768x576.jpg 768w, https://blogsaverroes.juntadeandalucia.es/iescastillodetempul/files/2023/11/12-1536x1152.jpg 1536w, https://blogsaverroes.juntadeandalucia.es/iescastillodetempul/files/2023/11/12-700x525.jpg 700w, https://blogsaverroes.juntadeandalucia.es/iescastillodetempul/files/2023/11/12.jpg 1600w" sizes="(max-width: 1024px) 100vw, 1024px" /></a></p>
<p>&nbsp;</p>

<p>El pasado viernes 24 de noviembre se llevó a cabo una concentración por el Día Internacional Contra la Violencia de Género, organizada por el Excelentísimo Ayuntamiento de San José del Valle. La concentración se&#46;&#46;&#46;</p>
