{"id":6615,"date":"2024-04-23T10:40:39","date_gmt":"2024-04-23T10:40:39","guid":{"rendered":"https:\/\/blogsaverroes.juntadeandalucia.es\/iescastillodetempul\/?page_id=6615"},"modified":"2024-05-29T09:37:53","modified_gmt":"2024-05-29T09:37:53","slug":"dia-del-libro-2024","status":"publish","type":"page","link":"https:\/\/blogsaverroes.juntadeandalucia.es\/iescastillodetempul\/dia-del-libro-2024\/","title":{"rendered":"D\u00cdA DEL LIBRO 2024"},"content":{"rendered":"<div class=\"entry-content\">\n<p class=\"has-text-align-left\">Cada 23 de abril se celebra el d\u00eda mundial del libro y del derecho de autor. Este curso, hemos conmemorado esta fecha con diferentes actividades en todos los niveles y desde varios departamentos y proyectos de centro. Te mostramos aqu\u00ed en forma de im\u00e1genes, v\u00eddeos y descarga de documentos, las diversas actividades realizadas.<\/p>\n<ul>\n<li><strong>&nbsp;BookCrossing entre los alumnos y profesorado del centro.&nbsp;<\/strong> BookCrossing&nbsp;es la pr\u00e1ctica de dejar libros en lugares p\u00fablicos para que los recojan otros lectores, que despu\u00e9s har\u00e1n lo mismo. La idea es liberar libros \u00aben la jungla\u00bb para que sean encontrados por otras personas.<\/li>\n<\/ul>\n<p><a href=\"https:\/\/blogsaverroes.juntadeandalucia.es\/iescastillodetempul\/files\/2024\/05\/1a2f70c4-4580-4d25-bbf8-d6cf0bab97d1-1.jpeg\"><img loading=\"lazy\" decoding=\"async\" class=\"aligncenter size-medium wp-image-6717\" src=\"https:\/\/blogsaverroes.juntadeandalucia.es\/iescastillodetempul\/files\/2024\/05\/1a2f70c4-4580-4d25-bbf8-d6cf0bab97d1-1-1024x768.jpeg\" alt=\"\" width=\"1024\" height=\"768\" srcset=\"https:\/\/blogsaverroes.juntadeandalucia.es\/iescastillodetempul\/files\/2024\/05\/1a2f70c4-4580-4d25-bbf8-d6cf0bab97d1-1-1024x768.jpeg 1024w, https:\/\/blogsaverroes.juntadeandalucia.es\/iescastillodetempul\/files\/2024\/05\/1a2f70c4-4580-4d25-bbf8-d6cf0bab97d1-1-768x576.jpeg 768w, https:\/\/blogsaverroes.juntadeandalucia.es\/iescastillodetempul\/files\/2024\/05\/1a2f70c4-4580-4d25-bbf8-d6cf0bab97d1-1-1536x1152.jpeg 1536w, https:\/\/blogsaverroes.juntadeandalucia.es\/iescastillodetempul\/files\/2024\/05\/1a2f70c4-4580-4d25-bbf8-d6cf0bab97d1-1-700x525.jpeg 700w, https:\/\/blogsaverroes.juntadeandalucia.es\/iescastillodetempul\/files\/2024\/05\/1a2f70c4-4580-4d25-bbf8-d6cf0bab97d1-1.jpeg 1600w\" sizes=\"(max-width: 1024px) 100vw, 1024px\" \/><\/a><\/p>\n<p>&nbsp;<\/p>\n<p>&nbsp;<\/p>\n<ul>\n<li><strong>Rese\u00f1as literaria de libros que les han gustado a los alumnos. Sembrado el pueblo de rese\u00f1as.<\/strong><\/li>\n<\/ul>\n<p>Rese\u00f1a de una alumna del instituto IES Castillo de Tempul entre las mejores del concurso&nbsp; Mi libro favorito de la fundaci\u00f3n Lara.<\/p>\n<p><a href=\"https:\/\/blogsaverroes.juntadeandalucia.es\/iescastillodetempul\/mi-libro-preferido\/\"><img loading=\"lazy\" decoding=\"async\" class=\"wp-image-6686 alignleft\" src=\"https:\/\/blogsaverroes.juntadeandalucia.es\/iescastillodetempul\/files\/2024\/05\/logo-andalucia-ceuta-melilla.png\" alt=\"\" width=\"67\" height=\"74\"><\/a><\/p>\n<p>&nbsp;<\/p>\n<ul>\n<li><strong>Concurso de tartas literarias.<\/strong><\/li>\n<\/ul>\n<p><a href=\"https:\/\/blogsaverroes.juntadeandalucia.es\/iescastillodetempul\/files\/2024\/05\/fe38d550-6109-4a70-9d47-94ec172b12bb.jpeg\"><img loading=\"lazy\" decoding=\"async\" class=\"aligncenter size-medium wp-image-6622\" src=\"https:\/\/blogsaverroes.juntadeandalucia.es\/iescastillodetempul\/files\/2024\/05\/fe38d550-6109-4a70-9d47-94ec172b12bb-576x1024.jpeg\" alt=\"\" width=\"576\" height=\"1024\" srcset=\"https:\/\/blogsaverroes.juntadeandalucia.es\/iescastillodetempul\/files\/2024\/05\/fe38d550-6109-4a70-9d47-94ec172b12bb-576x1024.jpeg 576w, https:\/\/blogsaverroes.juntadeandalucia.es\/iescastillodetempul\/files\/2024\/05\/fe38d550-6109-4a70-9d47-94ec172b12bb-768x1365.jpeg 768w, https:\/\/blogsaverroes.juntadeandalucia.es\/iescastillodetempul\/files\/2024\/05\/fe38d550-6109-4a70-9d47-94ec172b12bb-864x1536.jpeg 864w, https:\/\/blogsaverroes.juntadeandalucia.es\/iescastillodetempul\/files\/2024\/05\/fe38d550-6109-4a70-9d47-94ec172b12bb-700x1244.jpeg 700w, https:\/\/blogsaverroes.juntadeandalucia.es\/iescastillodetempul\/files\/2024\/05\/fe38d550-6109-4a70-9d47-94ec172b12bb.jpeg 900w\" sizes=\"(max-width: 576px) 100vw, 576px\" \/><\/a><\/p>\n<div class=\"entry-content\">\n<p><strong>1<sup><span style=\"text-decoration: underline\">er<\/span><\/sup> premio<\/strong><\/p>\n<p>Alejandro Gil<\/p>\n<p>por <strong>\u00abEl Lazarillo\u00bb<\/strong>.<\/p>\n<\/div>\n<p><a href=\"https:\/\/blogsaverroes.juntadeandalucia.es\/iescastillodetempul\/files\/2024\/05\/6b4021a1-a83e-4283-a7ca-357f98b4f5e9.jpeg\"><img loading=\"lazy\" decoding=\"async\" class=\"aligncenter size-medium wp-image-6623\" src=\"https:\/\/blogsaverroes.juntadeandalucia.es\/iescastillodetempul\/files\/2024\/05\/6b4021a1-a83e-4283-a7ca-357f98b4f5e9-1024x768.jpeg\" alt=\"\" width=\"1024\" height=\"768\" srcset=\"https:\/\/blogsaverroes.juntadeandalucia.es\/iescastillodetempul\/files\/2024\/05\/6b4021a1-a83e-4283-a7ca-357f98b4f5e9-1024x768.jpeg 1024w, https:\/\/blogsaverroes.juntadeandalucia.es\/iescastillodetempul\/files\/2024\/05\/6b4021a1-a83e-4283-a7ca-357f98b4f5e9-768x576.jpeg 768w, https:\/\/blogsaverroes.juntadeandalucia.es\/iescastillodetempul\/files\/2024\/05\/6b4021a1-a83e-4283-a7ca-357f98b4f5e9-1536x1152.jpeg 1536w, https:\/\/blogsaverroes.juntadeandalucia.es\/iescastillodetempul\/files\/2024\/05\/6b4021a1-a83e-4283-a7ca-357f98b4f5e9-700x525.jpeg 700w, https:\/\/blogsaverroes.juntadeandalucia.es\/iescastillodetempul\/files\/2024\/05\/6b4021a1-a83e-4283-a7ca-357f98b4f5e9.jpeg 1600w\" sizes=\"(max-width: 1024px) 100vw, 1024px\" \/><\/a><\/p>\n<ul>\n<li><strong>2<sup><span style=\"text-decoration: underline\">o<\/span><\/sup> premio<\/strong><\/li>\n<\/ul>\n<p>Miranda S\u00e1nchez<br \/>\nLola Soto<br \/>\nRub\u00e9n Rosado<\/p>\n<\/div>\n<div class=\"entry-content\">por <strong>\u00abMulan\u00bb<\/strong>.<\/div>\n<div><a href=\"https:\/\/blogsaverroes.juntadeandalucia.es\/iescastillodetempul\/files\/2024\/05\/fd15606e-f198-4550-baa2-d20efdb2b5b4.jpeg\"><img loading=\"lazy\" decoding=\"async\" class=\"aligncenter size-medium wp-image-6625\" src=\"https:\/\/blogsaverroes.juntadeandalucia.es\/iescastillodetempul\/files\/2024\/05\/fd15606e-f198-4550-baa2-d20efdb2b5b4-768x1024.jpeg\" alt=\"\" width=\"768\" height=\"1024\" srcset=\"https:\/\/blogsaverroes.juntadeandalucia.es\/iescastillodetempul\/files\/2024\/05\/fd15606e-f198-4550-baa2-d20efdb2b5b4-768x1024.jpeg 768w, https:\/\/blogsaverroes.juntadeandalucia.es\/iescastillodetempul\/files\/2024\/05\/fd15606e-f198-4550-baa2-d20efdb2b5b4-1152x1536.jpeg 1152w, https:\/\/blogsaverroes.juntadeandalucia.es\/iescastillodetempul\/files\/2024\/05\/fd15606e-f198-4550-baa2-d20efdb2b5b4-700x933.jpeg 700w, https:\/\/blogsaverroes.juntadeandalucia.es\/iescastillodetempul\/files\/2024\/05\/fd15606e-f198-4550-baa2-d20efdb2b5b4.jpeg 1200w\" sizes=\"(max-width: 768px) 100vw, 768px\" \/><\/a><\/div>\n<div class=\"entry-content\">\n<ul>\n<li><strong>3<sup>er<\/sup> premio<\/strong><\/li>\n<\/ul>\n<p>Macarena Vargas<br \/>\n\u00c9volet Moreno<br \/>\nPablo \u00c1ngulo<\/p>\n<p><a href=\"https:\/\/blogsaverroes.juntadeandalucia.es\/iescastillodetempul\/files\/2024\/05\/300612de-d15b-41c7-861b-a3308d52183f.jpeg\"><img loading=\"lazy\" decoding=\"async\" class=\"aligncenter size-medium wp-image-6627\" src=\"https:\/\/blogsaverroes.juntadeandalucia.es\/iescastillodetempul\/files\/2024\/05\/300612de-d15b-41c7-861b-a3308d52183f-768x1024.jpeg\" alt=\"\" width=\"768\" height=\"1024\" srcset=\"https:\/\/blogsaverroes.juntadeandalucia.es\/iescastillodetempul\/files\/2024\/05\/300612de-d15b-41c7-861b-a3308d52183f-768x1024.jpeg 768w, https:\/\/blogsaverroes.juntadeandalucia.es\/iescastillodetempul\/files\/2024\/05\/300612de-d15b-41c7-861b-a3308d52183f-1152x1536.jpeg 1152w, https:\/\/blogsaverroes.juntadeandalucia.es\/iescastillodetempul\/files\/2024\/05\/300612de-d15b-41c7-861b-a3308d52183f-700x933.jpeg 700w, https:\/\/blogsaverroes.juntadeandalucia.es\/iescastillodetempul\/files\/2024\/05\/300612de-d15b-41c7-861b-a3308d52183f.jpeg 1200w\" sizes=\"(max-width: 768px) 100vw, 768px\" \/><\/a><\/p>\n<div>\n<ul>\n<li><strong>Premio a la mejor presentaci\u00f3n literaria<br \/>\n<\/strong><\/li>\n<\/ul>\n<p>Judith Mu\u00f1oz<br \/>\nPaula Ortega<br \/>\nRoc\u00edo Montero<br \/>\nSara G\u00f3mez<\/p>\n<p>por <strong>\u00abEl Quijote\u00bb<\/strong>.<\/p>\n<p><a href=\"https:\/\/blogsaverroes.juntadeandalucia.es\/iescastillodetempul\/files\/2024\/05\/d71ae031-d971-4641-bd55-1aceec11a474.jpeg\"><img loading=\"lazy\" decoding=\"async\" class=\"aligncenter size-medium wp-image-6630\" src=\"https:\/\/blogsaverroes.juntadeandalucia.es\/iescastillodetempul\/files\/2024\/05\/d71ae031-d971-4641-bd55-1aceec11a474-768x1024.jpeg\" alt=\"\" width=\"768\" height=\"1024\" srcset=\"https:\/\/blogsaverroes.juntadeandalucia.es\/iescastillodetempul\/files\/2024\/05\/d71ae031-d971-4641-bd55-1aceec11a474-768x1024.jpeg 768w, https:\/\/blogsaverroes.juntadeandalucia.es\/iescastillodetempul\/files\/2024\/05\/d71ae031-d971-4641-bd55-1aceec11a474-1152x1536.jpeg 1152w, https:\/\/blogsaverroes.juntadeandalucia.es\/iescastillodetempul\/files\/2024\/05\/d71ae031-d971-4641-bd55-1aceec11a474-700x933.jpeg 700w, https:\/\/blogsaverroes.juntadeandalucia.es\/iescastillodetempul\/files\/2024\/05\/d71ae031-d971-4641-bd55-1aceec11a474.jpeg 1200w\" sizes=\"(max-width: 768px) 100vw, 768px\" \/><\/a><\/p>\n<\/div>\n<div class=\"entry-content\">\n<ul>\n<li><strong>Premio a la tarta m\u00e1s creativa<br \/>\n<\/strong><\/li>\n<\/ul>\n<p>Maria del Mar Le\u00f3n<br \/>\nCarla Rojas<br \/>\nCelia G\u00f3mez<br \/>\nManuel J, Rodr\u00edguez<br \/>\nAntonio S\u00e1nchez<\/p>\n<p>por <strong>\u00abHarry Potter\u00bb<\/strong>.<a href=\"https:\/\/blogsaverroes.juntadeandalucia.es\/iescastillodetempul\/files\/2024\/05\/1069e64f-f5e5-411f-87c8-1fc897beffa4.jpeg\"><img loading=\"lazy\" decoding=\"async\" class=\"aligncenter size-medium wp-image-6633\" src=\"https:\/\/blogsaverroes.juntadeandalucia.es\/iescastillodetempul\/files\/2024\/05\/1069e64f-f5e5-411f-87c8-1fc897beffa4-768x1024.jpeg\" alt=\"\" width=\"768\" height=\"1024\" srcset=\"https:\/\/blogsaverroes.juntadeandalucia.es\/iescastillodetempul\/files\/2024\/05\/1069e64f-f5e5-411f-87c8-1fc897beffa4-768x1024.jpeg 768w, https:\/\/blogsaverroes.juntadeandalucia.es\/iescastillodetempul\/files\/2024\/05\/1069e64f-f5e5-411f-87c8-1fc897beffa4-1152x1536.jpeg 1152w, https:\/\/blogsaverroes.juntadeandalucia.es\/iescastillodetempul\/files\/2024\/05\/1069e64f-f5e5-411f-87c8-1fc897beffa4-700x933.jpeg 700w, https:\/\/blogsaverroes.juntadeandalucia.es\/iescastillodetempul\/files\/2024\/05\/1069e64f-f5e5-411f-87c8-1fc897beffa4.jpeg 1200w\" sizes=\"(max-width: 768px) 100vw, 768px\" \/><\/a><\/p>\n<\/div>\nngg_shortcode_0_placeholder\n<ul>\n<li><strong>Concurso de puertas literarias.<\/strong><\/li>\n<\/ul>\n<\/div>\n","protected":false},"excerpt":{"rendered":"<p>Cada 23 de abril se celebra el d\u00eda mundial del libro y del derecho de autor. Este curso, hemos conmemorado esta fecha con diferentes actividades en todos los niveles y desde varios departamentos y&#46;&#46;&#46;<\/p>\n","protected":false},"author":4130,"featured_media":0,"parent":0,"menu_order":0,"comment_status":"closed","ping_status":"closed","template":"","meta":{"ngg_post_thumbnail":0,"footnotes":"","_mc_calendar":[]},"aioseo_notices":[],"_links":{"self":[{"href":"https:\/\/blogsaverroes.juntadeandalucia.es\/iescastillodetempul\/wp-json\/wp\/v2\/pages\/6615"}],"collection":[{"href":"https:\/\/blogsaverroes.juntadeandalucia.es\/iescastillodetempul\/wp-json\/wp\/v2\/pages"}],"about":[{"href":"https:\/\/blogsaverroes.juntadeandalucia.es\/iescastillodetempul\/wp-json\/wp\/v2\/types\/page"}],"author":[{"embeddable":true,"href":"https:\/\/blogsaverroes.juntadeandalucia.es\/iescastillodetempul\/wp-json\/wp\/v2\/users\/4130"}],"replies":[{"embeddable":true,"href":"https:\/\/blogsaverroes.juntadeandalucia.es\/iescastillodetempul\/wp-json\/wp\/v2\/comments?post=6615"}],"version-history":[{"count":17,"href":"https:\/\/blogsaverroes.juntadeandalucia.es\/iescastillodetempul\/wp-json\/wp\/v2\/pages\/6615\/revisions"}],"predecessor-version":[{"id":6769,"href":"https:\/\/blogsaverroes.juntadeandalucia.es\/iescastillodetempul\/wp-json\/wp\/v2\/pages\/6615\/revisions\/6769"}],"wp:attachment":[{"href":"https:\/\/blogsaverroes.juntadeandalucia.es\/iescastillodetempul\/wp-json\/wp\/v2\/media?parent=6615"}],"curies":[{"name":"wp","href":"https:\/\/api.w.org\/{rel}","templated":true}]}}

DÍA DEL LIBRO 2024

<div class="entry-content">
<p class="has-text-align-left">Cada 23 de abril se celebra el día mundial del libro y del derecho de autor. Este curso, hemos conmemorado esta fecha con diferentes actividades en todos los niveles y desde varios departamentos y proyectos de centro. Te mostramos aquí en forma de imágenes, vídeos y descarga de documentos, las diversas actividades realizadas.</p>
<ul>
<li><strong>&nbsp;BookCrossing entre los alumnos y profesorado del centro.&nbsp;</strong> BookCrossing&nbsp;es la práctica de dejar libros en lugares públicos para que los recojan otros lectores, que después harán lo mismo. La idea es liberar libros «en la jungla» para que sean encontrados por otras personas.</li>
</ul>
<p><a href="https://blogsaverroes.juntadeandalucia.es/iescastillodetempul/files/2024/05/1a2f70c4-4580-4d25-bbf8-d6cf0bab97d1-1.jpeg"><img loading="lazy" decoding="async" class="aligncenter size-medium wp-image-6717" src="https://blogsaverroes.juntadeandalucia.es/iescastillodetempul/files/2024/05/1a2f70c4-4580-4d25-bbf8-d6cf0bab97d1-1-1024x768.jpeg" alt="" width="1024" height="768" srcset="https://blogsaverroes.juntadeandalucia.es/iescastillodetempul/files/2024/05/1a2f70c4-4580-4d25-bbf8-d6cf0bab97d1-1-1024x768.jpeg 1024w, https://blogsaverroes.juntadeandalucia.es/iescastillodetempul/files/2024/05/1a2f70c4-4580-4d25-bbf8-d6cf0bab97d1-1-768x576.jpeg 768w, https://blogsaverroes.juntadeandalucia.es/iescastillodetempul/files/2024/05/1a2f70c4-4580-4d25-bbf8-d6cf0bab97d1-1-1536x1152.jpeg 1536w, https://blogsaverroes.juntadeandalucia.es/iescastillodetempul/files/2024/05/1a2f70c4-4580-4d25-bbf8-d6cf0bab97d1-1-700x525.jpeg 700w, https://blogsaverroes.juntadeandalucia.es/iescastillodetempul/files/2024/05/1a2f70c4-4580-4d25-bbf8-d6cf0bab97d1-1.jpeg 1600w" sizes="(max-width: 1024px) 100vw, 1024px" /></a></p>
<p>&nbsp;</p>
<p>&nbsp;</p>
<ul>
<li><strong>Reseñas literaria de libros que les han gustado a los alumnos. Sembrado el pueblo de reseñas.</strong></li>
</ul>
<p>Reseña de una alumna del instituto IES Castillo de Tempul entre las mejores del concurso&nbsp; Mi libro favorito de la fundación Lara.</p>
<p><a href="https://blogsaverroes.juntadeandalucia.es/iescastillodetempul/mi-libro-preferido/"><img loading="lazy" decoding="async" class="wp-image-6686 alignleft" src="https://blogsaverroes.juntadeandalucia.es/iescastillodetempul/files/2024/05/logo-andalucia-ceuta-melilla.png" alt="" width="67" height="74"></a></p>
<p>&nbsp;</p>
<ul>
<li><strong>Concurso de tartas literarias.</strong></li>
</ul>
<p><a href="https://blogsaverroes.juntadeandalucia.es/iescastillodetempul/files/2024/05/fe38d550-6109-4a70-9d47-94ec172b12bb.jpeg"><img loading="lazy" decoding="async" class="aligncenter size-medium wp-image-6622" src="https://blogsaverroes.juntadeandalucia.es/iescastillodetempul/files/2024/05/fe38d550-6109-4a70-9d47-94ec172b12bb-576x1024.jpeg" alt="" width="576" height="1024" srcset="https://blogsaverroes.juntadeandalucia.es/iescastillodetempul/files/2024/05/fe38d550-6109-4a70-9d47-94ec172b12bb-576x1024.jpeg 576w, https://blogsaverroes.juntadeandalucia.es/iescastillodetempul/files/2024/05/fe38d550-6109-4a70-9d47-94ec172b12bb-768x1365.jpeg 768w, https://blogsaverroes.juntadeandalucia.es/iescastillodetempul/files/2024/05/fe38d550-6109-4a70-9d47-94ec172b12bb-864x1536.jpeg 864w, https://blogsaverroes.juntadeandalucia.es/iescastillodetempul/files/2024/05/fe38d550-6109-4a70-9d47-94ec172b12bb-700x1244.jpeg 700w, https://blogsaverroes.juntadeandalucia.es/iescastillodetempul/files/2024/05/fe38d550-6109-4a70-9d47-94ec172b12bb.jpeg 900w" sizes="(max-width: 576px) 100vw, 576px" /></a></p>
<div class="entry-content">
<p><strong>1<sup><span style="text-decoration: underline">er</span></sup> premio</strong></p>
<p>Alejandro Gil</p>
<p>por <strong>«El Lazarillo»</strong>.</p>
</div>
<p><a href="https://blogsaverroes.juntadeandalucia.es/iescastillodetempul/files/2024/05/6b4021a1-a83e-4283-a7ca-357f98b4f5e9.jpeg"><img loading="lazy" decoding="async" class="aligncenter size-medium wp-image-6623" src="https://blogsaverroes.juntadeandalucia.es/iescastillodetempul/files/2024/05/6b4021a1-a83e-4283-a7ca-357f98b4f5e9-1024x768.jpeg" alt="" width="1024" height="768" srcset="https://blogsaverroes.juntadeandalucia.es/iescastillodetempul/files/2024/05/6b4021a1-a83e-4283-a7ca-357f98b4f5e9-1024x768.jpeg 1024w, https://blogsaverroes.juntadeandalucia.es/iescastillodetempul/files/2024/05/6b4021a1-a83e-4283-a7ca-357f98b4f5e9-768x576.jpeg 768w, https://blogsaverroes.juntadeandalucia.es/iescastillodetempul/files/2024/05/6b4021a1-a83e-4283-a7ca-357f98b4f5e9-1536x1152.jpeg 1536w, https://blogsaverroes.juntadeandalucia.es/iescastillodetempul/files/2024/05/6b4021a1-a83e-4283-a7ca-357f98b4f5e9-700x525.jpeg 700w, https://blogsaverroes.juntadeandalucia.es/iescastillodetempul/files/2024/05/6b4021a1-a83e-4283-a7ca-357f98b4f5e9.jpeg 1600w" sizes="(max-width: 1024px) 100vw, 1024px" /></a></p>
<ul>
<li><strong>2<sup><span style="text-decoration: underline">o</span></sup> premio</strong></li>
</ul>
<p>Miranda Sánchez<br />
Lola Soto<br />
Rubén Rosado</p>
</div>
<div class="entry-content">por <strong>«Mulan»</strong>.</div>
<div><a href="https://blogsaverroes.juntadeandalucia.es/iescastillodetempul/files/2024/05/fd15606e-f198-4550-baa2-d20efdb2b5b4.jpeg"><img loading="lazy" decoding="async" class="aligncenter size-medium wp-image-6625" src="https://blogsaverroes.juntadeandalucia.es/iescastillodetempul/files/2024/05/fd15606e-f198-4550-baa2-d20efdb2b5b4-768x1024.jpeg" alt="" width="768" height="1024" srcset="https://blogsaverroes.juntadeandalucia.es/iescastillodetempul/files/2024/05/fd15606e-f198-4550-baa2-d20efdb2b5b4-768x1024.jpeg 768w, https://blogsaverroes.juntadeandalucia.es/iescastillodetempul/files/2024/05/fd15606e-f198-4550-baa2-d20efdb2b5b4-1152x1536.jpeg 1152w, https://blogsaverroes.juntadeandalucia.es/iescastillodetempul/files/2024/05/fd15606e-f198-4550-baa2-d20efdb2b5b4-700x933.jpeg 700w, https://blogsaverroes.juntadeandalucia.es/iescastillodetempul/files/2024/05/fd15606e-f198-4550-baa2-d20efdb2b5b4.jpeg 1200w" sizes="(max-width: 768px) 100vw, 768px" /></a></div>
<div class="entry-content">
<ul>
<li><strong>3<sup>er</sup> premio</strong></li>
</ul>
<p>Macarena Vargas<br />
Évolet Moreno<br />
Pablo Ángulo</p>
<p><a href="https://blogsaverroes.juntadeandalucia.es/iescastillodetempul/files/2024/05/300612de-d15b-41c7-861b-a3308d52183f.jpeg"><img loading="lazy" decoding="async" class="aligncenter size-medium wp-image-6627" src="https://blogsaverroes.juntadeandalucia.es/iescastillodetempul/files/2024/05/300612de-d15b-41c7-861b-a3308d52183f-768x1024.jpeg" alt="" width="768" height="1024" srcset="https://blogsaverroes.juntadeandalucia.es/iescastillodetempul/files/2024/05/300612de-d15b-41c7-861b-a3308d52183f-768x1024.jpeg 768w, https://blogsaverroes.juntadeandalucia.es/iescastillodetempul/files/2024/05/300612de-d15b-41c7-861b-a3308d52183f-1152x1536.jpeg 1152w, https://blogsaverroes.juntadeandalucia.es/iescastillodetempul/files/2024/05/300612de-d15b-41c7-861b-a3308d52183f-700x933.jpeg 700w, https://blogsaverroes.juntadeandalucia.es/iescastillodetempul/files/2024/05/300612de-d15b-41c7-861b-a3308d52183f.jpeg 1200w" sizes="(max-width: 768px) 100vw, 768px" /></a></p>
<div>
<ul>
<li><strong>Premio a la mejor presentación literaria<br />
</strong></li>
</ul>
<p>Judith Muñoz<br />
Paula Ortega<br />
Rocío Montero<br />
Sara Gómez</p>
<p>por <strong>«El Quijote»</strong>.</p>
<p><a href="https://blogsaverroes.juntadeandalucia.es/iescastillodetempul/files/2024/05/d71ae031-d971-4641-bd55-1aceec11a474.jpeg"><img loading="lazy" decoding="async" class="aligncenter size-medium wp-image-6630" src="https://blogsaverroes.juntadeandalucia.es/iescastillodetempul/files/2024/05/d71ae031-d971-4641-bd55-1aceec11a474-768x1024.jpeg" alt="" width="768" height="1024" srcset="https://blogsaverroes.juntadeandalucia.es/iescastillodetempul/files/2024/05/d71ae031-d971-4641-bd55-1aceec11a474-768x1024.jpeg 768w, https://blogsaverroes.juntadeandalucia.es/iescastillodetempul/files/2024/05/d71ae031-d971-4641-bd55-1aceec11a474-1152x1536.jpeg 1152w, https://blogsaverroes.juntadeandalucia.es/iescastillodetempul/files/2024/05/d71ae031-d971-4641-bd55-1aceec11a474-700x933.jpeg 700w, https://blogsaverroes.juntadeandalucia.es/iescastillodetempul/files/2024/05/d71ae031-d971-4641-bd55-1aceec11a474.jpeg 1200w" sizes="(max-width: 768px) 100vw, 768px" /></a></p>
</div>
<div class="entry-content">
<ul>
<li><strong>Premio a la tarta más creativa<br />
</strong></li>
</ul>
<p>Maria del Mar León<br />
Carla Rojas<br />
Celia Gómez<br />
Manuel J, Rodríguez<br />
Antonio Sánchez</p>
<p>por <strong>«Harry Potter»</strong>.<a href="https://blogsaverroes.juntadeandalucia.es/iescastillodetempul/files/2024/05/1069e64f-f5e5-411f-87c8-1fc897beffa4.jpeg"><img loading="lazy" decoding="async" class="aligncenter size-medium wp-image-6633" src="https://blogsaverroes.juntadeandalucia.es/iescastillodetempul/files/2024/05/1069e64f-f5e5-411f-87c8-1fc897beffa4-768x1024.jpeg" alt="" width="768" height="1024" srcset="https://blogsaverroes.juntadeandalucia.es/iescastillodetempul/files/2024/05/1069e64f-f5e5-411f-87c8-1fc897beffa4-768x1024.jpeg 768w, https://blogsaverroes.juntadeandalucia.es/iescastillodetempul/files/2024/05/1069e64f-f5e5-411f-87c8-1fc897beffa4-1152x1536.jpeg 1152w, https://blogsaverroes.juntadeandalucia.es/iescastillodetempul/files/2024/05/1069e64f-f5e5-411f-87c8-1fc897beffa4-700x933.jpeg 700w, https://blogsaverroes.juntadeandalucia.es/iescastillodetempul/files/2024/05/1069e64f-f5e5-411f-87c8-1fc897beffa4.jpeg 1200w" sizes="(max-width: 768px) 100vw, 768px" /></a></p>
</div>
ngg_shortcode_0_placeholder
<ul>
<li><strong>Concurso de puertas literarias.</strong></li>
</ul>
</div>

<p>Cada 23 de abril se celebra el día mundial del libro y del derecho de autor. Este curso, hemos conmemorado esta fecha con diferentes actividades en todos los niveles y desde varios departamentos y&#46;&#46;&#46;</p>
