{"id":6681,"date":"2024-05-27T07:39:27","date_gmt":"2024-05-27T07:39:27","guid":{"rendered":"https:\/\/blogsaverroes.juntadeandalucia.es\/iescastillodetempul\/?page_id=6681"},"modified":"2024-05-27T10:17:49","modified_gmt":"2024-05-27T10:17:49","slug":"mi-libro-preferido","status":"publish","type":"page","link":"https:\/\/blogsaverroes.juntadeandalucia.es\/iescastillodetempul\/mi-libro-preferido\/","title":{"rendered":"Mi libro preferido"},"content":{"rendered":"<p>Concurso para el fomento de la lectura y la escritura<\/p>\n<p><img decoding=\"async\" src=\"image\/svg+xml;base64,PD94bWwgdmVyc2lvbj0iMS4wIiBlbmNvZGluZz0iVVRGLTgiPz4KPHN2ZyB4bWxucz0iaHR0cDovL3d3dy53My5vcmcvMjAwMC9zdmciIGlkPSJhIiB2aWV3Qm94PSIwIDAgNjI5LjI5IDMxMS44MSI+CiAgPGRlZnM+CiAgICA8c3R5bGU+LmJ7ZmlsbDojZmZmO30uY3tmaWxsOm5vbmU7ZmlsbC1ydWxlOmV2ZW5vZGQ7c3Ryb2tlOiNmZmY7c3Ryb2tlLWxpbmVjYXA6cm91bmQ7c3Ryb2tlLWxpbmVqb2luOnJvdW5kO3N0cm9rZS13aWR0aDozLjVweDt9PC9zdHlsZT4KICA8L2RlZnM+CiAgPGc+CiAgICA8cGF0aCBjbGFzcz0iYiIgZD0iTTIzMS40OCwyNzAuMDR2MTQuNjZoNS43NHYxLjc0aC03Ljg4di0xNi40aDIuMTRaIj48L3BhdGg+CiAgICA8cGF0aCBjbGFzcz0iYiIgZD0iTTI0OC4zMSwyNzEuNzhoLTYuNjh2NS40OGg1Ljk3djEuNzZoLTUuOTd2NS42NWg2LjY4djEuNzZoLTguODJ2LTE2LjQyaDguODJ2MS43NloiPjwvcGF0aD4KICAgIDxwYXRoIGNsYXNzPSJiIiBkPSJNMjYwLjM3LDI3MS43OGgtNi42OHY1LjQ4aDUuOTd2MS43NmgtNS45N3Y1LjY1aDYuNjh2MS43NmgtOC44MnYtMTYuNDJoOC44MnYxLjc2WiI+PC9wYXRoPgogICAgPHBhdGggY2xhc3M9ImIiIGQ9Ik0yNjguOTEsMjcwLjA0YzMuODYsMCw1LjY5LDIuMTQsNS42OSw0LjgyLDAsMi4wOS0xLjE1LDQuMDktMy45LDQuNzFsNC4xMSw2Ljg3aC0yLjU2bC0zLjktNi43MWgtMi41OXY2LjcxaC0yLjE0di0xNi40aDUuMjlabTAsMS43NmgtMy4xNXY2LjIxaDMuMTVjMi40MiwwLDMuNDgtMS4zMiwzLjQ4LTMuMTVzLTEuMDMtMy4wNi0zLjQ4LTMuMDZaIj48L3BhdGg+CiAgICA8cGF0aCBjbGFzcz0iYiIgZD0iTTI3OC41OSwyODYuNThjLS44MiwwLTEuNDYtLjY0LTEuNDYtMS40NnMuNjQtMS40NiwxLjQ2LTEuNDZjLjc4LDAsMS40MSwuNjMsMS40MSwxLjQ2cy0uNjMsMS40Ni0xLjQxLDEuNDZaIj48L3BhdGg+CiAgICA8cGF0aCBjbGFzcz0iYiIgZD0iTTI5Ni41LDI2OS44M2MzLjU1LDAsNi4zNywxLjc5LDcuNTksNC45NmgtMi41NmMtLjg5LTEuOTgtMi42My0zLjA4LTUuMDMtMy4wOC0zLjQzLDAtNiwyLjQ5LTYsNi41MnMyLjU2LDYuNDksNiw2LjQ5YzIuNCwwLDQuMTQtMS4xMSw1LjAzLTMuMDZoMi41NmMtMS4yMiwzLjE1LTQuMDQsNC45Mi03LjU5LDQuOTItNC41OSwwLTguMTgtMy40NC04LjE4LTguMzVzMy42LTguNCw4LjE4LTguNFoiPjwvcGF0aD4KICAgIDxwYXRoIGNsYXNzPSJiIiBkPSJNMzE0LjcsMjg2LjYxYy00LjYxLDAtOC4yMy0zLjQ2LTguMjMtOC4zOHMzLjYyLTguMzgsOC4yMy04LjM4LDguMjMsMy40Niw4LjIzLDguMzgtMy42LDguMzgtOC4yMyw4LjM4Wm0wLTEuODZjMy40NiwwLDYuMDQtMi41Miw2LjA0LTYuNTJzLTIuNTktNi41Mi02LjA0LTYuNTItNi4wNCwyLjQ5LTYuMDQsNi41MiwyLjU5LDYuNTIsNi4wNCw2LjUyWiI+PC9wYXRoPgogICAgPHBhdGggY2xhc3M9ImIiIGQ9Ik0zMjUuNzQsMjcwLjE2aDIuM2w2LjAyLDEzLjQ2LDYuMDItMTMuNDZoMi4yOHYxNi4yOGgtMi4xNHYtMTIuMTRsLTUuNDEsMTIuMTRoLTEuNWwtNS40My0xMi4xNnYxMi4xNmgtMi4xNHYtMTYuMjhaIj48L3BhdGg+CiAgICA8cGF0aCBjbGFzcz0iYiIgZD0iTTM1MS4yNywyNzkuNmgtMy4xNXY2Ljg1aC0yLjE0di0xNi40aDUuMjljMy44NiwwLDUuNjcsMi4xMiw1LjY3LDQuOCwwLDIuNDktMS42LDQuNzUtNS42Nyw0Ljc1Wm0wLTEuNzZjMi40NSwwLDMuNDgtMS4xNSwzLjQ4LTIuOTlzLTEuMDMtMy4wNC0zLjQ4LTMuMDRoLTMuMTV2Ni4wMmgzLjE1WiI+PC9wYXRoPgogICAgPHBhdGggY2xhc3M9ImIiIGQ9Ik0zNjQuODgsMjcwLjA0YzMuODYsMCw1LjY5LDIuMTQsNS42OSw0LjgyLDAsMi4wOS0xLjE1LDQuMDktMy45LDQuNzFsNC4xMSw2Ljg3aC0yLjU2bC0zLjktNi43MWgtMi41OXY2LjcxaC0yLjE0di0xNi40aDUuMjlabTAsMS43NmgtMy4xNXY2LjIxaDMuMTVjMi40MiwwLDMuNDgtMS4zMiwzLjQ4LTMuMTVzLTEuMDMtMy4wNi0zLjQ4LTMuMDZaIj48L3BhdGg+CiAgICA8cGF0aCBjbGFzcz0iYiIgZD0iTTM4Mi43LDI3MS43OGgtNi42OHY1LjQ4aDUuOTd2MS43NmgtNS45N3Y1LjY1aDYuNjh2MS43NmgtOC44MnYtMTYuNDJoOC44MnYxLjc2WiI+PC9wYXRoPgogICAgPHBhdGggY2xhc3M9ImIiIGQ9Ik0zOTguODMsMjcwLjAydjE2LjQyaC0yLjE0bC04LjYxLTEzLjA2djEzLjA2aC0yLjE0di0xNi40MmgyLjE0bDguNjEsMTMuMDN2LTEzLjAzaDIuMTRaIj48L3BhdGg+CiAgICA8cGF0aCBjbGFzcz0iYiIgZD0iTTQxNi4yNywyNzguMjhjMCw1LjA4LTMuMzIsOC4xNy04LjcsOC4xN2gtNS4xdi0xNi40aDUuMWM1LjM4LDAsOC43LDMuMTUsOC43LDguMjNabS04LjcsNi40YzQuMjgsMCw2LjUxLTIuNCw2LjUxLTYuNHMtMi4yMy02LjQ5LTYuNTEtNi40OWgtMi45NnYxMi44OWgyLjk2WiI+PC9wYXRoPgogICAgPHBhdGggY2xhc3M9ImIiIGQ9Ik00MjcuOTEsMjcxLjc4aC02LjY4djUuNDhoNS45N3YxLjc2aC01Ljk3djUuNjVoNi42OHYxLjc2aC04Ljgydi0xNi40Mmg4LjgydjEuNzZaIj48L3BhdGg+CiAgICA8cGF0aCBjbGFzcz0iYiIgZD0iTTQzNi40NCwyNzAuMDRjMy44NiwwLDUuNjksMi4xNCw1LjY5LDQuODIsMCwyLjA5LTEuMTUsNC4wOS0zLjksNC43MWw0LjExLDYuODdoLTIuNTZsLTMuOS02LjcxaC0yLjU5djYuNzFoLTIuMTR2LTE2LjRoNS4yOVptMCwxLjc2aC0zLjE1djYuMjFoMy4xNWMyLjQyLDAsMy40OC0xLjMyLDMuNDgtMy4xNXMtMS4wMy0zLjA2LTMuNDgtMy4wNloiPjwvcGF0aD4KICAgIDxwYXRoIGNsYXNzPSJiIiBkPSJNNDQ2LjEyLDI4Ni41OGMtLjgyLDAtMS40Ni0uNjQtMS40Ni0xLjQ2cy42NC0xLjQ2LDEuNDYtMS40NmMuNzgsMCwxLjQxLC42MywxLjQxLDEuNDZzLS42MywxLjQ2LTEuNDEsMS40NloiPjwvcGF0aD4KICAgIDxwYXRoIGNsYXNzPSJiIiBkPSJNNDU1LjY0LDI3MC4wNGgxMS4xdjEuNzRoLTQuNDd2MTQuNjZoLTIuMTR2LTE0LjY2aC00LjQ5di0xLjc0WiI+PC9wYXRoPgogICAgPHBhdGggY2xhc3M9ImIiIGQ9Ik00NzQuNjYsMjcwLjA0YzMuODYsMCw1LjY5LDIuMTQsNS42OSw0LjgyLDAsMi4wOS0xLjE1LDQuMDktMy45LDQuNzFsNC4xMSw2Ljg3aC0yLjU2bC0zLjktNi43MWgtMi41OXY2LjcxaC0yLjE0di0xNi40aDUuMjlabTAsMS43NmgtMy4xNXY2LjIxaDMuMTVjMi40MiwwLDMuNDgtMS4zMiwzLjQ4LTMuMTVzLTEuMDMtMy4wNi0zLjQ4LTMuMDZaIj48L3BhdGg+CiAgICA8cGF0aCBjbGFzcz0iYiIgZD0iTTQ5My4zNSwyODIuOGgtNy4xNWwtMS4zMiwzLjY1aC0yLjI2bDUuOTItMTYuMzFoMi40N2w1LjksMTYuMzFoLTIuMjZsLTEuMzItMy42NVptLTMuNTctMTAuMDJsLTIuOTYsOC4yOGg1LjkzbC0yLjk2LTguMjhaIj48L3BhdGg+CiAgICA8cGF0aCBjbGFzcz0iYiIgZD0iTTUxMi4zOSwyNzAuMDJ2MTYuNDJoLTIuMTRsLTguNjEtMTMuMDZ2MTMuMDZoLTIuMTR2LTE2LjQyaDIuMTRsOC42MSwxMy4wM3YtMTMuMDNoMi4xNFoiPjwvcGF0aD4KICAgIDxwYXRoIGNsYXNzPSJiIiBkPSJNNTIxLjIzLDI4Ni42MWMtMy4yOSwwLTUuNjItMS44NC01LjY3LTQuNTRoMi4yOGMuMTQsMS4zNiwxLjExLDIuNzMsMy4zOSwyLjczLDIuMDcsMCwzLjI5LTEuMTgsMy4yOS0yLjczLDAtNC40Mi04Ljg2LTEuNi04Ljg2LTcuNjksMC0yLjcxLDIuMTktNC41NCw1LjQzLTQuNTRzNS4xNywxLjcyLDUuNDMsNC4yMWgtMi4zNWMtLjE0LTEuMTEtMS4xOC0yLjM1LTMuMTctMi4zOC0xLjc2LS4wNS0zLjE1LC44Ny0zLjE1LDIuNjQsMCw0LjIzLDguODQsMS42LDguODQsNy42NywwLDIuMzMtMS45LDQuNjQtNS40Niw0LjY0WiI+PC9wYXRoPgogICAgPHBhdGggY2xhc3M9ImIiIGQ9Ik01MjkuODMsMjcwLjA0aDkuMjZ2MS43NGgtNy4xMnY1LjUzaDUuNzh2MS43NGgtNS43OHY3LjM5aC0yLjE0di0xNi40WiI+PC9wYXRoPgogICAgPHBhdGggY2xhc3M9ImIiIGQ9Ik01NDkuMTEsMjg2LjYxYy00LjYxLDAtOC4yMy0zLjQ2LTguMjMtOC4zOHMzLjYyLTguMzgsOC4yMy04LjM4LDguMjMsMy40Niw4LjIzLDguMzgtMy42LDguMzgtOC4yMyw4LjM4Wm0wLTEuODZjMy40NiwwLDYuMDQtMi41Miw2LjA0LTYuNTJzLTIuNTktNi41Mi02LjA0LTYuNTItNi4wNCwyLjQ5LTYuMDQsNi41MiwyLjU5LDYuNTIsNi4wNCw2LjUyWiI+PC9wYXRoPgogICAgPHBhdGggY2xhc3M9ImIiIGQ9Ik01NjUuNDQsMjcwLjA0YzMuODYsMCw1LjY5LDIuMTQsNS42OSw0LjgyLDAsMi4wOS0xLjE1LDQuMDktMy45LDQuNzFsNC4xMSw2Ljg3aC0yLjU2bC0zLjktNi43MWgtMi41OXY2LjcxaC0yLjE0di0xNi40aDUuMjlabTAsMS43NmgtMy4xNXY2LjIxaDMuMTVjMi40MiwwLDMuNDgtMS4zMiwzLjQ4LTMuMTVzLTEuMDMtMy4wNi0zLjQ4LTMuMDZaIj48L3BhdGg+CiAgICA8cGF0aCBjbGFzcz0iYiIgZD0iTTU3NC40NCwyNzAuMTZoMi4zbDYuMDIsMTMuNDYsNi4wMi0xMy40NmgyLjI4djE2LjI4aC0yLjE0di0xMi4xNGwtNS40MSwxMi4xNGgtMS41bC01LjQzLTEyLjE2djEyLjE2aC0yLjE0di0xNi4yOFoiPjwvcGF0aD4KICAgIDxwYXRoIGNsYXNzPSJiIiBkPSJNNjA0LjM3LDI4Mi44aC03LjE1bC0xLjMyLDMuNjVoLTIuMjZsNS45Mi0xNi4zMWgyLjQ3bDUuOSwxNi4zMWgtMi4yNmwtMS4zMi0zLjY1Wm0tMy41Ny0xMC4wMmwtMi45Niw4LjI4aDUuOTNsLTIuOTYtOC4yOFoiPjwvcGF0aD4KICAgIDxwYXRoIGNsYXNzPSJiIiBkPSJNNjE1LjgyLDI3MC4wNGMzLjg2LDAsNS42OSwyLjE0LDUuNjksNC44MiwwLDIuMDktMS4xNSw0LjA5LTMuOSw0LjcxbDQuMTEsNi44N2gtMi41NmwtMy45LTYuNzFoLTIuNTl2Ni43MWgtMi4xNHYtMTYuNGg1LjI5Wm0wLDEuNzZoLTMuMTV2Ni4yMWgzLjE1YzIuNDIsMCwzLjQ4LTEuMzIsMy40OC0zLjE1cy0xLjAzLTMuMDYtMy40OC0zLjA2WiI+PC9wYXRoPgogICAgPHBhdGggY2xhc3M9ImIiIGQ9Ik02MjUuNSwyODYuNThjLS44MiwwLTEuNDYtLjY0LTEuNDYtMS40NnMuNjQtMS40NiwxLjQ2LTEuNDZjLjc4LDAsMS40MSwuNjMsMS40MSwxLjQ2cy0uNjMsMS40Ni0xLjQxLDEuNDZaIj48L3BhdGg+CiAgPC9nPgogIDxnPgogICAgPHBhdGggY2xhc3M9ImIiIGQ9Ik0yMzIuMDMsMjExLjFoNy41NXYtMTAuNTRoMi42NnYxMC41NGgxMC41MnYyLjgzaC0yMy4zOHYtMTYuMzVoMi42NnYxMy41MloiPjwvcGF0aD4KICAgIDxwYXRoIGNsYXNzPSJiIiBkPSJNMjQ0LjA0LDE3NC4yNmM2LjAyLDAsOS4wNywzLjI1LDkuMDcsOS4xN3MtMy4wNSw5LjE2LTkuMDcsOS4xNmgtMTQuNjd2LTIuODNoMTMuOTZjNC44OSwwLDcuMTItMS45OCw3LjEyLTYuMzNzLTIuMjMtNi4zMy03LjEyLTYuMzNoLTEzLjk2di0yLjgzaDE0LjY3WiI+PC9wYXRoPgogICAgPHBhdGggY2xhc3M9ImIiIGQ9Ik0yNTIuNzUsMTQ5LjU5djMuNWwtMTUuNjYsOS43Ny00LjYxLDIuNDh2LjA0bDMuNzYtLjE0aDE2LjUxdjIuNjloLTIzLjM4di0zLjVsMTUuNTktOS43Myw0LjY4LTIuNTF2LS4wNGwtMy43NiwuMTRoLTE2LjUxdi0yLjY5aDIzLjM4WiI+PC9wYXRoPgogICAgPHBhdGggY2xhc3M9ImIiIGQ9Ik0yNDEuMDYsMTI0LjA4YzcuNTEsMCwxMS42OSw0LjQyLDExLjY5LDExLjc1djcuNTRoLTIzLjM4di03LjU0YzAtNy4zMyw0LjE4LTExLjc1LDExLjY5LTExLjc1Wm0wLDIuOTdjLTUuNjcsMC05LjAzLDMuMTUtOS4wMyw4LjQ5djQuOTloMTguMDd2LTQuOTljMC01LjM0LTMuMzctOC40OS05LjA0LTguNDlaIj48L3BhdGg+CiAgICA8cGF0aCBjbGFzcz0iYiIgZD0iTTI0Ni4yNywxMDUuNzh2MTAuNThsNi40OCwyLjQ4djIuOTdsLTIzLjM4LTkuMDl2LTMuMzZsMjMuMzgtOS4wNnYzLjAxbC02LjQ4LDIuNDhabS0yLjY2LDEuMDNsLTguMjksMy4xNS0zLjI2LDEuMXYuMDdsMy4xNSwxLjAzLDguNCwzLjE4di04LjUzWiI+PC9wYXRoPgogICAgPHBhdGggY2xhc3M9ImIiIGQ9Ik0yNTMuMTEsODYuODRjMCw2LjY1LTQuNjQsMTAuODMtMTIuMDUsMTAuODNzLTEyLjA1LTQuMjUtMTIuMDUtMTAuNzZjMC00LjUzLDEuOTEtNy41Nyw1LjQ2LTkuMDZsMS4zMSwyLjc5Yy0yLjY5LDEuMDMtNC4xMSwyLjk0LTQuMTEsNi4wNSwwLDQuNzgsMy40Nyw4LDkuMzksOHM5LjM5LTMuMDEsOS4zOS03Ljg2YzAtMy4xMS0xLjU5LTUuNTUtNC43NS02LjU4bDEuMDYtMi44M2M0LDEuNDksNi4zNCw1LjAyLDYuMzQsOS40MVoiPjwvcGF0aD4KICAgIDxwYXRoIGNsYXNzPSJiIiBkPSJNMjUyLjc1LDY5LjE1djIuODNoLTIzLjM4di0yLjgzaDIzLjM4WiI+PC9wYXRoPgogICAgPHBhdGggY2xhc3M9ImIiIGQ9Ik0yMjAuNzksNDkuMDFsNS42MywzLjA0djIuMjZsLTUuNjMtMi4zM3YtMi45N1ptMjAuMjctNy4wNGM3LjQxLDAsMTIuMDUsNC4xNywxMi4wNSwxMC44M3MtNC42NCwxMC44My0xMi4wNSwxMC44My0xMi4wNS00LjE4LTEyLjA1LTEwLjgzLDQuNjQtMTAuODMsMTIuMDUtMTAuODNabTAsMTguNjhjNS44OCwwLDkuMzktMy4wMSw5LjM5LTcuODZzLTMuNTEtNy44Ni05LjM5LTcuODYtOS4zOSwzLjAxLTkuMzksNy44NiwzLjUxLDcuODYsOS4zOSw3Ljg2WiI+PC9wYXRoPgogICAgPHBhdGggY2xhc3M9ImIiIGQ9Ik0yNTIuNzUsMTcuNDF2My41bC0xNS42Niw5Ljc3LTQuNjEsMi40OHYuMDRsMy43Ni0uMTRoMTYuNTF2Mi42OWgtMjMuMzh2LTMuNWwxNS41OS05LjczLDQuNjgtMi41MXYtLjA0bC0zLjc2LC4xNGgtMTYuNTF2LTIuNjloMjMuMzhaIj48L3BhdGg+CiAgPC9nPgogIDxnPgogICAgPGc+CiAgICAgIDxwYXRoIGNsYXNzPSJiIiBkPSJNMjk5Ljg0LDE5LjI2aDExLjA2VjU3LjY2YzAsMTAuODEtNi45LDE2Ljg1LTE3LjAyLDE2Ljg1cy0xNy40OS02LjE5LTE3LjQ5LTE3LjI0aDEwLjk4Yy4wOCw0LjYyLDIuMiw3LjQ0LDYuMzUsNy40NHM2LjEyLTIuNzQsNi4xMi03LjA1VjE5LjI2WiI+PC9wYXRoPgogICAgICA8cGF0aCBjbGFzcz0iYiIgZD0iTTM0NC4zOCw3NC41Yy0xNS40NSwwLTI4LjA3LTExLjYtMjguMDctMjguMDVzMTIuNjItMjcuOTcsMjguMDctMjcuOTcsMjcuOTksMTEuNiwyNy45OSwyNy45Ny0xMi40NywyOC4wNS0yNy45OSwyOC4wNVptMC05Ljc5YzkuODgsMCwxNi43LTcuMTMsMTYuNy0xOC4yNnMtNi44Mi0xOC4xLTE2LjctMTguMS0xNi43OCw2Ljk3LTE2Ljc4LDE4LjEsNi44MiwxOC4yNiwxNi43OCwxOC4yNloiPjwvcGF0aD4KICAgICAgPHBhdGggY2xhc3M9ImIiIGQ9Ik0zOTQuNzIsNzQuNWMtMTEuMzcsMC0yMC4xNS01Ljk2LTIwLjMxLTE2LjNoMTEuNzZjLjMxLDQuMzksMy4yMSw3LjI5LDguMzEsNy4yOXM4LjIzLTIuNzQsOC4yMy02LjY2YzAtMTEuODMtMjguMjMtNC43LTI4LjE1LTI0LjUzLDAtOS44Nyw4LTE1LjgzLDE5LjI5LTE1LjgzczE4LjksNS43MiwxOS42LDE1LjU5aC0xMi4wOGMtLjI0LTMuNi0zLjE0LTYuNDMtNy44NC02LjUtNC4zMS0uMTYtNy41MywxLjk2LTcuNTMsNi40MiwwLDEwLjk3LDI4LjA3LDQuODYsMjguMDcsMjQuMTMsMCw4LjYyLTYuOSwxNi4zOC0xOS4zNywxNi4zOFoiPjwvcGF0aD4KICAgICAgPHBhdGggY2xhc3M9ImIiIGQ9Ik00NTAuNjQsMjguMTJoLTIwLjc4djEzLjcxaDE4LjQzdjguN2gtMTguNDN2MTQuNWgyMC43OHY4LjkzaC0zMS43NlYxOS4xOGgzMS43NnY4LjkzWiI+PC9wYXRoPgogICAgICA8cGF0aCBjbGFzcz0iYiIgZD0iTTI3OC45OCw4OS4yNmgxMi40N2wxNy40MSw0MC42NywxNy40MS00MC42N2gxMi4zOXY1NC42OWgtMTAuOTh2LTM1LjU3bC0xNC42NiwzNS41N2gtOC4zMWwtMTQuNzQtMzUuNTd2MzUuNTdoLTEwLjk4di01NC42OVoiPjwvcGF0aD4KICAgICAgPHBhdGggY2xhc3M9ImIiIGQ9Ik0zNzkuOSwxMzMuNTNoLTIxLjhsLTMuNjEsMTAuNDJoLTExLjUzbDE5LjY4LTU0Ljc3aDEyLjc4bDE5LjY4LDU0Ljc3aC0xMS42MWwtMy42MS0xMC40MlptLTEwLjktMzEuNjZsLTcuOTIsMjIuODhoMTUuODRsLTcuOTItMjIuODhaIj48L3BhdGg+CiAgICAgIDxwYXRoIGNsYXNzPSJiIiBkPSJNNDQ2LjE3LDg5LjE4djU0Ljc3aC0xMC45OGwtMjQuODYtMzcuNTN2MzcuNTNoLTEwLjk4di01NC43N2gxMC45OGwyNC44NiwzNy42MXYtMzcuNjFoMTAuOThaIj48L3BhdGg+CiAgICAgIDxwYXRoIGNsYXNzPSJiIiBkPSJNNDUxLjM0LDg5LjI2aDEwLjk4djMzLjg1YzAsNy41Miw0LjA4LDExLjQ0LDExLjA2LDExLjQ0czExLjEzLTMuOTIsMTEuMTMtMTEuNDR2LTMzLjg1aDExLjA2djMzLjc3YzAsMTQuNDItMTAuMzUsMjEuNDctMjIuMzUsMjEuNDdzLTIxLjg4LTcuMDUtMjEuODgtMjEuNDd2LTMzLjc3WiI+PC9wYXRoPgogICAgICA8cGF0aCBjbGFzcz0iYiIgZD0iTTUzMi40Myw5OC4xMmgtMjAuNzh2MTMuNzFoMTguNDN2OC43aC0xOC40M3YxNC41aDIwLjc4djguOTNoLTMxLjc2di01NC43N2gzMS43NnY4LjkzWiI+PC9wYXRoPgogICAgICA8cGF0aCBjbGFzcz0iYiIgZD0iTTU0OC42Niw4OS4yNnY0NS45OWgxOC4wNHY4LjdoLTI5LjAxdi01NC42OWgxMC45OFoiPjwvcGF0aD4KICAgICAgPHBhdGggY2xhc3M9ImIiIGQ9Ik0yODkuOTYsMTU5LjI2djQ1Ljk5aDE4LjA0djguN2gtMjkuMDF2LTU0LjY5aDEwLjk4WiI+PC9wYXRoPgogICAgICA8cGF0aCBjbGFzcz0iYiIgZD0iTTM0Ny43NSwyMDMuNTNoLTIxLjhsLTMuNjEsMTAuNDJoLTExLjUzbDE5LjY4LTU0Ljc3aDEyLjc4bDE5LjY4LDU0Ljc3aC0xMS42MWwtMy42MS0xMC40MlptLTEwLjktMzEuNjZsLTcuOTIsMjIuODhoMTUuODRsLTcuOTItMjIuODhaIj48L3BhdGg+CiAgICAgIDxwYXRoIGNsYXNzPSJiIiBkPSJNMzg2Ljk2LDE1OS4yNmMxMy4xNywwLDE5Ljc2LDcuNiwxOS43NiwxNi43NywwLDYuNjYtMy42OSwxMy40LTEyLjQ3LDE1Ljc1bDEzLjEsMjIuMTdoLTEyLjdsLTEyLjA4LTIxLjMxaC01LjE4djIxLjMxaC0xMC45OHYtNTQuNjloMjAuNTRabS0uMzksOS4wOWgtOS4xOHYxNi4wNmg5LjE4YzYuMTIsMCw4Ljg2LTMuMjEsOC44Ni04LjE1cy0yLjc0LTcuOTEtOC44Ni03LjkxWiI+PC9wYXRoPgogICAgICA8cGF0aCBjbGFzcz0iYiIgZD0iTTQ0OC42OCwyMDMuNTNoLTIxLjhsLTMuNjEsMTAuNDJoLTExLjUzbDE5LjY4LTU0Ljc3aDEyLjc4bDE5LjY4LDU0Ljc3aC0xMS42MWwtMy42MS0xMC40MlptLTEwLjktMzEuNjZsLTcuOTIsMjIuODhoMTUuODRsLTcuOTItMjIuODhaIj48L3BhdGg+CiAgICA8L2c+CiAgICA8cGF0aCBjbGFzcz0iYiIgZD0iTTQzMi40LDE0LjUzbC0xLjU0LTUuMTljMC0uMTQsMC0uMjMsLjA2LS4zMiwuMDUtLjA5LC4xNC0uMTksLjI3LS4yM2wxNS41Ny01Ljk0aC40MmMuMDksLjA1LC4xNCwuMTUsLjE5LC4zM2wyLjQxLDguMDJjMCwuMTQsMCwuMjgtLjA1LC4zN3MtLjE5LC4xOS0uMzIsLjE5bC0xNi40NCwzLjExYy0uMzIsLjA2LS41MS0uMDQtLjU2LS4zMloiPjwvcGF0aD4KICA8L2c+CiAgPHBvbHlnb24gY2xhc3M9ImMiIHBvaW50cz0iMi44NCAxMTUuOSAyLjg0IDE4LjY3IDEwMC4wNyAxMTUuOSAyLjg0IDExNS45IDIuODQgMTE1LjkiPjwvcG9seWdvbj4KICA8cG9seWdvbiBjbGFzcz0iYyIgcG9pbnRzPSIxMDAuMDcgMTE1LjkxIDE5Ny4zMSAxOC42NyAxOTcuMzEgMTE1LjkxIDEwMC4wNyAxMTUuOTEgMTAwLjA3IDExNS45MSI+PC9wb2x5Z29uPgogIDxwYXRoIGNsYXNzPSJjIiBkPSJNODIuODksMTk1Ljk2TDIuODQsMTE1LjkxSDEwMC4wN3Y3Mi45M2gwYy02LjcxLDAtMTIuNzgsMi43Mi0xNy4xOCw3LjEyaDBaIj48L3BhdGg+CiAgPHBhdGggY2xhc3M9ImMiIGQ9Ik0xMDAuMDcsMTg4LjgzVjExNS45MWg5Ny4yNGwtODAuMDUsODAuMDVjLTQuNC00LjQtMTAuNDgtNy4xMi0xNy4xOS03LjEyaDBaIj48L3BhdGg+CiAgPHBhdGggY2xhc3M9ImMiIGQ9Ik0yLjg0LDIxMy4xNFYxMTUuOTFsODAuMDUsODAuMDVjLTQuNCw0LjQtNy4xMiwxMC40OC03LjEyLDE3LjE4SDIuODRaIj48L3BhdGg+CiAgPHBhdGggY2xhc3M9ImMiIGQ9Ik0xMTcuMjYsMTk1Ljk2bDgwLjA1LTgwLjA1djk3LjIzSDEyNC4zOGMwLTYuNzEtMi43Mi0xMi43OC03LjEyLTE3LjE4aDBaIj48L3BhdGg+CiAgPHBhdGggY2xhc3M9ImMiIGQ9Ik0xMDcuMjksMzAzLjE2bDkwLjAxLTkwLjAySDEyNC4zOGMwLDEwLjktNy4yLDIwLjEyLTE3LjA5LDIzLjJ2NjYuODJaIj48L3BhdGg+CiAgPHBhdGggY2xhc3M9ImMiIGQ9Ik05My4xMiwyMzYuNDJjLTEwLjAzLTMtMTcuMzYtMTIuMjgtMTcuMzYtMjMuMjhIMi44M2w5MC4yOCw5MC4yOXYtNjcuMDFaIj48L3BhdGg+Cjwvc3ZnPgo=\" alt=\"\"><\/p>\n<p><strong>Mi libro preferido\u2019<\/strong> es un certamen organizado por la <strong>Fundaci\u00f3n&nbsp;Jos\u00e9&nbsp;Manuel&nbsp;Lara<\/strong>. Tiene como objetivo <strong>fomentar la lectura entre los m\u00e1s j\u00f3venes<\/strong> a trav\u00e9s de la escritura de un peque\u00f1o relato o redacci\u00f3n en el que comentan cu\u00e1l es o ha sido su libro preferido.<\/p>\n<p>En la convocatoria del 2024, la alumna Carla Rojas Ruiz del IES Castillo de Tempul ha sido escogida como una de las escritoras m\u00e1s destacadas.<\/p>\n<p><a href=\"https:\/\/blogsaverroes.juntadeandalucia.es\/iescastillodetempul\/files\/2024\/05\/el-alquimista-para-WEB.png\"><img loading=\"lazy\" decoding=\"async\" class=\"aligncenter size-full wp-image-6689\" src=\"https:\/\/blogsaverroes.juntadeandalucia.es\/iescastillodetempul\/files\/2024\/05\/el-alquimista-para-WEB.png\" alt=\"\" width=\"571\" height=\"806\"><\/a><a href=\"https:\/\/blogsaverroes.juntadeandalucia.es\/iescastillodetempul\/files\/2024\/05\/IMG_8592.jpg\"><img loading=\"lazy\" decoding=\"async\" class=\"aligncenter size-medium wp-image-6688\" src=\"https:\/\/blogsaverroes.juntadeandalucia.es\/iescastillodetempul\/files\/2024\/05\/IMG_8592-768x1024.jpg\" alt=\"\" width=\"768\" height=\"1024\" srcset=\"https:\/\/blogsaverroes.juntadeandalucia.es\/iescastillodetempul\/files\/2024\/05\/IMG_8592-768x1024.jpg 768w, https:\/\/blogsaverroes.juntadeandalucia.es\/iescastillodetempul\/files\/2024\/05\/IMG_8592-1152x1536.jpg 1152w, https:\/\/blogsaverroes.juntadeandalucia.es\/iescastillodetempul\/files\/2024\/05\/IMG_8592-1536x2048.jpg 1536w, https:\/\/blogsaverroes.juntadeandalucia.es\/iescastillodetempul\/files\/2024\/05\/IMG_8592-700x933.jpg 700w, https:\/\/blogsaverroes.juntadeandalucia.es\/iescastillodetempul\/files\/2024\/05\/IMG_8592.jpg 1200w\" sizes=\"(max-width: 768px) 100vw, 768px\" \/><\/a><\/p>\n<p><strong>Nombre: <\/strong>Carla Rojas Ruiz<br \/>\n<strong>Curso:<\/strong> 4\u00ba ESO A<br \/>\n<strong>Centro:<\/strong> IES Castillo de Tempul, San Jos\u00e9 del Valle (C\u00e1diz)<\/p>\n<h2>El Alquimista<\/h2>\n<p>La narrativa hipnotizadora de <em>El Alquimista<\/em> de Paulo Coelho despierta un sinf\u00edn de emociones, desde la emoci\u00f3n de perseguir sue\u00f1os hasta la euforia de la autorrealizaci\u00f3n personal.<\/p>\n<p>La odisea de Santiago, desde las colinas de Andaluc\u00eda hasta los desiertos de Egipto, contiene risas de autodescubrimiento, l\u00e1grimas de triunfo y reflexiones profundas sobre la propia existencia. El mensaje central es seguir los anhelos m\u00e1s profundos, descifrar el \u00abLenguaje del Alma\u00bb (as\u00ed citada en el libro) y abrazar la conexi\u00f3n m\u00edstica y c\u00f3smica como una forma para vivir una vida aut\u00e9ntica, sin tapujos y sin falsas introspecciones. La ense\u00f1anza se propaga desde las p\u00e1ginas, cautivando a cada individuo que despiertan la ilusi\u00f3n de embarcarse en su propia b\u00fasqueda espiritual.<\/p>\n<p>La similitud entre la b\u00fasqueda de Santiago y la actualidad es una llamada de atenci\u00f3n al lector. En un mundo inmerso en las rutinas diarias, la historia sirve como un eco recordatorio de la importancia de desafiar la sociedad y buscar la propia \u00abLeyenda Personal\u00bb<\/p>\n<p>Paulo Coelho, h\u00e1bil maestro de las palabras, destila la esencia de la filosof\u00eda espiritual con su prosa po\u00e9tica y directa. Su estilo, simple pero profundo, crea una corriente literaria que fluye y borbotea esparciendo sabidur\u00eda. El ritmo pausado y contemplativo de la historia permite una absorci\u00f3n profunda de las ense\u00f1anzas, transformando la lectura en una experiencia meditativa y reflexiva.<\/p>\n<p>En el viaje del pastor Santiago, hallamos un reflejo de nuestras propias luchas, anhelos y pasiones.<\/p>\n<p>Su transformaci\u00f3n, de un simple pastor a un buscador insaciable, sirve como un espejo para la metamorfosis personal a la que todos aspiramos. Al identificarnos con Santiago, reconocemos en \u00e9l no solo un personaje ficticio, sino un compa\u00f1ero de viaje en nuestra propia b\u00fasqueda.<\/p>\n<p>La escena en el desierto, donde Santiago se enfrenta a sus miedos y conecta con el Alma del Mundo, es un manantial de simbolismo. Los detalles del viento susurrante y las arenas acariciando la piel muestran la riqueza de la naturaleza como maestra. La revelaci\u00f3n del tesoro en el punto de origen agrega una capa de significado, destacando la importancia de mirar hacia adentro para encontrar la verdadera riqueza, esto incita a no fijarse en lo de fuera, y en su lugar tener en mente el recorrido que hemos realizado para lograr nuestro objetivo.<\/p>\n<p>La combinaci\u00f3n de di\u00e1logos reveladores, narrativa introspectiva y descripciones evocativas es la esencia misma de <em>El Alquimista<\/em>. Los di\u00e1logos, ricos en significado, funcionan como gu\u00eda, mientras que la narrativa acoge al lector en una manta de reflexi\u00f3n. Las descripciones meticulosas del autor construyen un mundo cristalino que invita a la contemplaci\u00f3n de este mismo.<\/p>\n<p>En parte es una de las cosas que adoro de este libro, la libertad que le da a tu mente para divagar sobre diferentes temas, pero siempre siguiendo el hilo de una emocionante historia.<\/p>\n<p>El desenlace, una revelaci\u00f3n de que el verdadero tesoro reside en el lugar de origen, es apropiado y magistral. Sorprendente por su simplicidad, el final encapsula la esencia de la b\u00fasqueda espiritual: el viaje no solo es hacia destinos externos, sino hacia el autodescubrimiento interno. Un final que deja al lector con una sensaci\u00f3n de realizaci\u00f3n y la chispa de la reflexi\u00f3n.<\/p>\n<p>Recomendar <em>El Alquimista<\/em> es abrir las puertas de la percepci\u00f3n y la autoexploraci\u00f3n. Convencer a alguien de sumergirse en esta obra maestra es invitarlos a un viaje rico en introspecci\u00f3n. Esta prosa cautivadora impregnada de sabidur\u00eda universal, ofrece un rayo de inspiraci\u00f3n. Este libro no solo se lee; se experimenta y se vive.<\/p>\n<p>En mi opini\u00f3n, y la de varias personas de mi entorno que a la vez que yo tambi\u00e9n se han deleitado con esta obra, es una obra compuesta de paradojas, en las cuales cada quien encuentra un significado distinto, llegando a apreciar momentos de nuestra vida como inquietudes con el futuro.<\/p>\n<p>Considero, que no todas las personas aprecian el libro desde la forma m\u00e1s c\u00f3smica que tiene, pues a\u00fan somos j\u00f3venes y en esta sociedad en la que vivimos el pensamiento se ve sumido por la facilidad de obtener todas las respuestas en un solo \u2018clic\u2019. Lo que nos hace querer respuestas y no disfrutar el camino encontr\u00e1ndolas, o peor, no llegar a la autorrealizaci\u00f3n personal<\/p>\n<p>Sin embargo, a personas pensadoras, inquietas, curiosas, ya tengan mucha experiencia en el mundo de los viajes o no, sin ning\u00fan tipo de duda se la recomendar\u00eda.<\/p>\n<p>Pues con sus detalladas descripciones nos transportan a los lugares citados, transmiti\u00e9ndonos as\u00ed recuerdos de nuestra vida personal o experiencias nuevas que vivir de la mano de nuestro protagonista.<\/p>\n<p>Espero que le deis una oportunidad a este libro pues no tiene desperdicio ninguno y estoy segura de que se amoldar\u00e1 a cada uno de vosotros para envolverlo con su historia embriagante, al igual que a m\u00ed.<\/p>\n","protected":false},"excerpt":{"rendered":"<p>Concurso para el fomento de la lectura y la escritura Mi libro preferido\u2019 es un certamen organizado por la Fundaci\u00f3n&nbsp;Jos\u00e9&nbsp;Manuel&nbsp;Lara. Tiene como objetivo fomentar la lectura entre los m\u00e1s j\u00f3venes a trav\u00e9s de la&#46;&#46;&#46;<\/p>\n","protected":false},"author":4130,"featured_media":0,"parent":0,"menu_order":0,"comment_status":"closed","ping_status":"closed","template":"","meta":{"ngg_post_thumbnail":0,"footnotes":"","_mc_calendar":[]},"aioseo_notices":[],"_links":{"self":[{"href":"https:\/\/blogsaverroes.juntadeandalucia.es\/iescastillodetempul\/wp-json\/wp\/v2\/pages\/6681"}],"collection":[{"href":"https:\/\/blogsaverroes.juntadeandalucia.es\/iescastillodetempul\/wp-json\/wp\/v2\/pages"}],"about":[{"href":"https:\/\/blogsaverroes.juntadeandalucia.es\/iescastillodetempul\/wp-json\/wp\/v2\/types\/page"}],"author":[{"embeddable":true,"href":"https:\/\/blogsaverroes.juntadeandalucia.es\/iescastillodetempul\/wp-json\/wp\/v2\/users\/4130"}],"replies":[{"embeddable":true,"href":"https:\/\/blogsaverroes.juntadeandalucia.es\/iescastillodetempul\/wp-json\/wp\/v2\/comments?post=6681"}],"version-history":[{"count":5,"href":"https:\/\/blogsaverroes.juntadeandalucia.es\/iescastillodetempul\/wp-json\/wp\/v2\/pages\/6681\/revisions"}],"predecessor-version":[{"id":6690,"href":"https:\/\/blogsaverroes.juntadeandalucia.es\/iescastillodetempul\/wp-json\/wp\/v2\/pages\/6681\/revisions\/6690"}],"wp:attachment":[{"href":"https:\/\/blogsaverroes.juntadeandalucia.es\/iescastillodetempul\/wp-json\/wp\/v2\/media?parent=6681"}],"curies":[{"name":"wp","href":"https:\/\/api.w.org\/{rel}","templated":true}]}}