{"id":2686,"date":"2020-11-17T17:59:11","date_gmt":"2020-11-17T17:59:11","guid":{"rendered":"http:\/\/blogsaverroes.juntadeandalucia.es\/iescelti\/?page_id=2686"},"modified":"2025-02-25T11:36:21","modified_gmt":"2025-02-25T11:36:21","slug":"el-centro","status":"publish","type":"page","link":"https:\/\/blogsaverroes.juntadeandalucia.es\/iescelti\/el-centro\/","title":{"rendered":"Documentos"},"content":{"rendered":"<h2>Plan de centro<\/h2>\n<p>El&nbsp;<b>Plan Anual de Centro<\/b> es el instrumento que sirve para prever, desarrollar y controlar las actividades que se derivan de los objetivos preferentes que el <b>centro<\/b>&nbsp;establece para cada curso escolar.<\/p>\n<p><a href=\"https:\/\/blogsaverroes.juntadeandalucia.es\/iescelti\/files\/2025\/02\/PC-COMPLETO-DEFINITIVO-24-25.pdf\" target=\"_blank\" rel=\"noopener\">PLAN DE CENTRO (COVID y TDE)<\/a><\/p>\n<h2>Criterios de calificaci\u00f3n<\/h2>\n<p>Los criterios de evaluaci\u00f3n son un medio que permite seleccionar los aprendizajes m\u00e1s relevantes de un objetivo de aprendizaje, ya sean de tipo conceptual, procedimental o actitudinal. En el siguiente enlace podr\u00e1s encontrar los criterios de calificaci\u00f3n de cada una de las materias organizadas por curso.<\/p>\n<p><a href=\"https:\/\/blogsaverroes.juntadeandalucia.es\/iescelti\/el-centro\/criterios\/\">CRITERIOS DE CALIFICACI\u00d3N DEL CURSO 2022\/23<\/a><\/p>\n<h2>Promoci\u00f3n del alumnado a un curso dentro de la ESO<\/h2>\n<p><a href=\"https:\/\/blogsaverroes.juntadeandalucia.es\/iescelti\/files\/2023\/05\/CRITERIOS-PROMOCIO\u0301N.pdf\" target=\"_blank\" rel=\"noopener noreferrer\">Criterios de promoci\u00f3n<\/a><\/p>\n<h2>Criterios de titulaci\u00f3n 4\u00ba ESO<\/h2>\n<p><a href=\"https:\/\/blogsaverroes.juntadeandalucia.es\/iescelti\/files\/2023\/05\/TITULACIO\u0301N-4.pdf\" target=\"_blank\" rel=\"noopener noreferrer\">Criterios de titulaci\u00f3n <\/a><\/p>\n<h2>Publicaci\u00f3n de convocatorias de becas y ayudas para el curso 2023-2024<\/h2>\n<p>Se comunica que durante los d\u00edas 5 y 7 de diciembre de 2023 se han publicado en BOJA las Resoluciones de la Direcci\u00f3n General de Ordenaci\u00f3n, Inclusi\u00f3n, Participaci\u00f3n y Evaluaci\u00f3n Educativa por la que se efect\u00faan las convocatorias de:<\/p>\n<p><a href=\"https:\/\/blogsaverroes.juntadeandalucia.es\/iescelti\/files\/2023\/12\/Becas-y-ayudas-para-el-curso-2023.pdf\" target=\"_blank\" rel=\"noopener noreferrer\">Ayudas individualizadas para el transporte escolar en el curso acad\u00e9mico 2022\/2023.<\/a><\/p>\n<p>&nbsp;<\/p>\n<p>&nbsp;<\/p>\n<p>&nbsp;<\/p>\n","protected":false},"excerpt":{"rendered":"<p>Plan de centro El&nbsp;Plan Anual de Centro es el instrumento que sirve para prever, desarrollar y controlar las actividades que se derivan de los objetivos preferentes que el centro&nbsp;establece para cada curso escolar. PLAN&#46;&#46;&#46;<\/p>\n","protected":false},"author":6809,"featured_media":0,"parent":0,"menu_order":0,"comment_status":"closed","ping_status":"closed","template":"","meta":{"ngg_post_thumbnail":0,"footnotes":"","_mc_calendar":[]},"aioseo_notices":[],"_links":{"self":[{"href":"https:\/\/blogsaverroes.juntadeandalucia.es\/iescelti\/wp-json\/wp\/v2\/pages\/2686"}],"collection":[{"href":"https:\/\/blogsaverroes.juntadeandalucia.es\/iescelti\/wp-json\/wp\/v2\/pages"}],"about":[{"href":"https:\/\/blogsaverroes.juntadeandalucia.es\/iescelti\/wp-json\/wp\/v2\/types\/page"}],"author":[{"embeddable":true,"href":"https:\/\/blogsaverroes.juntadeandalucia.es\/iescelti\/wp-json\/wp\/v2\/users\/6809"}],"replies":[{"embeddable":true,"href":"https:\/\/blogsaverroes.juntadeandalucia.es\/iescelti\/wp-json\/wp\/v2\/comments?post=2686"}],"version-history":[{"count":23,"href":"https:\/\/blogsaverroes.juntadeandalucia.es\/iescelti\/wp-json\/wp\/v2\/pages\/2686\/revisions"}],"predecessor-version":[{"id":4694,"href":"https:\/\/blogsaverroes.juntadeandalucia.es\/iescelti\/wp-json\/wp\/v2\/pages\/2686\/revisions\/4694"}],"wp:attachment":[{"href":"https:\/\/blogsaverroes.juntadeandalucia.es\/iescelti\/wp-json\/wp\/v2\/media?parent=2686"}],"curies":[{"name":"wp","href":"https:\/\/api.w.org\/{rel}","templated":true}]}}