{"id":35,"date":"2015-03-13T08:21:43","date_gmt":"2015-03-13T08:21:43","guid":{"rendered":"http:\/\/blogsaverroes.juntadeandalucia.es\/pre\/ceip\/?page_id=35"},"modified":"2020-11-23T11:14:44","modified_gmt":"2020-11-23T11:14:44","slug":"datoscentro","status":"publish","type":"page","link":"https:\/\/blogsaverroes.juntadeandalucia.es\/iescelti\/datoscentro\/","title":{"rendered":"Datos del centro"},"content":{"rendered":"\t\t<div data-elementor-type=\"wp-page\" data-elementor-id=\"35\" class=\"elementor elementor-35\">\n\t\t\t\t\t\t<section class=\"elementor-section elementor-top-section elementor-element elementor-element-6249979d elementor-section-boxed elementor-section-height-default elementor-section-height-default\" data-id=\"6249979d\" data-element_type=\"section\">\n\t\t\t\t\t\t<div class=\"elementor-container elementor-column-gap-default\">\n\t\t\t\t\t<div class=\"elementor-column elementor-col-100 elementor-top-column elementor-element elementor-element-9cc3c80\" data-id=\"9cc3c80\" data-element_type=\"column\">\n\t\t\t<div class=\"elementor-widget-wrap elementor-element-populated\">\n\t\t\t\t\t\t<div class=\"elementor-element elementor-element-c3d71c7 elementor-widget elementor-widget-text-editor\" data-id=\"c3d71c7\" data-element_type=\"widget\" data-widget_type=\"text-editor.default\">\n\t\t\t\t<div class=\"elementor-widget-container\">\n\t\t\t\t\t\t\t\t\t<h1>Instituto de Educaci\u00f3n Secundaria Celti<\/h1><h2>Calle F\u00e9lix Rodr\u00edguez de la Fuente s\/n.<\/h2><h2>La Puebla de Los Infantes. SEVILLA<\/h2><h4><strong>Horarios<\/strong><\/h4><ul><li>El centro permanecer\u00e1 abierto de 8.30 a 15.00<\/li><li>El horario de secretar\u00eda es de 8.00 a 14.00<\/li><li>NO se atender\u00e1 a nadie SIN CITA previa<\/li><li>NO se atender\u00e1 a nadie durante el recreo (11.30 a 12.00)<\/li><\/ul><h4><strong>Tel\u00e9fonos de inter\u00e9s<\/strong><\/h4><table style=\"border-collapse: collapse;width: 50%\"><tbody><tr><td style=\"width: 50%\">Conserjer\u00eda<\/td><td style=\"width: 50%\">955 80 85 65<\/td><\/tr><tr><td style=\"width: 50%\">Secretar\u00eda<\/td><td style=\"width: 50%\">671 53 49 14<\/td><\/tr><tr><td style=\"width: 50%\">Direcci\u00f3n<\/td><td style=\"width: 50%\">671 53 49 16<\/td><\/tr><tr><td style=\"width: 50%\">Orientaci\u00f3n<\/td><td style=\"width: 50%\">671 53 49 18<\/td><\/tr><\/tbody><\/table><h4><strong>Email<\/strong><\/h4><p style=\"text-align: center\">41701973.edu@juntadeandalucia.es<\/p>\t\t\t\t\t\t\t\t<\/div>\n\t\t\t\t<\/div>\n\t\t\t\t\t<\/div>\n\t\t<\/div>\n\t\t\t\t\t<\/div>\n\t\t<\/section>\n\t\t\t\t<\/div>\n\t\t","protected":false},"excerpt":{"rendered":"<p>Instituto de Educaci\u00f3n Secundaria Celti Calle F\u00e9lix Rodr\u00edguez de la Fuente s\/n. La Puebla de Los Infantes. SEVILLA Horarios El centro permanecer\u00e1 abierto de 8.30 a 15.00 El horario de secretar\u00eda es de 9.00&#46;&#46;&#46;<\/p>\n","protected":false},"author":1,"featured_media":0,"parent":0,"menu_order":0,"comment_status":"closed","ping_status":"open","template":"","meta":{"ngg_post_thumbnail":0,"footnotes":"","_mc_calendar":[]},"aioseo_notices":[],"_links":{"self":[{"href":"https:\/\/blogsaverroes.juntadeandalucia.es\/iescelti\/wp-json\/wp\/v2\/pages\/35"}],"collection":[{"href":"https:\/\/blogsaverroes.juntadeandalucia.es\/iescelti\/wp-json\/wp\/v2\/pages"}],"about":[{"href":"https:\/\/blogsaverroes.juntadeandalucia.es\/iescelti\/wp-json\/wp\/v2\/types\/page"}],"author":[{"embeddable":true,"href":"https:\/\/blogsaverroes.juntadeandalucia.es\/iescelti\/wp-json\/wp\/v2\/users\/1"}],"replies":[{"embeddable":true,"href":"https:\/\/blogsaverroes.juntadeandalucia.es\/iescelti\/wp-json\/wp\/v2\/comments?post=35"}],"version-history":[{"count":28,"href":"https:\/\/blogsaverroes.juntadeandalucia.es\/iescelti\/wp-json\/wp\/v2\/pages\/35\/revisions"}],"predecessor-version":[{"id":2708,"href":"https:\/\/blogsaverroes.juntadeandalucia.es\/iescelti\/wp-json\/wp\/v2\/pages\/35\/revisions\/2708"}],"wp:attachment":[{"href":"https:\/\/blogsaverroes.juntadeandalucia.es\/iescelti\/wp-json\/wp\/v2\/media?parent=35"}],"curies":[{"name":"wp","href":"https:\/\/api.w.org\/{rel}","templated":true}]}}

<div data-elementor-type="wp-page" data-elementor-id="35" class="elementor elementor-35">
						<section class="elementor-section elementor-top-section elementor-element elementor-element-6249979d elementor-section-boxed elementor-section-height-default elementor-section-height-default" data-id="6249979d" data-element_type="section">
						<div class="elementor-container elementor-column-gap-default">
					<div class="elementor-column elementor-col-100 elementor-top-column elementor-element elementor-element-9cc3c80" data-id="9cc3c80" data-element_type="column">
			<div class="elementor-widget-wrap elementor-element-populated">
						<div class="elementor-element elementor-element-c3d71c7 elementor-widget elementor-widget-text-editor" data-id="c3d71c7" data-element_type="widget" data-widget_type="text-editor.default">
				<div class="elementor-widget-container">
									<h1>Instituto de Educación Secundaria Celti</h1><h2>Calle Félix Rodríguez de la Fuente s/n.</h2><h2>La Puebla de Los Infantes. SEVILLA</h2><h4><strong>Horarios</strong></h4><ul><li>El centro permanecerá abierto de 8.30 a 15.00</li><li>El horario de secretaría es de 8.00 a 14.00</li><li>NO se atenderá a nadie SIN CITA previa</li><li>NO se atenderá a nadie durante el recreo (11.30 a 12.00)</li></ul><h4><strong>Teléfonos de interés</strong></h4><table style="border-collapse: collapse;width: 50%"><tbody><tr><td style="width: 50%">Conserjería</td><td style="width: 50%">955 80 85 65</td></tr><tr><td style="width: 50%">Secretaría</td><td style="width: 50%">671 53 49 14</td></tr><tr><td style="width: 50%">Dirección</td><td style="width: 50%">671 53 49 16</td></tr><tr><td style="width: 50%">Orientación</td><td style="width: 50%">671 53 49 18</td></tr></tbody></table><h4><strong>Email</strong></h4><p style="text-align: center">41701973.edu@juntadeandalucia.es</p>								</div>
				</div>
					</div>
		</div>
					</div>
		</section>
				</div>

<p>Instituto de Educación Secundaria Celti Calle Félix Rodríguez de la Fuente s/n. La Puebla de Los Infantes. SEVILLA Horarios El centro permanecerá abierto de 8.30 a 15.00 El horario de secretaría es de 9.00&#46;&#46;&#46;</p>
