{"id":162,"date":"2015-03-17T07:51:10","date_gmt":"2015-03-17T07:51:10","guid":{"rendered":"http:\/\/blogsaverroes.juntadeandalucia.es\/pre\/ceip\/?page_id=162"},"modified":"2015-12-02T16:47:07","modified_gmt":"2015-12-02T16:47:07","slug":"tecnologia","status":"publish","type":"page","link":"https:\/\/blogsaverroes.juntadeandalucia.es\/ieschristinepicasso\/tecnologia\/","title":{"rendered":"Tecnolog\u00eda"},"content":{"rendered":"<p>&nbsp;<\/p>\n<p><strong><span style=\"font-family: sans-serif\"><span style=\"font-size: medium\">Tecnolog\u00eda <\/span><\/span><\/strong><\/p>\n<p>&nbsp;<\/p>\n<p>Introducci\u00f3n:<\/p>\n<p style=\"text-align: justify\"><span style=\"font-family: sans-serif\"><span style=\"font-size: medium\">El desarrollo tecnol\u00f3gico configura el mundo actual que conocemos. En muchas ocasiones la tecnolog\u00edainteract\u00faa en nuestra vida, aunque pasa desapercibida por lo habituados que estamos a ella. Este contexto hace necesaria la formaci\u00f3n de ciudadanos en la toma de decisiones relacionadas con procesos tecnol\u00f3gicos, con sentido cr\u00edtico, con capacidad de resolver problemas relacionados con ellos y, en definitiva, para utilizar y conocer materiales, procesos y objetos tecnol\u00f3gicos que facilitan la capacidad de actuar en un entorno tecnificado que mejora la calidad de vida. <\/span><\/span><\/p>\n<p style=\"text-align: justify\"><span style=\"font-family: sans-serif\"><span style=\"font-size: medium\">A lo largo de los siglos, el desarrollo tecnol\u00f3gico se ha visto motivado por las necesidades que la sociedad de cada \u00e9poca ha demandado, por sus tradiciones y su cultura, sin olvidar aspectos econ\u00f3micos y de mercado. La innovaci\u00f3n y b\u00fasqueda de soluciones alternativas han facilitado avances y la necesidad de cambio ha estado ligada siempre al ser humano. Por este motivo, la sociedad en la que vivimos necesita una educaci\u00f3n tecnol\u00f3gica amplia que facilite el conocimiento de las diversas tecnolog\u00edas, as\u00ed como las t\u00e9cnicas y los conocimientos cient\u00edficos que los sustentan. El desarrollo tecnol\u00f3gico se fundamenta en principios elementales y m\u00e1quinas simples que, sumados convenientemente, crean nuevas m\u00e1quinas y generan la realidad que nos rodea.<\/span><\/span><\/p>\n<h2 style=\"text-align: center\">Contenidos Dpto. de Tecnolog\u00eda<\/h2>\n<table>\n<tbody>\n<tr>\n<td style=\"text-align: center\"><a href=\"http:\/\/www.juntadeandalucia.es\/averroes\/centros-tic\/29701350\/helvia\/sitio\/administracion\/admin_items.cgi?wAccion=modifica_data&amp;wid_item=26#recursos\">RECURSOS<\/a><\/td>\n<td style=\"text-align: center\"><a href=\"http:\/\/www.juntadeandalucia.es\/averroes\/centros-tic\/29701350\/helvia\/sitio\/administracion\/admin_items.cgi?wAccion=modifica_data&amp;wid_item=26#Documentos\">DOCUMENTOS<\/a><\/td>\n<td style=\"text-align: center\"><a href=\"http:\/\/www.juntadeandalucia.es\/averroes\/centros-tic\/29701350\/helvia\/sitio\/administracion\/admin_items.cgi?wAccion=modifica_data&amp;wid_item=26#Enlaces\">ENLACES<\/a><\/td>\n<\/tr>\n<\/tbody>\n<\/table>\n<h3>Recurso<\/h3>\n<table width=\"520\">\n<tbody>\n<tr>\n<td style=\"text-align: center\">Tipo<\/td>\n<td style=\"text-align: center\">\u00a0\u00a0\u00a0\u00a0\u00a0\u00a0\u00a0\u00a0\u00a0\u00a0\u00a0\u00a0\u00a0\u00a0\u00a0\u00a0\u00a0\u00a0\u00a0\u00a0\u00a0\u00a0\u00a0\u00a0\u00a0\u00a0\u00a0\u00a0\u00a0\u00a0\u00a0\u00a0\u00a0 \u00a0 \u00a0 \u00a0 Descripci\u00f3n<\/td>\n<\/tr>\n<tr>\n<td style=\"text-align: center\"><a href=\"http:\/\/www.tic2tecnologiascp.blogspot.com\/\">Blog Tic2tecnolog\u00edascp<\/a><\/td>\n<td style=\"text-align: center\">Blog dedicado a los contenidos del \u00e1rea de Tecnolog\u00eda y las Tics.<\/td>\n<\/tr>\n<tr>\n<td style=\"text-align: center\"><a href=\"http:\/\/tecnoticpicasso.blogspot.com\/\">Blog Tecnoticpicasso<\/a><\/td>\n<td style=\"text-align: center\">Blog dedicado a los contenidos del \u00e1rea de Tecnolig\u00eda y las Tics.<\/td>\n<\/tr>\n<\/tbody>\n<\/table>\n<h3>Documentos<\/h3>\n<table width=\"520\">\n<tbody>\n<tr>\n<td style=\"text-align: center\">Tipo<\/td>\n<td style=\"text-align: center\">\u00a0\u00a0\u00a0\u00a0\u00a0\u00a0\u00a0\u00a0\u00a0\u00a0\u00a0\u00a0\u00a0\u00a0\u00a0\u00a0\u00a0\u00a0\u00a0\u00a0\u00a0\u00a0\u00a0\u00a0\u00a0\u00a0\u00a0\u00a0\u00a0\u00a0\u00a0\u00a0\u00a0 \u00a0 \u00a0 Descripci\u00f3n<\/td>\n<\/tr>\n<tr>\n<td>ACTIVIDAD<\/td>\n<td><a href=\"http:\/\/www.juntadeandalucia.es\/averroes\/centros-tic\/29701350\/helvia\/sitio\/upload\/UNIDAD_Para_imprimir_energias_TEC.pdf\">Documento sobre Energ\u00edas<\/a><\/td>\n<\/tr>\n<\/tbody>\n<\/table>\n<h3>Enlaces<\/h3>\n<table width=\"520\">\n<tbody>\n<tr>\n<td style=\"text-align: center\">Enlace<\/td>\n<td style=\"text-align: center\">Descripci\u00f3n<\/td>\n<\/tr>\n<tr>\n<td style=\"text-align: center\"><a href=\"http:\/\/www.tecno12-18.com\/\">Tecno12-18<\/a><\/td>\n<td style=\"text-align: center\">Web sobre contenidos de Tecnolog\u00eda online<\/td>\n<\/tr>\n<\/tbody>\n<\/table>\n<p style=\"text-align: center\">\n<p>&nbsp;<\/p>\n","protected":false},"excerpt":{"rendered":"<p>&nbsp; Tecnolog\u00eda &nbsp; Introducci\u00f3n: El desarrollo tecnol\u00f3gico configura el mundo actual que conocemos. En muchas ocasiones la tecnolog\u00edainteract\u00faa en nuestra vida, aunque pasa desapercibida por lo habituados que estamos a ella. Este contexto hace&#46;&#46;&#46;<\/p>\n","protected":false},"author":1,"featured_media":0,"parent":0,"menu_order":0,"comment_status":"closed","ping_status":"open","template":"page-sc.php","meta":{"ngg_post_thumbnail":0,"footnotes":"","_mc_calendar":[]},"aioseo_notices":[],"_links":{"self":[{"href":"https:\/\/blogsaverroes.juntadeandalucia.es\/ieschristinepicasso\/wp-json\/wp\/v2\/pages\/162"}],"collection":[{"href":"https:\/\/blogsaverroes.juntadeandalucia.es\/ieschristinepicasso\/wp-json\/wp\/v2\/pages"}],"about":[{"href":"https:\/\/blogsaverroes.juntadeandalucia.es\/ieschristinepicasso\/wp-json\/wp\/v2\/types\/page"}],"author":[{"embeddable":true,"href":"https:\/\/blogsaverroes.juntadeandalucia.es\/ieschristinepicasso\/wp-json\/wp\/v2\/users\/1"}],"replies":[{"embeddable":true,"href":"https:\/\/blogsaverroes.juntadeandalucia.es\/ieschristinepicasso\/wp-json\/wp\/v2\/comments?post=162"}],"version-history":[{"count":5,"href":"https:\/\/blogsaverroes.juntadeandalucia.es\/ieschristinepicasso\/wp-json\/wp\/v2\/pages\/162\/revisions"}],"predecessor-version":[{"id":2535,"href":"https:\/\/blogsaverroes.juntadeandalucia.es\/ieschristinepicasso\/wp-json\/wp\/v2\/pages\/162\/revisions\/2535"}],"wp:attachment":[{"href":"https:\/\/blogsaverroes.juntadeandalucia.es\/ieschristinepicasso\/wp-json\/wp\/v2\/media?parent=162"}],"curies":[{"name":"wp","href":"https:\/\/api.w.org\/{rel}","templated":true}]}}