{"id":200,"date":"2015-03-17T10:04:24","date_gmt":"2015-03-17T10:04:24","guid":{"rendered":"http:\/\/blogsaverroes.juntadeandalucia.es\/pre\/ceip\/?page_id=200"},"modified":"2023-11-29T11:14:23","modified_gmt":"2023-11-29T11:14:23","slug":"quienes-formamos-el-ampa","status":"publish","type":"page","link":"https:\/\/blogsaverroes.juntadeandalucia.es\/ieschristinepicasso\/quienes-formamos-el-ampa\/","title":{"rendered":"\u00bfQui\u00e9nes formamos el AMPA?"},"content":{"rendered":"<h1 align=\"center\"><span style=\"color: #008000;font-size: medium\">\u00bfQUI\u00c9NES FORMAMOS EL AMPA?<\/span><\/h1>\n<p><span style=\"font-size: medium\">El AMPA lo formamos padres, madres y tutores interesados en participar en la educaci\u00f3n de nuestros hijos.<\/span><\/p>\n<p><span style=\"font-size: medium\">Participamos de diversas maneras: <\/span><\/p>\n<ul>\n<li><span style=\"font-size: medium\"><b><span style=\"color: #3366ff\">econ\u00f3micamente<\/span><\/b><\/span><span style=\"font-size: medium\">, aportando la cuota anual. Aunque la inscripci\u00f3n se suele hacer junto con la matr\u00edcula, es posible asociarse en cualquier momento del curso.<\/span><\/li>\n<li><span style=\"font-size: medium\"><b><span style=\"color: #339966\">asistiendo a las reuniones<\/span><\/b><\/span><b> <\/b><span style=\"font-size: medium\">para aportar ideas, proponer iniciativas y plantear nuestras inquietudes.<\/span><\/li>\n<li><span style=\"font-size: medium\"><b><span style=\"color: #c45911\">colaborando<\/span><\/b><\/span><b> <\/b><span style=\"font-size: medium\">activamente en <\/span><span style=\"font-size: medium\"><b><span style=\"color: #800080\">grupos de trabajo<\/span><\/b><\/span><span style=\"font-size: medium\"> y <\/span><span style=\"font-size: medium\"><b><span style=\"color: #2f5496\">actividades puntuales<\/span><\/b><\/span> <span style=\"font-size: medium\">que se organicen a lo largo del curso.<\/span><\/li>\n<\/ul>\n<p style=\"text-align: left\"><span style=\"font-size: medium\">La gesti\u00f3n del AMPA corre a cargo de nuestra Junta directiva:<\/span><\/p>\n<p><a href=\"https:\/\/blogsaverroes.juntadeandalucia.es\/ieschristinepicasso\/files\/2023\/11\/AMPA2324.jpg\"><img loading=\"lazy\" decoding=\"async\" class=\"alignnone wp-image-5637 size-full\" src=\"https:\/\/blogsaverroes.juntadeandalucia.es\/ieschristinepicasso\/files\/2023\/11\/AMPA2324.jpg\" alt=\"\" width=\"1200\" height=\"1200\" srcset=\"https:\/\/blogsaverroes.juntadeandalucia.es\/ieschristinepicasso\/files\/2023\/11\/AMPA2324.jpg 1200w, https:\/\/blogsaverroes.juntadeandalucia.es\/ieschristinepicasso\/files\/2023\/11\/AMPA2324-300x300.jpg 300w, https:\/\/blogsaverroes.juntadeandalucia.es\/ieschristinepicasso\/files\/2023\/11\/AMPA2324-1024x1024.jpg 1024w, https:\/\/blogsaverroes.juntadeandalucia.es\/ieschristinepicasso\/files\/2023\/11\/AMPA2324-150x150.jpg 150w, https:\/\/blogsaverroes.juntadeandalucia.es\/ieschristinepicasso\/files\/2023\/11\/AMPA2324-768x768.jpg 768w, https:\/\/blogsaverroes.juntadeandalucia.es\/ieschristinepicasso\/files\/2023\/11\/AMPA2324-80x80.jpg 80w, https:\/\/blogsaverroes.juntadeandalucia.es\/ieschristinepicasso\/files\/2023\/11\/AMPA2324-320x320.jpg 320w\" sizes=\"(max-width: 1200px) 100vw, 1200px\" \/><\/a><\/p>\n<p><span style=\"font-size: medium\">Puedes contactar con nosotros en <\/span><span style=\"color: #0000ff\"><u><a href=\"mailto:ampa.iescpicasso@gmail.com\"><span style=\"font-size: medium\">ampa.iescpicasso@gmail.com<\/span><\/a><\/u><\/span><\/p>\n<p><span style=\"font-size: medium\">Puedes seguirnos en:<\/span><\/p>\n<p><span style=\"color: #0000ff\"><u><a href=\"https:\/\/www.facebook.com\/AMPA-IES-Christine-Picasso-202144426837686\/\"><span style=\"font-size: medium\">https:\/\/www.facebook.com\/AMPA-IES-Christine-Picasso-202144426837686\/<\/span><\/a><\/u><\/span><\/p>\n<p>y tambi\u00e9n en:<\/p>\n<p><a href=\"https:\/\/instagram.com\/ampa.iescpicasso?utm_medium=copy_link\">https:\/\/instagram.com\/ampa.iescpicasso?utm_medium=copy_link<\/a><\/p>\n<p>&nbsp;<\/p>\n<p>&nbsp;<\/p>\n","protected":false},"excerpt":{"rendered":"<p>\u00bfQUI\u00c9NES FORMAMOS EL AMPA? El AMPA lo formamos padres, madres y tutores interesados en participar en la educaci\u00f3n de nuestros hijos. Participamos de diversas maneras: econ\u00f3micamente, aportando la cuota anual. Aunque la inscripci\u00f3n se&#46;&#46;&#46;<\/p>\n","protected":false},"author":1,"featured_media":0,"parent":0,"menu_order":0,"comment_status":"closed","ping_status":"closed","template":"","meta":{"ngg_post_thumbnail":0,"footnotes":"","_mc_calendar":[]},"aioseo_notices":[],"_links":{"self":[{"href":"https:\/\/blogsaverroes.juntadeandalucia.es\/ieschristinepicasso\/wp-json\/wp\/v2\/pages\/200"}],"collection":[{"href":"https:\/\/blogsaverroes.juntadeandalucia.es\/ieschristinepicasso\/wp-json\/wp\/v2\/pages"}],"about":[{"href":"https:\/\/blogsaverroes.juntadeandalucia.es\/ieschristinepicasso\/wp-json\/wp\/v2\/types\/page"}],"author":[{"embeddable":true,"href":"https:\/\/blogsaverroes.juntadeandalucia.es\/ieschristinepicasso\/wp-json\/wp\/v2\/users\/1"}],"replies":[{"embeddable":true,"href":"https:\/\/blogsaverroes.juntadeandalucia.es\/ieschristinepicasso\/wp-json\/wp\/v2\/comments?post=200"}],"version-history":[{"count":12,"href":"https:\/\/blogsaverroes.juntadeandalucia.es\/ieschristinepicasso\/wp-json\/wp\/v2\/pages\/200\/revisions"}],"predecessor-version":[{"id":5639,"href":"https:\/\/blogsaverroes.juntadeandalucia.es\/ieschristinepicasso\/wp-json\/wp\/v2\/pages\/200\/revisions\/5639"}],"wp:attachment":[{"href":"https:\/\/blogsaverroes.juntadeandalucia.es\/ieschristinepicasso\/wp-json\/wp\/v2\/media?parent=200"}],"curies":[{"name":"wp","href":"https:\/\/api.w.org\/{rel}","templated":true}]}}

¿Quiénes formamos el AMPA?

<h1 align="center"><span style="color: #008000;font-size: medium">¿QUIÉNES FORMAMOS EL AMPA?</span></h1>
<p><span style="font-size: medium">El AMPA lo formamos padres, madres y tutores interesados en participar en la educación de nuestros hijos.</span></p>
<p><span style="font-size: medium">Participamos de diversas maneras: </span></p>
<ul>
<li><span style="font-size: medium"><b><span style="color: #3366ff">económicamente</span></b></span><span style="font-size: medium">, aportando la cuota anual. Aunque la inscripción se suele hacer junto con la matrícula, es posible asociarse en cualquier momento del curso.</span></li>
<li><span style="font-size: medium"><b><span style="color: #339966">asistiendo a las reuniones</span></b></span><b> </b><span style="font-size: medium">para aportar ideas, proponer iniciativas y plantear nuestras inquietudes.</span></li>
<li><span style="font-size: medium"><b><span style="color: #c45911">colaborando</span></b></span><b> </b><span style="font-size: medium">activamente en </span><span style="font-size: medium"><b><span style="color: #800080">grupos de trabajo</span></b></span><span style="font-size: medium"> y </span><span style="font-size: medium"><b><span style="color: #2f5496">actividades puntuales</span></b></span> <span style="font-size: medium">que se organicen a lo largo del curso.</span></li>
</ul>
<p style="text-align: left"><span style="font-size: medium">La gestión del AMPA corre a cargo de nuestra Junta directiva:</span></p>
<p><a href="https://blogsaverroes.juntadeandalucia.es/ieschristinepicasso/files/2023/11/AMPA2324.jpg"><img loading="lazy" decoding="async" class="alignnone wp-image-5637 size-full" src="https://blogsaverroes.juntadeandalucia.es/ieschristinepicasso/files/2023/11/AMPA2324.jpg" alt="" width="1200" height="1200" srcset="https://blogsaverroes.juntadeandalucia.es/ieschristinepicasso/files/2023/11/AMPA2324.jpg 1200w, https://blogsaverroes.juntadeandalucia.es/ieschristinepicasso/files/2023/11/AMPA2324-300x300.jpg 300w, https://blogsaverroes.juntadeandalucia.es/ieschristinepicasso/files/2023/11/AMPA2324-1024x1024.jpg 1024w, https://blogsaverroes.juntadeandalucia.es/ieschristinepicasso/files/2023/11/AMPA2324-150x150.jpg 150w, https://blogsaverroes.juntadeandalucia.es/ieschristinepicasso/files/2023/11/AMPA2324-768x768.jpg 768w, https://blogsaverroes.juntadeandalucia.es/ieschristinepicasso/files/2023/11/AMPA2324-80x80.jpg 80w, https://blogsaverroes.juntadeandalucia.es/ieschristinepicasso/files/2023/11/AMPA2324-320x320.jpg 320w" sizes="(max-width: 1200px) 100vw, 1200px" /></a></p>
<p><span style="font-size: medium">Puedes contactar con nosotros en </span><span style="color: #0000ff"><u><a href="mailto:ampa.iescpicasso@gmail.com"><span style="font-size: medium">ampa.iescpicasso@gmail.com</span></a></u></span></p>
<p><span style="font-size: medium">Puedes seguirnos en:</span></p>
<p><span style="color: #0000ff"><u><a href="https://www.facebook.com/AMPA-IES-Christine-Picasso-202144426837686/"><span style="font-size: medium">https://www.facebook.com/AMPA-IES-Christine-Picasso-202144426837686/</span></a></u></span></p>
<p>y también en:</p>
<p><a href="https://instagram.com/ampa.iescpicasso?utm_medium=copy_link">https://instagram.com/ampa.iescpicasso?utm_medium=copy_link</a></p>
<p>&nbsp;</p>
<p>&nbsp;</p>

<p>¿QUIÉNES FORMAMOS EL AMPA? El AMPA lo formamos padres, madres y tutores interesados en participar en la educación de nuestros hijos. Participamos de diversas maneras: económicamente, aportando la cuota anual. Aunque la inscripción se&#46;&#46;&#46;</p>
