{"id":3424,"date":"2020-10-17T14:29:11","date_gmt":"2020-10-17T14:29:11","guid":{"rendered":"https:\/\/blogsaverroes.juntadeandalucia.es\/ieschristinepicasso2\/?page_id=3424"},"modified":"2020-10-17T14:32:32","modified_gmt":"2020-10-17T14:32:32","slug":"erasmus-2020-2022-presentacion","status":"publish","type":"page","link":"https:\/\/blogsaverroes.juntadeandalucia.es\/ieschristinepicasso\/erasmus-2020-2022-presentacion\/","title":{"rendered":"Erasmus + 2020-2022"},"content":{"rendered":"<h2 style=\"text-align: center\"><span style=\"color: #0000ff\">Erasmus + 2020-2022 Presentaci\u00f3n<\/span><\/h2>\n<p style=\"text-align: center\"><a href=\"https:\/\/blogsaverroes.juntadeandalucia.es\/ieschristinepicasso2\/files\/2020\/10\/erasmus-plus-logo-scaled.jpg\"><img loading=\"lazy\" decoding=\"async\" class=\"aligncenter size-medium wp-image-3427\" src=\"https:\/\/blogsaverroes.juntadeandalucia.es\/ieschristinepicasso2\/files\/2020\/10\/erasmus-plus-logo-300x68.jpg\" alt=\"\" width=\"300\" height=\"68\" srcset=\"https:\/\/blogsaverroes.juntadeandalucia.es\/ieschristinepicasso\/files\/2020\/10\/erasmus-plus-logo-300x68.jpg 300w, https:\/\/blogsaverroes.juntadeandalucia.es\/ieschristinepicasso\/files\/2020\/10\/erasmus-plus-logo-1024x233.jpg 1024w, https:\/\/blogsaverroes.juntadeandalucia.es\/ieschristinepicasso\/files\/2020\/10\/erasmus-plus-logo-768x175.jpg 768w, https:\/\/blogsaverroes.juntadeandalucia.es\/ieschristinepicasso\/files\/2020\/10\/erasmus-plus-logo-1536x349.jpg 1536w, https:\/\/blogsaverroes.juntadeandalucia.es\/ieschristinepicasso\/files\/2020\/10\/erasmus-plus-logo-2048x466.jpg 2048w, https:\/\/blogsaverroes.juntadeandalucia.es\/ieschristinepicasso\/files\/2020\/10\/erasmus-plus-logo-24x5.jpg 24w, https:\/\/blogsaverroes.juntadeandalucia.es\/ieschristinepicasso\/files\/2020\/10\/erasmus-plus-logo-36x8.jpg 36w, https:\/\/blogsaverroes.juntadeandalucia.es\/ieschristinepicasso\/files\/2020\/10\/erasmus-plus-logo-48x11.jpg 48w, https:\/\/blogsaverroes.juntadeandalucia.es\/ieschristinepicasso\/files\/2020\/10\/erasmus-plus-logo-scaled.jpg 1600w\" sizes=\"(max-width: 300px) 100vw, 300px\" \/><\/a><\/p>\n<h4 style=\"text-align: center\"><span style=\"color: #008000\"><span style=\"font-family: Helvetica Neue, serif\"><span style=\"font-size: small\"><span style=\"font-family: Times New Roman, serif\"><span style=\"font-size: medium\"><span lang=\"es-ES-u-co-trad\">\u00abPor un Centro Biling\u00fc<\/span><\/span><\/span><span style=\"font-family: Times New Roman, serif\"><span style=\"font-size: medium\"><span lang=\"pt-PT\">e Para Todos. Innovaci<\/span><\/span><\/span><span style=\"font-family: Times New Roman, serif\"><span style=\"font-size: medium\"><span lang=\"es-ES-u-co-trad\">\u00f3n y Mejora de la Ense\u00f1<\/span><\/span><\/span><span style=\"font-family: Times New Roman, serif\"><span style=\"font-size: medium\"><span lang=\"it-IT\">anza del Franc<\/span><\/span><\/span><span style=\"font-family: Times New Roman, serif\"><span style=\"font-size: medium\"><span lang=\"fr-FR\">\u00e9<\/span><\/span><\/span><span style=\"font-family: Times New Roman, serif\"><span style=\"font-size: medium\"><span lang=\"es-ES-u-co-trad\">s como Lengua Extranjera\u201d<\/span><\/span><\/span><\/span><\/span><\/span><\/h4>\n<p class=\"western\" lang=\"en-US\" align=\"justify\"><span style=\"font-family: Times New Roman, serif\"><span style=\"font-size: medium\"><span lang=\"es-ES-u-co-trad\">En el a\u00f1o 2016, el IES Christine Picasso decidi\u00f3 dar una paso m\u00e1s por el biling\u00fcismo franc\u00e9s. Desde entonces, dicho biling\u00fcismo se ha implantado de manera progresiva en los diferentes niveles de la Educaci\u00f3n Secundaria Obligatoria que se imparten en el centro.<\/span><\/span><\/span><\/p>\n<p align=\"justify\"><span style=\"color: #000000\"><span style=\"font-family: Helvetica Neue, serif\"><span style=\"font-size: small\"> <span style=\"font-family: Times New Roman, serif\"><span style=\"font-size: medium\"><span lang=\"es-ES-u-co-trad\">Este hecho ha supuesto un importante reto para el profesorado, el cual ha debido proveerse de las herramientas necesarias para poder atender de forma adecuada a todos los estudiantes, con la dificultad a\u00f1adida de que no todo el alumnado de nuestro centro posee una formaci\u00f3n biling\u00fce, por lo que encontramos clases muy heterog<\/span><\/span><\/span><span style=\"font-family: Times New Roman, serif\"><span style=\"font-size: medium\"><span lang=\"fr-FR\">\u00e9<\/span><\/span><\/span><span style=\"font-family: Times New Roman, serif\"><span style=\"font-size: medium\"><span lang=\"es-ES-u-co-trad\">neas.<\/span><\/span><\/span><\/span><\/span><\/span><\/p>\n<p align=\"justify\"><span style=\"color: #000000\"><span style=\"font-family: Helvetica Neue, serif\"><span style=\"font-size: small\"><span style=\"font-family: Times New Roman, serif\"><span style=\"font-size: medium\"><span lang=\"es-ES-u-co-trad\"> Ante esta coyuntura, durante el curso escolar 2019-2020, parte del profesorado del IES Christine Picasso se plante<\/span><\/span><\/span><span style=\"font-family: Times New Roman, serif\"><span style=\"font-size: medium\"><span lang=\"es-ES-u-co-trad\">\u00f3 la necesidad de tomar medidas para la mejora de la calidad del biling\u00fcismo en el centro. As\u00ed naci\u00f3 nuestro Proyecto<\/span><\/span><\/span> <span style=\"font-family: Times New Roman, serif\"><span style=\"font-size: medium\"><span lang=\"es-ES-u-co-trad\">\u00abPor un Centro Biling\u00fc<\/span><\/span><\/span><span style=\"font-family: Times New Roman, serif\"><span style=\"font-size: medium\"><span lang=\"pt-PT\">e Para Todos. Innovaci<\/span><\/span><\/span><span style=\"font-family: Times New Roman, serif\"><span style=\"font-size: medium\"><span lang=\"es-ES-u-co-trad\">\u00f3n y Mejora de la Ense\u00f1<\/span><\/span><\/span><span style=\"font-family: Times New Roman, serif\"><span style=\"font-size: medium\"><span lang=\"it-IT\">anza del Franc<\/span><\/span><\/span><span style=\"font-family: Times New Roman, serif\"><span style=\"font-size: medium\"><span lang=\"fr-FR\">\u00e9<\/span><\/span><\/span><span style=\"font-family: Times New Roman, serif\"><span style=\"font-size: medium\"><span lang=\"es-ES-u-co-trad\">s como Lengua Extranjera\u201d, que fue presentado en la convocatoria 2019-2020 del Programa Erasmus Plus organizado por la Uni\u00f3n Europea para apoyar la educaci\u00f3n, la formaci\u00f3n y el deporte en Europa.<\/span><\/span><\/span><\/span><\/span><\/span><\/p>\n<p align=\"justify\"><span style=\"color: #000000\"><span style=\"font-family: Helvetica Neue, serif\"><span style=\"font-size: small\"><span style=\"font-family: Times New Roman, serif\"><span style=\"font-size: medium\"><span lang=\"es-ES-u-co-trad\"> En julio del presente a<\/span><\/span><\/span><span style=\"font-family: Times New Roman, serif\"><span style=\"font-size: medium\"><span lang=\"es-ES-u-co-trad\">\u00f1o 2020 nos comunicaron que nuestra candidatura hab\u00eda sido aceptada y el Proyecto concedido.<\/span><\/span><\/span><\/span><\/span><\/span><\/p>\n<p align=\"justify\"><span style=\"color: #000000\"><span style=\"font-family: Helvetica Neue, serif\"><span style=\"font-size: small\"><span style=\"font-family: Times New Roman, serif\"><span style=\"font-size: medium\"><span lang=\"es-ES-u-co-trad\"> Con la puesta en pr<\/span><\/span><\/span><span style=\"font-family: Times New Roman, serif\"><span style=\"font-size: medium\"><span lang=\"es-ES-u-co-trad\">\u00e1ctica de este Proyecto, perseguimos alcanzar un biling\u00fcismo real, accesible a todos los estudiantes de nuestro centro, independientemente de su formaci\u00f3n previa y, pretendemos tambi<\/span><\/span><\/span><span style=\"font-family: Times New Roman, serif\"><span style=\"font-size: medium\"><span lang=\"fr-FR\">\u00e9<\/span><\/span><\/span><span style=\"font-family: Times New Roman, serif\"><span style=\"font-size: medium\"><span lang=\"es-ES-u-co-trad\">n, inculcar en nuestro alumnado el concepto de dimensi\u00f3n europea. Por tanto, los resultados obtenidos con este Programa, tendr\u00e1n continuidad m\u00e1<\/span><\/span><\/span><span style=\"font-family: Times New Roman, serif\"><span style=\"font-size: medium\"><span lang=\"en-US\">s all<\/span><\/span><\/span><span style=\"font-family: Times New Roman, serif\"><span style=\"font-size: medium\"><span lang=\"es-ES-u-co-trad\">\u00e1 de la duraci\u00f3n del mismo, as\u00ed como una repercusi\u00f3n clara en todos los miembros de la comunidad educativa a medio y largo plazo.<\/span><\/span><\/span><\/span><\/span><\/span><\/p>\n<p align=\"justify\"><span style=\"color: #000000\"><span style=\"font-family: Helvetica Neue, serif\"><span style=\"font-size: small\"><span style=\"font-family: Times New Roman, serif\"><span style=\"font-size: medium\"><span lang=\"es-ES-u-co-trad\"> Desde esta p<\/span><\/span><\/span><span style=\"font-family: Times New Roman, serif\"><span style=\"font-size: medium\"><span lang=\"es-ES-u-co-trad\">\u00e1gina informaremos peri\u00f3dicamente de todas las actividades que llevaremos a cabo en relaci\u00f3n a este Proyecto Erasmus Plus que, con mucha ilusi\u00f3n, ponemos en marcha. <\/span><\/span><\/span><\/span><\/span><\/span><\/p>\n","protected":false},"excerpt":{"rendered":"<p>Erasmus + 2020-2022 Presentaci\u00f3n \u00abPor un Centro Biling\u00fce Para Todos. Innovaci\u00f3n y Mejora de la Ense\u00f1anza del Franc\u00e9s como Lengua Extranjera\u201d En el a\u00f1o 2016, el IES Christine Picasso decidi\u00f3 dar una paso m\u00e1s&#46;&#46;&#46;<\/p>\n","protected":false},"author":2271,"featured_media":0,"parent":0,"menu_order":0,"comment_status":"closed","ping_status":"closed","template":"","meta":{"ngg_post_thumbnail":0,"footnotes":"","_mc_calendar":[]},"aioseo_notices":[],"_links":{"self":[{"href":"https:\/\/blogsaverroes.juntadeandalucia.es\/ieschristinepicasso\/wp-json\/wp\/v2\/pages\/3424"}],"collection":[{"href":"https:\/\/blogsaverroes.juntadeandalucia.es\/ieschristinepicasso\/wp-json\/wp\/v2\/pages"}],"about":[{"href":"https:\/\/blogsaverroes.juntadeandalucia.es\/ieschristinepicasso\/wp-json\/wp\/v2\/types\/page"}],"author":[{"embeddable":true,"href":"https:\/\/blogsaverroes.juntadeandalucia.es\/ieschristinepicasso\/wp-json\/wp\/v2\/users\/2271"}],"replies":[{"embeddable":true,"href":"https:\/\/blogsaverroes.juntadeandalucia.es\/ieschristinepicasso\/wp-json\/wp\/v2\/comments?post=3424"}],"version-history":[{"count":3,"href":"https:\/\/blogsaverroes.juntadeandalucia.es\/ieschristinepicasso\/wp-json\/wp\/v2\/pages\/3424\/revisions"}],"predecessor-version":[{"id":3430,"href":"https:\/\/blogsaverroes.juntadeandalucia.es\/ieschristinepicasso\/wp-json\/wp\/v2\/pages\/3424\/revisions\/3430"}],"wp:attachment":[{"href":"https:\/\/blogsaverroes.juntadeandalucia.es\/ieschristinepicasso\/wp-json\/wp\/v2\/media?parent=3424"}],"curies":[{"name":"wp","href":"https:\/\/api.w.org\/{rel}","templated":true}]}}

<h2 style="text-align: center"><span style="color: #0000ff">Erasmus + 2020-2022 Presentación</span></h2>
<p style="text-align: center"><a href="https://blogsaverroes.juntadeandalucia.es/ieschristinepicasso2/files/2020/10/erasmus-plus-logo-scaled.jpg"><img loading="lazy" decoding="async" class="aligncenter size-medium wp-image-3427" src="https://blogsaverroes.juntadeandalucia.es/ieschristinepicasso2/files/2020/10/erasmus-plus-logo-300x68.jpg" alt="" width="300" height="68" srcset="https://blogsaverroes.juntadeandalucia.es/ieschristinepicasso/files/2020/10/erasmus-plus-logo-300x68.jpg 300w, https://blogsaverroes.juntadeandalucia.es/ieschristinepicasso/files/2020/10/erasmus-plus-logo-1024x233.jpg 1024w, https://blogsaverroes.juntadeandalucia.es/ieschristinepicasso/files/2020/10/erasmus-plus-logo-768x175.jpg 768w, https://blogsaverroes.juntadeandalucia.es/ieschristinepicasso/files/2020/10/erasmus-plus-logo-1536x349.jpg 1536w, https://blogsaverroes.juntadeandalucia.es/ieschristinepicasso/files/2020/10/erasmus-plus-logo-2048x466.jpg 2048w, https://blogsaverroes.juntadeandalucia.es/ieschristinepicasso/files/2020/10/erasmus-plus-logo-24x5.jpg 24w, https://blogsaverroes.juntadeandalucia.es/ieschristinepicasso/files/2020/10/erasmus-plus-logo-36x8.jpg 36w, https://blogsaverroes.juntadeandalucia.es/ieschristinepicasso/files/2020/10/erasmus-plus-logo-48x11.jpg 48w, https://blogsaverroes.juntadeandalucia.es/ieschristinepicasso/files/2020/10/erasmus-plus-logo-scaled.jpg 1600w" sizes="(max-width: 300px) 100vw, 300px" /></a></p>
<h4 style="text-align: center"><span style="color: #008000"><span style="font-family: Helvetica Neue, serif"><span style="font-size: small"><span style="font-family: Times New Roman, serif"><span style="font-size: medium"><span lang="es-ES-u-co-trad">«Por un Centro Bilingü</span></span></span><span style="font-family: Times New Roman, serif"><span style="font-size: medium"><span lang="pt-PT">e Para Todos. Innovaci</span></span></span><span style="font-family: Times New Roman, serif"><span style="font-size: medium"><span lang="es-ES-u-co-trad">ón y Mejora de la Enseñ</span></span></span><span style="font-family: Times New Roman, serif"><span style="font-size: medium"><span lang="it-IT">anza del Franc</span></span></span><span style="font-family: Times New Roman, serif"><span style="font-size: medium"><span lang="fr-FR">é</span></span></span><span style="font-family: Times New Roman, serif"><span style="font-size: medium"><span lang="es-ES-u-co-trad">s como Lengua Extranjera”</span></span></span></span></span></span></h4>
<p class="western" lang="en-US" align="justify"><span style="font-family: Times New Roman, serif"><span style="font-size: medium"><span lang="es-ES-u-co-trad">En el año 2016, el IES Christine Picasso decidió dar una paso más por el bilingüismo francés. Desde entonces, dicho bilingüismo se ha implantado de manera progresiva en los diferentes niveles de la Educación Secundaria Obligatoria que se imparten en el centro.</span></span></span></p>
<p align="justify"><span style="color: #000000"><span style="font-family: Helvetica Neue, serif"><span style="font-size: small"> <span style="font-family: Times New Roman, serif"><span style="font-size: medium"><span lang="es-ES-u-co-trad">Este hecho ha supuesto un importante reto para el profesorado, el cual ha debido proveerse de las herramientas necesarias para poder atender de forma adecuada a todos los estudiantes, con la dificultad añadida de que no todo el alumnado de nuestro centro posee una formación bilingüe, por lo que encontramos clases muy heterog</span></span></span><span style="font-family: Times New Roman, serif"><span style="font-size: medium"><span lang="fr-FR">é</span></span></span><span style="font-family: Times New Roman, serif"><span style="font-size: medium"><span lang="es-ES-u-co-trad">neas.</span></span></span></span></span></span></p>
<p align="justify"><span style="color: #000000"><span style="font-family: Helvetica Neue, serif"><span style="font-size: small"><span style="font-family: Times New Roman, serif"><span style="font-size: medium"><span lang="es-ES-u-co-trad"> Ante esta coyuntura, durante el curso escolar 2019-2020, parte del profesorado del IES Christine Picasso se plante</span></span></span><span style="font-family: Times New Roman, serif"><span style="font-size: medium"><span lang="es-ES-u-co-trad">ó la necesidad de tomar medidas para la mejora de la calidad del bilingüismo en el centro. Así nació nuestro Proyecto</span></span></span> <span style="font-family: Times New Roman, serif"><span style="font-size: medium"><span lang="es-ES-u-co-trad">«Por un Centro Bilingü</span></span></span><span style="font-family: Times New Roman, serif"><span style="font-size: medium"><span lang="pt-PT">e Para Todos. Innovaci</span></span></span><span style="font-family: Times New Roman, serif"><span style="font-size: medium"><span lang="es-ES-u-co-trad">ón y Mejora de la Enseñ</span></span></span><span style="font-family: Times New Roman, serif"><span style="font-size: medium"><span lang="it-IT">anza del Franc</span></span></span><span style="font-family: Times New Roman, serif"><span style="font-size: medium"><span lang="fr-FR">é</span></span></span><span style="font-family: Times New Roman, serif"><span style="font-size: medium"><span lang="es-ES-u-co-trad">s como Lengua Extranjera”, que fue presentado en la convocatoria 2019-2020 del Programa Erasmus Plus organizado por la Unión Europea para apoyar la educación, la formación y el deporte en Europa.</span></span></span></span></span></span></p>
<p align="justify"><span style="color: #000000"><span style="font-family: Helvetica Neue, serif"><span style="font-size: small"><span style="font-family: Times New Roman, serif"><span style="font-size: medium"><span lang="es-ES-u-co-trad"> En julio del presente a</span></span></span><span style="font-family: Times New Roman, serif"><span style="font-size: medium"><span lang="es-ES-u-co-trad">ño 2020 nos comunicaron que nuestra candidatura había sido aceptada y el Proyecto concedido.</span></span></span></span></span></span></p>
<p align="justify"><span style="color: #000000"><span style="font-family: Helvetica Neue, serif"><span style="font-size: small"><span style="font-family: Times New Roman, serif"><span style="font-size: medium"><span lang="es-ES-u-co-trad"> Con la puesta en pr</span></span></span><span style="font-family: Times New Roman, serif"><span style="font-size: medium"><span lang="es-ES-u-co-trad">áctica de este Proyecto, perseguimos alcanzar un bilingüismo real, accesible a todos los estudiantes de nuestro centro, independientemente de su formación previa y, pretendemos tambi</span></span></span><span style="font-family: Times New Roman, serif"><span style="font-size: medium"><span lang="fr-FR">é</span></span></span><span style="font-family: Times New Roman, serif"><span style="font-size: medium"><span lang="es-ES-u-co-trad">n, inculcar en nuestro alumnado el concepto de dimensión europea. Por tanto, los resultados obtenidos con este Programa, tendrán continuidad má</span></span></span><span style="font-family: Times New Roman, serif"><span style="font-size: medium"><span lang="en-US">s all</span></span></span><span style="font-family: Times New Roman, serif"><span style="font-size: medium"><span lang="es-ES-u-co-trad">á de la duración del mismo, así como una repercusión clara en todos los miembros de la comunidad educativa a medio y largo plazo.</span></span></span></span></span></span></p>
<p align="justify"><span style="color: #000000"><span style="font-family: Helvetica Neue, serif"><span style="font-size: small"><span style="font-family: Times New Roman, serif"><span style="font-size: medium"><span lang="es-ES-u-co-trad"> Desde esta p</span></span></span><span style="font-family: Times New Roman, serif"><span style="font-size: medium"><span lang="es-ES-u-co-trad">ágina informaremos periódicamente de todas las actividades que llevaremos a cabo en relación a este Proyecto Erasmus Plus que, con mucha ilusión, ponemos en marcha. </span></span></span></span></span></span></p>

<p>Erasmus + 2020-2022 Presentación «Por un Centro Bilingüe Para Todos. Innovación y Mejora de la Enseñanza del Francés como Lengua Extranjera” En el año 2016, el IES Christine Picasso decidió dar una paso más&#46;&#46;&#46;</p>
