{"id":6348,"date":"2025-11-12T20:12:59","date_gmt":"2025-11-12T20:12:59","guid":{"rendered":"https:\/\/blogsaverroes.juntadeandalucia.es\/ieschristinepicasso\/?page_id=6348"},"modified":"2025-11-12T20:12:59","modified_gmt":"2025-11-12T20:12:59","slug":"programaciones-dpto-de-lengua","status":"publish","type":"page","link":"https:\/\/blogsaverroes.juntadeandalucia.es\/ieschristinepicasso\/programaciones-dpto-de-lengua\/","title":{"rendered":"PROGRAMACIONES DPTO DE LENGUA"},"content":{"rendered":"<h2 style=\"text-align: center\"><span style=\"color: #008000\">PROGRAMACIONES DPTO DE LENGUA<\/span><\/h2>\n<h2 style=\"text-align: center\"><span style=\"color: #008000\">CURSO 2025-2026<\/span><\/h2>\n<p>&nbsp;<\/p>\n<h3 style=\"text-align: center\"><a href=\"https:\/\/blogsaverroes.juntadeandalucia.es\/ieschristinepicasso\/files\/2025\/11\/Programacion-de-Lengua-2025-2026.pdf\">PROGRAMACI\u00d3N DE LENGUA<\/a><\/h3>\n<p style=\"text-align: center\">&nbsp;<\/p>\n<h3 style=\"text-align: center\"><a href=\"https:\/\/blogsaverroes.juntadeandalucia.es\/ieschristinepicasso\/files\/2025\/11\/Programacion-de-Latin-2025-2026.pdf\">PROGRAMACI\u00d3N DE LAT\u00cdN<\/a><\/h3>\n<p style=\"text-align: center\">&nbsp;<\/p>\n<h3 style=\"text-align: center\"><a href=\"https:\/\/blogsaverroes.juntadeandalucia.es\/ieschristinepicasso\/files\/2025\/11\/Programacion-Oratoria-y-Debate-2025-2026.pdf\">PROGRAMACI\u00d3N DE ORATORIA Y DEBATE<\/a><\/h3>\n","protected":false},"excerpt":{"rendered":"<p>PROGRAMACIONES DPTO DE LENGUA CURSO 2025-2026 &nbsp; PROGRAMACI\u00d3N DE LENGUA &nbsp; PROGRAMACI\u00d3N DE LAT\u00cdN &nbsp; PROGRAMACI\u00d3N DE ORATORIA Y DEBATE<\/p>\n","protected":false},"author":2271,"featured_media":0,"parent":0,"menu_order":0,"comment_status":"closed","ping_status":"closed","template":"","meta":{"ngg_post_thumbnail":0,"footnotes":"","_mc_calendar":[]},"aioseo_notices":[],"_links":{"self":[{"href":"https:\/\/blogsaverroes.juntadeandalucia.es\/ieschristinepicasso\/wp-json\/wp\/v2\/pages\/6348"}],"collection":[{"href":"https:\/\/blogsaverroes.juntadeandalucia.es\/ieschristinepicasso\/wp-json\/wp\/v2\/pages"}],"about":[{"href":"https:\/\/blogsaverroes.juntadeandalucia.es\/ieschristinepicasso\/wp-json\/wp\/v2\/types\/page"}],"author":[{"embeddable":true,"href":"https:\/\/blogsaverroes.juntadeandalucia.es\/ieschristinepicasso\/wp-json\/wp\/v2\/users\/2271"}],"replies":[{"embeddable":true,"href":"https:\/\/blogsaverroes.juntadeandalucia.es\/ieschristinepicasso\/wp-json\/wp\/v2\/comments?post=6348"}],"version-history":[{"count":1,"href":"https:\/\/blogsaverroes.juntadeandalucia.es\/ieschristinepicasso\/wp-json\/wp\/v2\/pages\/6348\/revisions"}],"predecessor-version":[{"id":6349,"href":"https:\/\/blogsaverroes.juntadeandalucia.es\/ieschristinepicasso\/wp-json\/wp\/v2\/pages\/6348\/revisions\/6349"}],"wp:attachment":[{"href":"https:\/\/blogsaverroes.juntadeandalucia.es\/ieschristinepicasso\/wp-json\/wp\/v2\/media?parent=6348"}],"curies":[{"name":"wp","href":"https:\/\/api.w.org\/{rel}","templated":true}]}}

<h2 style="text-align: center"><span style="color: #008000">PROGRAMACIONES DPTO DE LENGUA</span></h2>
<h2 style="text-align: center"><span style="color: #008000">CURSO 2025-2026</span></h2>
<p>&nbsp;</p>
<h3 style="text-align: center"><a href="https://blogsaverroes.juntadeandalucia.es/ieschristinepicasso/files/2025/11/Programacion-de-Lengua-2025-2026.pdf">PROGRAMACIÓN DE LENGUA</a></h3>
<p style="text-align: center">&nbsp;</p>
<h3 style="text-align: center"><a href="https://blogsaverroes.juntadeandalucia.es/ieschristinepicasso/files/2025/11/Programacion-de-Latin-2025-2026.pdf">PROGRAMACIÓN DE LATÍN</a></h3>
<p style="text-align: center">&nbsp;</p>
<h3 style="text-align: center"><a href="https://blogsaverroes.juntadeandalucia.es/ieschristinepicasso/files/2025/11/Programacion-Oratoria-y-Debate-2025-2026.pdf">PROGRAMACIÓN DE ORATORIA Y DEBATE</a></h3>

<p>PROGRAMACIONES DPTO DE LENGUA CURSO 2025-2026 &nbsp; PROGRAMACIÓN DE LENGUA &nbsp; PROGRAMACIÓN DE LATÍN &nbsp; PROGRAMACIÓN DE ORATORIA Y DEBATE</p>
