{"id":6365,"date":"2025-11-13T08:05:05","date_gmt":"2025-11-13T08:05:05","guid":{"rendered":"https:\/\/blogsaverroes.juntadeandalucia.es\/ieschristinepicasso\/?page_id=6365"},"modified":"2025-11-16T19:12:49","modified_gmt":"2025-11-16T19:12:49","slug":"tecnoprog","status":"publish","type":"page","link":"https:\/\/blogsaverroes.juntadeandalucia.es\/ieschristinepicasso\/tecnoprog\/","title":{"rendered":"PROGRAMACIONES DEL DPTO. DE TECNOLOG\u00cdA"},"content":{"rendered":"<h2 style=\"text-align: center\"><span style=\"color: #008000\">PROGRAMACIONES DEL DPTO. DE TECNOLOG\u00cdA<\/span><\/h2>\n<h2 style=\"text-align: center\"><span style=\"color: #008000\">CURSO 2025-2026<\/span><\/h2>\n<p>&nbsp;<\/p>\n<h3 style=\"text-align: center\"><a href=\"https:\/\/blogsaverroes.juntadeandalucia.es\/ieschristinepicasso\/files\/2025\/11\/Computacion-y-Robotica-2025-2026.pdf\">COMPUTACI\u00d3N Y ROB\u00d3TICA<\/a><\/h3>\n<h3>&nbsp;<\/h3>\n<h3 style=\"text-align: center\"><a href=\"https:\/\/blogsaverroes.juntadeandalucia.es\/ieschristinepicasso\/files\/2025\/11\/Digitalizacion-2025-2026.pdf\">DIGITALIZACI\u00d3N<\/a><\/h3>\n<h3>&nbsp;<\/h3>\n<h3 style=\"text-align: center\"><a href=\"https:\/\/blogsaverroes.juntadeandalucia.es\/ieschristinepicasso\/files\/2025\/11\/Ambito-Cientifico-Tecnologico-2025-2026.pdf\">\u00c1MBITO CIENT\u00cdFICO-TECNOL\u00d3GICO<\/a><\/h3>\n<h3>&nbsp;<\/h3>\n<h3 style=\"text-align: center\"><a href=\"https:\/\/blogsaverroes.juntadeandalucia.es\/ieschristinepicasso\/files\/2025\/11\/Ambito-Practico-4o-ESO-2025-2026.pdf\">\u00c1MBITO PR\u00c1CTICO<\/a><\/h3>\n<h3>&nbsp;<\/h3>\n<h3 style=\"text-align: center\"><a href=\"https:\/\/blogsaverroes.juntadeandalucia.es\/ieschristinepicasso\/files\/2025\/11\/Tecnologia-y-Digitalizacion-2025-2026.pdf\">TECNOLOG\u00cdA Y DIGITALIZACI\u00d3N<\/a><\/h3>\n","protected":false},"excerpt":{"rendered":"<p>PROGRAMACIONES DEL DPTO. DE TECNOLOG\u00cdA CURSO 2025-2026 &nbsp; COMPUTACI\u00d3N Y ROB\u00d3TICA &nbsp; DIGITALIZACI\u00d3N &nbsp; \u00c1MBITO CIENT\u00cdFICO-TECNOL\u00d3GICO &nbsp; \u00c1MBITO PR\u00c1CTICO &nbsp; TECNOLOG\u00cdA Y DIGITALIZACI\u00d3N<\/p>\n","protected":false},"author":2271,"featured_media":0,"parent":0,"menu_order":0,"comment_status":"closed","ping_status":"closed","template":"","meta":{"ngg_post_thumbnail":0,"footnotes":"","_mc_calendar":[]},"aioseo_notices":[],"_links":{"self":[{"href":"https:\/\/blogsaverroes.juntadeandalucia.es\/ieschristinepicasso\/wp-json\/wp\/v2\/pages\/6365"}],"collection":[{"href":"https:\/\/blogsaverroes.juntadeandalucia.es\/ieschristinepicasso\/wp-json\/wp\/v2\/pages"}],"about":[{"href":"https:\/\/blogsaverroes.juntadeandalucia.es\/ieschristinepicasso\/wp-json\/wp\/v2\/types\/page"}],"author":[{"embeddable":true,"href":"https:\/\/blogsaverroes.juntadeandalucia.es\/ieschristinepicasso\/wp-json\/wp\/v2\/users\/2271"}],"replies":[{"embeddable":true,"href":"https:\/\/blogsaverroes.juntadeandalucia.es\/ieschristinepicasso\/wp-json\/wp\/v2\/comments?post=6365"}],"version-history":[{"count":6,"href":"https:\/\/blogsaverroes.juntadeandalucia.es\/ieschristinepicasso\/wp-json\/wp\/v2\/pages\/6365\/revisions"}],"predecessor-version":[{"id":6376,"href":"https:\/\/blogsaverroes.juntadeandalucia.es\/ieschristinepicasso\/wp-json\/wp\/v2\/pages\/6365\/revisions\/6376"}],"wp:attachment":[{"href":"https:\/\/blogsaverroes.juntadeandalucia.es\/ieschristinepicasso\/wp-json\/wp\/v2\/media?parent=6365"}],"curies":[{"name":"wp","href":"https:\/\/api.w.org\/{rel}","templated":true}]}}