{"id":2404,"date":"2015-11-20T12:35:58","date_gmt":"2015-11-20T12:35:58","guid":{"rendered":"http:\/\/blogsaverroes.juntadeandalucia.es\/ieschristinepicasso\/?page_id=2404"},"modified":"2017-02-06T12:36:18","modified_gmt":"2017-02-06T12:36:18","slug":"espacio-arte","status":"publish","type":"page","link":"https:\/\/blogsaverroes.juntadeandalucia.es\/ieschristinepicasso2\/espacio-arte\/","title":{"rendered":"Espacio-Arte"},"content":{"rendered":"<h1 style=\"text-align: center\">ESPACIO-ARTE MAR\u00cdA DEL CARMEN D\u00cdAZ SOTO<\/h1>\n<div style=\"text-align: justify\">En las sesiones finales del Claustro y del Consejo Escolar del curso 2015\/16 se aprob\u00f3 por unanimidad la iniciativa de renombrar el espacio expositivo del Centro, ESPACIO ARTE, y dedicarlo a la memoria de la que fuera docente y directora del mismo, MAR\u00cdA DEL CARMEN D\u00cdAZ SOTO, tristemente fallecida en enero de 2016.Con motivo de la primera exposici\u00f3n de ESPACIO ARTE del presente curso escolar se ha inaugurado una placa conmemorativa en la entrada del INSTITUTO en memoria de nuestra compa\u00f1era.<\/p>\n<\/div>\n<div style=\"text-align: justify\">Adem\u00e1s, desde ese momento, este espacio expositivo ha comenzado a denominarse ESPACIO ARTE M\u00aa CARMEN D\u00cdAZ SOTO.<\/div>\n<div style=\"text-align: justify\"><a href=\"http:\/\/blogsaverroes.juntadeandalucia.es\/ieschristinepicasso\/files\/2015\/11\/IMG_20170201_105851588.jpg\"><img loading=\"lazy\" decoding=\"async\" class=\"aligncenter size-medium wp-image-2761\" src=\"http:\/\/blogsaverroes.juntadeandalucia.es\/ieschristinepicasso\/files\/2015\/11\/IMG_20170201_105851588-300x225.jpg\" alt=\"IMG_20170201_105851588\" width=\"300\" height=\"225\" srcset=\"https:\/\/blogsaverroes.juntadeandalucia.es\/ieschristinepicasso2\/files\/2015\/11\/IMG_20170201_105851588-300x225.jpg 300w, https:\/\/blogsaverroes.juntadeandalucia.es\/ieschristinepicasso2\/files\/2015\/11\/IMG_20170201_105851588-1024x768.jpg 1024w, https:\/\/blogsaverroes.juntadeandalucia.es\/ieschristinepicasso2\/files\/2015\/11\/IMG_20170201_105851588-24x18.jpg 24w, https:\/\/blogsaverroes.juntadeandalucia.es\/ieschristinepicasso2\/files\/2015\/11\/IMG_20170201_105851588-36x27.jpg 36w, https:\/\/blogsaverroes.juntadeandalucia.es\/ieschristinepicasso2\/files\/2015\/11\/IMG_20170201_105851588-48x36.jpg 48w, https:\/\/blogsaverroes.juntadeandalucia.es\/ieschristinepicasso2\/files\/2015\/11\/IMG_20170201_105851588.jpg 1600w\" sizes=\"(max-width: 300px) 100vw, 300px\" \/><\/a><\/div>\n","protected":false},"excerpt":{"rendered":"<p>ESPACIO-ARTE MAR\u00cdA DEL CARMEN D\u00cdAZ SOTO En las sesiones finales del Claustro y del Consejo Escolar del curso 2015\/16 se aprob\u00f3 por unanimidad la iniciativa de renombrar el espacio expositivo del Centro, ESPACIO ARTE,&#46;&#46;&#46;<\/p>\n","protected":false},"author":2271,"featured_media":0,"parent":0,"menu_order":0,"comment_status":"open","ping_status":"open","template":"","meta":{"ngg_post_thumbnail":0,"footnotes":"","_mc_calendar":[]},"aioseo_notices":[],"_links":{"self":[{"href":"https:\/\/blogsaverroes.juntadeandalucia.es\/ieschristinepicasso2\/wp-json\/wp\/v2\/pages\/2404"}],"collection":[{"href":"https:\/\/blogsaverroes.juntadeandalucia.es\/ieschristinepicasso2\/wp-json\/wp\/v2\/pages"}],"about":[{"href":"https:\/\/blogsaverroes.juntadeandalucia.es\/ieschristinepicasso2\/wp-json\/wp\/v2\/types\/page"}],"author":[{"embeddable":true,"href":"https:\/\/blogsaverroes.juntadeandalucia.es\/ieschristinepicasso2\/wp-json\/wp\/v2\/users\/2271"}],"replies":[{"embeddable":true,"href":"https:\/\/blogsaverroes.juntadeandalucia.es\/ieschristinepicasso2\/wp-json\/wp\/v2\/comments?post=2404"}],"version-history":[{"count":4,"href":"https:\/\/blogsaverroes.juntadeandalucia.es\/ieschristinepicasso2\/wp-json\/wp\/v2\/pages\/2404\/revisions"}],"predecessor-version":[{"id":2762,"href":"https:\/\/blogsaverroes.juntadeandalucia.es\/ieschristinepicasso2\/wp-json\/wp\/v2\/pages\/2404\/revisions\/2762"}],"wp:attachment":[{"href":"https:\/\/blogsaverroes.juntadeandalucia.es\/ieschristinepicasso2\/wp-json\/wp\/v2\/media?parent=2404"}],"curies":[{"name":"wp","href":"https:\/\/api.w.org\/{rel}","templated":true}]}}

<h1 style="text-align: center">ESPACIO-ARTE MARÍA DEL CARMEN DÍAZ SOTO</h1>
<div style="text-align: justify">En las sesiones finales del Claustro y del Consejo Escolar del curso 2015/16 se aprobó por unanimidad la iniciativa de renombrar el espacio expositivo del Centro, ESPACIO ARTE, y dedicarlo a la memoria de la que fuera docente y directora del mismo, MARÍA DEL CARMEN DÍAZ SOTO, tristemente fallecida en enero de 2016.Con motivo de la primera exposición de ESPACIO ARTE del presente curso escolar se ha inaugurado una placa conmemorativa en la entrada del INSTITUTO en memoria de nuestra compañera.</p>
</div>
<div style="text-align: justify">Además, desde ese momento, este espacio expositivo ha comenzado a denominarse ESPACIO ARTE Mª CARMEN DÍAZ SOTO.</div>
<div style="text-align: justify"><a href="http://blogsaverroes.juntadeandalucia.es/ieschristinepicasso/files/2015/11/IMG_20170201_105851588.jpg"><img loading="lazy" decoding="async" class="aligncenter size-medium wp-image-2761" src="http://blogsaverroes.juntadeandalucia.es/ieschristinepicasso/files/2015/11/IMG_20170201_105851588-300x225.jpg" alt="IMG_20170201_105851588" width="300" height="225" srcset="https://blogsaverroes.juntadeandalucia.es/ieschristinepicasso2/files/2015/11/IMG_20170201_105851588-300x225.jpg 300w, https://blogsaverroes.juntadeandalucia.es/ieschristinepicasso2/files/2015/11/IMG_20170201_105851588-1024x768.jpg 1024w, https://blogsaverroes.juntadeandalucia.es/ieschristinepicasso2/files/2015/11/IMG_20170201_105851588-24x18.jpg 24w, https://blogsaverroes.juntadeandalucia.es/ieschristinepicasso2/files/2015/11/IMG_20170201_105851588-36x27.jpg 36w, https://blogsaverroes.juntadeandalucia.es/ieschristinepicasso2/files/2015/11/IMG_20170201_105851588-48x36.jpg 48w, https://blogsaverroes.juntadeandalucia.es/ieschristinepicasso2/files/2015/11/IMG_20170201_105851588.jpg 1600w" sizes="(max-width: 300px) 100vw, 300px" /></a></div>

<p>ESPACIO-ARTE MARÍA DEL CARMEN DÍAZ SOTO En las sesiones finales del Claustro y del Consejo Escolar del curso 2015/16 se aprobó por unanimidad la iniciativa de renombrar el espacio expositivo del Centro, ESPACIO ARTE,&#46;&#46;&#46;</p>
