{"id":2487,"date":"2015-11-26T20:10:21","date_gmt":"2015-11-26T20:10:21","guid":{"rendered":"http:\/\/blogsaverroes.juntadeandalucia.es\/ieschristinepicasso\/?page_id=2487"},"modified":"2015-11-26T20:10:21","modified_gmt":"2015-11-26T20:10:21","slug":"actividad-i-feria-de-la-tecnologia-y-la-robotica","status":"publish","type":"page","link":"https:\/\/blogsaverroes.juntadeandalucia.es\/ieschristinepicasso2\/actividad-i-feria-de-la-tecnologia-y-la-robotica\/","title":{"rendered":"Actividad I Feria de la Tecnolog\u00eda y la Rob\u00f3tica"},"content":{"rendered":"<h2 style=\"text-align: center\"><strong>I FERIA ANDALUZA DE LA TECNOLOG\u00cdA Y LA ROB\u00d3TICA CELEBRADA EN M\u00c1LAGA<\/strong><\/h2>\n<p><strong>Cr\u00f3nica de la actividad:<\/strong><\/p>\n<p style=\"text-align: justify\">El pasado viernes 17 de abril acudimos al concurso de proyectos celebrado en la Escuela de Ingenier\u00eda Industrial. A pesar de celebrarse en M\u00e1laga, hab\u00eda participantes de las distintas provincias de Andaluc\u00eda que hab\u00edan acudido expresamente para participar en dicho concurso. Era tan s\u00f3lo su primera edici\u00f3n, pero bastaba asomarse a la zona de exposici\u00f3n para percatarse del nivel de los participantes y la cantidad de proyectos que se hab\u00edan presentado. Sobre las nueve salimos del instituto, y caminamos hasta la boca de metro m\u00e1s cercana. Era la primera vez que me sub\u00eda en el metro de M\u00e1laga y me caus\u00f3 una buena impresi\u00f3n. Viajamos tranquilos hablando con nuestros amigos mientras el tren avanzaba, y de repente hab\u00edamos llegado. Caminamos hasta el enorme edificio donde se celebraba el concurso, y cuando entramos nuestro asombro fue m\u00e1ximo al ver a tanta gente reunida. Encontramos sendos proyectos, y por turnos visitamos los de los dem\u00e1s. Los nervios eran palpables en el ambiente. Por todos lados flu\u00edan r\u00edos de personas ansiosas por ver el nivel de sus competidores, y a pesar de darnos cuenta de que hab\u00edan puesto el list\u00f3n muy alto, la ilusi\u00f3n siempre persist\u00eda en nosotros. Tras un par de horas explicando a la gente sobre nuestra caja-nido y el estrecho compromiso de nuestro centro por la preservaci\u00f3n de las aves aut\u00f3ctonas, lleg\u00f3 la hora de la entrega de premios. Acudimos al sal\u00f3n de actos, grande, espacioso, solemne. Tras la proyecci\u00f3n de un v\u00eddeo sobre el avance de la ingenier\u00eda a lo largo de la historia, tomaron la palabra distintas personalidades, de entre los cuales cabe destacar a D. Francisco de la Torre Prados, actual alcalde de M\u00e1laga, y D\u00f1a. Adelaida de la Calle, rectora de la Universidad. Fueron nombrando a los ganadores de cada categor\u00eda dentro de su edad correspondiente, y aunque nosotros no recibimos ning\u00fan premio hab\u00eda sido un d\u00eda muy agradable. Nos dieron un diploma a cada uno, junto con una acreditaci\u00f3n que luc\u00edamos orgullosos en nuestro regreso al instituto en metro. Fue un d\u00eda inusual y divertido, y espero volver alg\u00fan d\u00eda, ya que aunque sea una actividad fuera del aula tambi\u00e9n aprendimos diferentes cosas sobre el mundo de la ingenier\u00eda, solo que esta vez la diversi\u00f3n y el aprendizaje por fin iban de la mano.<\/p>\n<p style=\"text-align: right\">\u00a0Julia Aguilera Mu\u00f1oz 2\u00baA\u00a0 2014-2015<\/p>\n\n\t\t<style>\n\t\t\t#gallery-1 {\n\t\t\t\tmargin: auto;\n\t\t\t}\n\t\t\t#gallery-1 .gallery-item {\n\t\t\t\tfloat: left;\n\t\t\t\tmargin-top: 10px;\n\t\t\t\ttext-align: center;\n\t\t\t\twidth: 33%;\n\t\t\t}\n\t\t\t#gallery-1 img {\n\t\t\t\tborder: 2px solid #cfcfcf;\n\t\t\t}\n\t\t\t#gallery-1 .gallery-caption {\n\t\t\t\tmargin-left: 0;\n\t\t\t}\n\t\t\t\/* see gallery_shortcode() in wp-includes\/media.php *\/\n\t\t<\/style>\n\t\t<div id='gallery-1' class='gallery galleryid-2487 gallery-columns-3 gallery-size-thumbnail'><dl class='gallery-item'>\n\t\t\t<dt class='gallery-icon landscape'>\n\t\t\t\t<a href='https:\/\/blogsaverroes.juntadeandalucia.es\/ieschristinepicasso2\/actividad-i-feria-de-la-tecnologia-y-la-robotica\/1iferiaandaluzatecnologia-ambiente15foto-proporcionada-prof-cesar-trujillo\/'><img loading=\"lazy\" decoding=\"async\" width=\"150\" height=\"150\" src=\"https:\/\/blogsaverroes.juntadeandalucia.es\/ieschristinepicasso2\/files\/2015\/11\/1iferiaandaluzatecnolog\u00eda-ambiente15Foto-proporcionada-Prof.-Cesar-Trujillo-150x150.jpg\" class=\"attachment-thumbnail size-thumbnail\" alt=\"\" srcset=\"https:\/\/blogsaverroes.juntadeandalucia.es\/ieschristinepicasso2\/files\/2015\/11\/1iferiaandaluzatecnolog\u00eda-ambiente15Foto-proporcionada-Prof.-Cesar-Trujillo-150x150.jpg 150w, https:\/\/blogsaverroes.juntadeandalucia.es\/ieschristinepicasso2\/files\/2015\/11\/1iferiaandaluzatecnolog\u00eda-ambiente15Foto-proporcionada-Prof.-Cesar-Trujillo-100x100.jpg 100w, https:\/\/blogsaverroes.juntadeandalucia.es\/ieschristinepicasso2\/files\/2015\/11\/1iferiaandaluzatecnolog\u00eda-ambiente15Foto-proporcionada-Prof.-Cesar-Trujillo-50x50.jpg 50w\" sizes=\"(max-width: 150px) 100vw, 150px\" \/><\/a>\n\t\t\t<\/dt><\/dl><dl class='gallery-item'>\n\t\t\t<dt class='gallery-icon landscape'>\n\t\t\t\t<a href='https:\/\/blogsaverroes.juntadeandalucia.es\/ieschristinepicasso2\/actividad-i-feria-de-la-tecnologia-y-la-robotica\/2iferiaandaluzatecnologia-ambiente11foto-proporcionada-prof-cesar-trujillo\/'><img loading=\"lazy\" decoding=\"async\" width=\"150\" height=\"150\" src=\"https:\/\/blogsaverroes.juntadeandalucia.es\/ieschristinepicasso2\/files\/2015\/11\/2iferiaandaluzatecnolog\u00eda-ambiente11Foto-proporcionada-Prof.-Cesar-Trujillo-150x150.jpg\" class=\"attachment-thumbnail size-thumbnail\" alt=\"\" srcset=\"https:\/\/blogsaverroes.juntadeandalucia.es\/ieschristinepicasso2\/files\/2015\/11\/2iferiaandaluzatecnolog\u00eda-ambiente11Foto-proporcionada-Prof.-Cesar-Trujillo-150x150.jpg 150w, https:\/\/blogsaverroes.juntadeandalucia.es\/ieschristinepicasso2\/files\/2015\/11\/2iferiaandaluzatecnolog\u00eda-ambiente11Foto-proporcionada-Prof.-Cesar-Trujillo-100x100.jpg 100w, https:\/\/blogsaverroes.juntadeandalucia.es\/ieschristinepicasso2\/files\/2015\/11\/2iferiaandaluzatecnolog\u00eda-ambiente11Foto-proporcionada-Prof.-Cesar-Trujillo-50x50.jpg 50w\" sizes=\"(max-width: 150px) 100vw, 150px\" \/><\/a>\n\t\t\t<\/dt><\/dl><dl class='gallery-item'>\n\t\t\t<dt class='gallery-icon portrait'>\n\t\t\t\t<a href='https:\/\/blogsaverroes.juntadeandalucia.es\/ieschristinepicasso2\/actividad-i-feria-de-la-tecnologia-y-la-robotica\/3iferiaandaluzatecnologia-ambiente18-foto-proporcionada-prof-cesar-trujillo\/'><img loading=\"lazy\" decoding=\"async\" width=\"150\" height=\"150\" src=\"https:\/\/blogsaverroes.juntadeandalucia.es\/ieschristinepicasso2\/files\/2015\/11\/3iferiaandaluzatecnolog\u00eda-ambiente18-Foto-proporcionada-Prof.-Cesar-Trujillo-150x150.jpg\" class=\"attachment-thumbnail size-thumbnail\" alt=\"\" srcset=\"https:\/\/blogsaverroes.juntadeandalucia.es\/ieschristinepicasso2\/files\/2015\/11\/3iferiaandaluzatecnolog\u00eda-ambiente18-Foto-proporcionada-Prof.-Cesar-Trujillo-150x150.jpg 150w, https:\/\/blogsaverroes.juntadeandalucia.es\/ieschristinepicasso2\/files\/2015\/11\/3iferiaandaluzatecnolog\u00eda-ambiente18-Foto-proporcionada-Prof.-Cesar-Trujillo-100x100.jpg 100w, https:\/\/blogsaverroes.juntadeandalucia.es\/ieschristinepicasso2\/files\/2015\/11\/3iferiaandaluzatecnolog\u00eda-ambiente18-Foto-proporcionada-Prof.-Cesar-Trujillo-50x50.jpg 50w\" sizes=\"(max-width: 150px) 100vw, 150px\" \/><\/a>\n\t\t\t<\/dt><\/dl><br style=\"clear: both\" \/><dl class='gallery-item'>\n\t\t\t<dt class='gallery-icon landscape'>\n\t\t\t\t<a href='https:\/\/blogsaverroes.juntadeandalucia.es\/ieschristinepicasso2\/actividad-i-feria-de-la-tecnologia-y-la-robotica\/4iferiaandaluzatecnologia-ambiente06-foto-proporcionada-prof-cesar-trujillo\/'><img loading=\"lazy\" decoding=\"async\" width=\"150\" height=\"150\" src=\"https:\/\/blogsaverroes.juntadeandalucia.es\/ieschristinepicasso2\/files\/2015\/11\/4iferiaandaluzatecnolog\u00eda-ambiente06-Foto-proporcionada-Prof.-Cesar-Trujillo-150x150.jpg\" class=\"attachment-thumbnail size-thumbnail\" alt=\"\" srcset=\"https:\/\/blogsaverroes.juntadeandalucia.es\/ieschristinepicasso2\/files\/2015\/11\/4iferiaandaluzatecnolog\u00eda-ambiente06-Foto-proporcionada-Prof.-Cesar-Trujillo-150x150.jpg 150w, https:\/\/blogsaverroes.juntadeandalucia.es\/ieschristinepicasso2\/files\/2015\/11\/4iferiaandaluzatecnolog\u00eda-ambiente06-Foto-proporcionada-Prof.-Cesar-Trujillo-100x100.jpg 100w, https:\/\/blogsaverroes.juntadeandalucia.es\/ieschristinepicasso2\/files\/2015\/11\/4iferiaandaluzatecnolog\u00eda-ambiente06-Foto-proporcionada-Prof.-Cesar-Trujillo-50x50.jpg 50w\" sizes=\"(max-width: 150px) 100vw, 150px\" \/><\/a>\n\t\t\t<\/dt><\/dl><dl class='gallery-item'>\n\t\t\t<dt class='gallery-icon portrait'>\n\t\t\t\t<a href='https:\/\/blogsaverroes.juntadeandalucia.es\/ieschristinepicasso2\/actividad-i-feria-de-la-tecnologia-y-la-robotica\/5iferiaandaluzatecnologia-ambiente13-foto-proporcionada-prof-cesar-trujillo\/'><img loading=\"lazy\" decoding=\"async\" width=\"150\" height=\"150\" src=\"https:\/\/blogsaverroes.juntadeandalucia.es\/ieschristinepicasso2\/files\/2015\/11\/5iferiaandaluzatecnolog\u00eda-ambiente13-Foto-proporcionada-Prof.-Cesar-Trujillo-150x150.jpg\" class=\"attachment-thumbnail size-thumbnail\" alt=\"\" srcset=\"https:\/\/blogsaverroes.juntadeandalucia.es\/ieschristinepicasso2\/files\/2015\/11\/5iferiaandaluzatecnolog\u00eda-ambiente13-Foto-proporcionada-Prof.-Cesar-Trujillo-150x150.jpg 150w, https:\/\/blogsaverroes.juntadeandalucia.es\/ieschristinepicasso2\/files\/2015\/11\/5iferiaandaluzatecnolog\u00eda-ambiente13-Foto-proporcionada-Prof.-Cesar-Trujillo-100x100.jpg 100w, https:\/\/blogsaverroes.juntadeandalucia.es\/ieschristinepicasso2\/files\/2015\/11\/5iferiaandaluzatecnolog\u00eda-ambiente13-Foto-proporcionada-Prof.-Cesar-Trujillo-50x50.jpg 50w\" sizes=\"(max-width: 150px) 100vw, 150px\" \/><\/a>\n\t\t\t<\/dt><\/dl><dl class='gallery-item'>\n\t\t\t<dt class='gallery-icon landscape'>\n\t\t\t\t<a href='https:\/\/blogsaverroes.juntadeandalucia.es\/ieschristinepicasso2\/actividad-i-feria-de-la-tecnologia-y-la-robotica\/6fotoacto\/'><img loading=\"lazy\" decoding=\"async\" width=\"150\" height=\"150\" src=\"https:\/\/blogsaverroes.juntadeandalucia.es\/ieschristinepicasso2\/files\/2015\/11\/6fotoacto-150x150.jpg\" class=\"attachment-thumbnail size-thumbnail\" alt=\"\" srcset=\"https:\/\/blogsaverroes.juntadeandalucia.es\/ieschristinepicasso2\/files\/2015\/11\/6fotoacto-150x150.jpg 150w, https:\/\/blogsaverroes.juntadeandalucia.es\/ieschristinepicasso2\/files\/2015\/11\/6fotoacto-100x100.jpg 100w, https:\/\/blogsaverroes.juntadeandalucia.es\/ieschristinepicasso2\/files\/2015\/11\/6fotoacto-50x50.jpg 50w\" sizes=\"(max-width: 150px) 100vw, 150px\" \/><\/a>\n\t\t\t<\/dt><\/dl><br style=\"clear: both\" \/>\n\t\t<\/div>\n\n<p>&nbsp;<\/p>\n","protected":false},"excerpt":{"rendered":"<p>I FERIA ANDALUZA DE LA TECNOLOG\u00cdA Y LA ROB\u00d3TICA CELEBRADA EN M\u00c1LAGA Cr\u00f3nica de la actividad: El pasado viernes 17 de abril acudimos al concurso de proyectos celebrado en la Escuela de Ingenier\u00eda Industrial.&#46;&#46;&#46;<\/p>\n","protected":false},"author":2271,"featured_media":0,"parent":0,"menu_order":0,"comment_status":"closed","ping_status":"open","template":"","meta":{"ngg_post_thumbnail":0,"footnotes":"","_mc_calendar":[]},"aioseo_notices":[],"_links":{"self":[{"href":"https:\/\/blogsaverroes.juntadeandalucia.es\/ieschristinepicasso2\/wp-json\/wp\/v2\/pages\/2487"}],"collection":[{"href":"https:\/\/blogsaverroes.juntadeandalucia.es\/ieschristinepicasso2\/wp-json\/wp\/v2\/pages"}],"about":[{"href":"https:\/\/blogsaverroes.juntadeandalucia.es\/ieschristinepicasso2\/wp-json\/wp\/v2\/types\/page"}],"author":[{"embeddable":true,"href":"https:\/\/blogsaverroes.juntadeandalucia.es\/ieschristinepicasso2\/wp-json\/wp\/v2\/users\/2271"}],"replies":[{"embeddable":true,"href":"https:\/\/blogsaverroes.juntadeandalucia.es\/ieschristinepicasso2\/wp-json\/wp\/v2\/comments?post=2487"}],"version-history":[{"count":2,"href":"https:\/\/blogsaverroes.juntadeandalucia.es\/ieschristinepicasso2\/wp-json\/wp\/v2\/pages\/2487\/revisions"}],"predecessor-version":[{"id":2495,"href":"https:\/\/blogsaverroes.juntadeandalucia.es\/ieschristinepicasso2\/wp-json\/wp\/v2\/pages\/2487\/revisions\/2495"}],"wp:attachment":[{"href":"https:\/\/blogsaverroes.juntadeandalucia.es\/ieschristinepicasso2\/wp-json\/wp\/v2\/media?parent=2487"}],"curies":[{"name":"wp","href":"https:\/\/api.w.org\/{rel}","templated":true}]}}

Actividad I Feria de la Tecnología y la Robótica

<h2 style="text-align: center"><strong>I FERIA ANDALUZA DE LA TECNOLOGÍA Y LA ROBÓTICA CELEBRADA EN MÁLAGA</strong></h2>
<p><strong>Crónica de la actividad:</strong></p>
<p style="text-align: justify">El pasado viernes 17 de abril acudimos al concurso de proyectos celebrado en la Escuela de Ingeniería Industrial. A pesar de celebrarse en Málaga, había participantes de las distintas provincias de Andalucía que habían acudido expresamente para participar en dicho concurso. Era tan sólo su primera edición, pero bastaba asomarse a la zona de exposición para percatarse del nivel de los participantes y la cantidad de proyectos que se habían presentado. Sobre las nueve salimos del instituto, y caminamos hasta la boca de metro más cercana. Era la primera vez que me subía en el metro de Málaga y me causó una buena impresión. Viajamos tranquilos hablando con nuestros amigos mientras el tren avanzaba, y de repente habíamos llegado. Caminamos hasta el enorme edificio donde se celebraba el concurso, y cuando entramos nuestro asombro fue máximo al ver a tanta gente reunida. Encontramos sendos proyectos, y por turnos visitamos los de los demás. Los nervios eran palpables en el ambiente. Por todos lados fluían ríos de personas ansiosas por ver el nivel de sus competidores, y a pesar de darnos cuenta de que habían puesto el listón muy alto, la ilusión siempre persistía en nosotros. Tras un par de horas explicando a la gente sobre nuestra caja-nido y el estrecho compromiso de nuestro centro por la preservación de las aves autóctonas, llegó la hora de la entrega de premios. Acudimos al salón de actos, grande, espacioso, solemne. Tras la proyección de un vídeo sobre el avance de la ingeniería a lo largo de la historia, tomaron la palabra distintas personalidades, de entre los cuales cabe destacar a D. Francisco de la Torre Prados, actual alcalde de Málaga, y Dña. Adelaida de la Calle, rectora de la Universidad. Fueron nombrando a los ganadores de cada categoría dentro de su edad correspondiente, y aunque nosotros no recibimos ningún premio había sido un día muy agradable. Nos dieron un diploma a cada uno, junto con una acreditación que lucíamos orgullosos en nuestro regreso al instituto en metro. Fue un día inusual y divertido, y espero volver algún día, ya que aunque sea una actividad fuera del aula también aprendimos diferentes cosas sobre el mundo de la ingeniería, solo que esta vez la diversión y el aprendizaje por fin iban de la mano.</p>
<p style="text-align: right"> Julia Aguilera Muñoz 2ºA  2014-2015</p>

		<style>
			#gallery-1 {
				margin: auto;
			}
			#gallery-1 .gallery-item {
				float: left;
				margin-top: 10px;
				text-align: center;
				width: 33%;
			}
			#gallery-1 img {
				border: 2px solid #cfcfcf;
			}
			#gallery-1 .gallery-caption {
				margin-left: 0;
			}
			/* see gallery_shortcode() in wp-includes/media.php */
		</style>
		<div id='gallery-1' class='gallery galleryid-2487 gallery-columns-3 gallery-size-thumbnail'><dl class='gallery-item'>
			<dt class='gallery-icon landscape'>
				<a href='https://blogsaverroes.juntadeandalucia.es/ieschristinepicasso2/actividad-i-feria-de-la-tecnologia-y-la-robotica/1iferiaandaluzatecnologia-ambiente15foto-proporcionada-prof-cesar-trujillo/'><img loading="lazy" decoding="async" width="150" height="150" src="https://blogsaverroes.juntadeandalucia.es/ieschristinepicasso2/files/2015/11/1iferiaandaluzatecnología-ambiente15Foto-proporcionada-Prof.-Cesar-Trujillo-150x150.jpg" class="attachment-thumbnail size-thumbnail" alt="" srcset="https://blogsaverroes.juntadeandalucia.es/ieschristinepicasso2/files/2015/11/1iferiaandaluzatecnología-ambiente15Foto-proporcionada-Prof.-Cesar-Trujillo-150x150.jpg 150w, https://blogsaverroes.juntadeandalucia.es/ieschristinepicasso2/files/2015/11/1iferiaandaluzatecnología-ambiente15Foto-proporcionada-Prof.-Cesar-Trujillo-100x100.jpg 100w, https://blogsaverroes.juntadeandalucia.es/ieschristinepicasso2/files/2015/11/1iferiaandaluzatecnología-ambiente15Foto-proporcionada-Prof.-Cesar-Trujillo-50x50.jpg 50w" sizes="(max-width: 150px) 100vw, 150px" /></a>
			</dt></dl><dl class='gallery-item'>
			<dt class='gallery-icon landscape'>
				<a href='https://blogsaverroes.juntadeandalucia.es/ieschristinepicasso2/actividad-i-feria-de-la-tecnologia-y-la-robotica/2iferiaandaluzatecnologia-ambiente11foto-proporcionada-prof-cesar-trujillo/'><img loading="lazy" decoding="async" width="150" height="150" src="https://blogsaverroes.juntadeandalucia.es/ieschristinepicasso2/files/2015/11/2iferiaandaluzatecnología-ambiente11Foto-proporcionada-Prof.-Cesar-Trujillo-150x150.jpg" class="attachment-thumbnail size-thumbnail" alt="" srcset="https://blogsaverroes.juntadeandalucia.es/ieschristinepicasso2/files/2015/11/2iferiaandaluzatecnología-ambiente11Foto-proporcionada-Prof.-Cesar-Trujillo-150x150.jpg 150w, https://blogsaverroes.juntadeandalucia.es/ieschristinepicasso2/files/2015/11/2iferiaandaluzatecnología-ambiente11Foto-proporcionada-Prof.-Cesar-Trujillo-100x100.jpg 100w, https://blogsaverroes.juntadeandalucia.es/ieschristinepicasso2/files/2015/11/2iferiaandaluzatecnología-ambiente11Foto-proporcionada-Prof.-Cesar-Trujillo-50x50.jpg 50w" sizes="(max-width: 150px) 100vw, 150px" /></a>
			</dt></dl><dl class='gallery-item'>
			<dt class='gallery-icon portrait'>
				<a href='https://blogsaverroes.juntadeandalucia.es/ieschristinepicasso2/actividad-i-feria-de-la-tecnologia-y-la-robotica/3iferiaandaluzatecnologia-ambiente18-foto-proporcionada-prof-cesar-trujillo/'><img loading="lazy" decoding="async" width="150" height="150" src="https://blogsaverroes.juntadeandalucia.es/ieschristinepicasso2/files/2015/11/3iferiaandaluzatecnología-ambiente18-Foto-proporcionada-Prof.-Cesar-Trujillo-150x150.jpg" class="attachment-thumbnail size-thumbnail" alt="" srcset="https://blogsaverroes.juntadeandalucia.es/ieschristinepicasso2/files/2015/11/3iferiaandaluzatecnología-ambiente18-Foto-proporcionada-Prof.-Cesar-Trujillo-150x150.jpg 150w, https://blogsaverroes.juntadeandalucia.es/ieschristinepicasso2/files/2015/11/3iferiaandaluzatecnología-ambiente18-Foto-proporcionada-Prof.-Cesar-Trujillo-100x100.jpg 100w, https://blogsaverroes.juntadeandalucia.es/ieschristinepicasso2/files/2015/11/3iferiaandaluzatecnología-ambiente18-Foto-proporcionada-Prof.-Cesar-Trujillo-50x50.jpg 50w" sizes="(max-width: 150px) 100vw, 150px" /></a>
			</dt></dl><br style="clear: both" /><dl class='gallery-item'>
			<dt class='gallery-icon landscape'>
				<a href='https://blogsaverroes.juntadeandalucia.es/ieschristinepicasso2/actividad-i-feria-de-la-tecnologia-y-la-robotica/4iferiaandaluzatecnologia-ambiente06-foto-proporcionada-prof-cesar-trujillo/'><img loading="lazy" decoding="async" width="150" height="150" src="https://blogsaverroes.juntadeandalucia.es/ieschristinepicasso2/files/2015/11/4iferiaandaluzatecnología-ambiente06-Foto-proporcionada-Prof.-Cesar-Trujillo-150x150.jpg" class="attachment-thumbnail size-thumbnail" alt="" srcset="https://blogsaverroes.juntadeandalucia.es/ieschristinepicasso2/files/2015/11/4iferiaandaluzatecnología-ambiente06-Foto-proporcionada-Prof.-Cesar-Trujillo-150x150.jpg 150w, https://blogsaverroes.juntadeandalucia.es/ieschristinepicasso2/files/2015/11/4iferiaandaluzatecnología-ambiente06-Foto-proporcionada-Prof.-Cesar-Trujillo-100x100.jpg 100w, https://blogsaverroes.juntadeandalucia.es/ieschristinepicasso2/files/2015/11/4iferiaandaluzatecnología-ambiente06-Foto-proporcionada-Prof.-Cesar-Trujillo-50x50.jpg 50w" sizes="(max-width: 150px) 100vw, 150px" /></a>
			</dt></dl><dl class='gallery-item'>
			<dt class='gallery-icon portrait'>
				<a href='https://blogsaverroes.juntadeandalucia.es/ieschristinepicasso2/actividad-i-feria-de-la-tecnologia-y-la-robotica/5iferiaandaluzatecnologia-ambiente13-foto-proporcionada-prof-cesar-trujillo/'><img loading="lazy" decoding="async" width="150" height="150" src="https://blogsaverroes.juntadeandalucia.es/ieschristinepicasso2/files/2015/11/5iferiaandaluzatecnología-ambiente13-Foto-proporcionada-Prof.-Cesar-Trujillo-150x150.jpg" class="attachment-thumbnail size-thumbnail" alt="" srcset="https://blogsaverroes.juntadeandalucia.es/ieschristinepicasso2/files/2015/11/5iferiaandaluzatecnología-ambiente13-Foto-proporcionada-Prof.-Cesar-Trujillo-150x150.jpg 150w, https://blogsaverroes.juntadeandalucia.es/ieschristinepicasso2/files/2015/11/5iferiaandaluzatecnología-ambiente13-Foto-proporcionada-Prof.-Cesar-Trujillo-100x100.jpg 100w, https://blogsaverroes.juntadeandalucia.es/ieschristinepicasso2/files/2015/11/5iferiaandaluzatecnología-ambiente13-Foto-proporcionada-Prof.-Cesar-Trujillo-50x50.jpg 50w" sizes="(max-width: 150px) 100vw, 150px" /></a>
			</dt></dl><dl class='gallery-item'>
			<dt class='gallery-icon landscape'>
				<a href='https://blogsaverroes.juntadeandalucia.es/ieschristinepicasso2/actividad-i-feria-de-la-tecnologia-y-la-robotica/6fotoacto/'><img loading="lazy" decoding="async" width="150" height="150" src="https://blogsaverroes.juntadeandalucia.es/ieschristinepicasso2/files/2015/11/6fotoacto-150x150.jpg" class="attachment-thumbnail size-thumbnail" alt="" srcset="https://blogsaverroes.juntadeandalucia.es/ieschristinepicasso2/files/2015/11/6fotoacto-150x150.jpg 150w, https://blogsaverroes.juntadeandalucia.es/ieschristinepicasso2/files/2015/11/6fotoacto-100x100.jpg 100w, https://blogsaverroes.juntadeandalucia.es/ieschristinepicasso2/files/2015/11/6fotoacto-50x50.jpg 50w" sizes="(max-width: 150px) 100vw, 150px" /></a>
			</dt></dl><br style="clear: both" />
		</div>

<p>&nbsp;</p>

<p>I FERIA ANDALUZA DE LA TECNOLOGÍA Y LA ROBÓTICA CELEBRADA EN MÁLAGA Crónica de la actividad: El pasado viernes 17 de abril acudimos al concurso de proyectos celebrado en la Escuela de Ingeniería Industrial.&#46;&#46;&#46;</p>
