{"id":3138,"date":"2019-05-02T16:59:43","date_gmt":"2019-05-02T16:59:43","guid":{"rendered":"https:\/\/blogsaverroes.juntadeandalucia.es\/ieschristinepicasso2\/?page_id=3138"},"modified":"2019-05-02T16:59:43","modified_gmt":"2019-05-02T16:59:43","slug":"pasen-plataforma","status":"publish","type":"page","link":"https:\/\/blogsaverroes.juntadeandalucia.es\/ieschristinepicasso2\/pasen-plataforma\/","title":{"rendered":"PASEN (Plataforma)"},"content":{"rendered":"<p>Documentaci\u00f3n:<\/p>\n<p><a href=\"https:\/\/blogsaverroes.juntadeandalucia.es\/ieschristinepicasso2\/files\/2015\/03\/INSTRUCCIONES-PARA-SOLICITAR-LA-CONTRASE\u00d1A-DESDE-UN-ORDENADOR-1.pdf\" target=\"_blank\" rel=\"noopener\">Instrucciones para la solicitud de contrase\u00f1a desde un ordenador.<\/a><\/p>\n<p><a href=\"https:\/\/blogsaverroes.juntadeandalucia.es\/ieschristinepicasso2\/files\/2015\/03\/INSTRUCCIONES-PARA-SOLICITAR-LA-CONTRASE\u00d1A-DESDE-UN-MOVIL.pdf\" target=\"_blank\" rel=\"noopener\">Instrucciones para la solicitud de contrase\u00f1a desde un m\u00f3vil.<\/a><\/p>\n<p style=\"text-align: center\">Acceso al portal PASEN (<a href=\"https:\/\/www.juntadeandalucia.es\/educacion\/portalseneca\/web\/pasen\/inicio\" target=\"_blank\" rel=\"noopener\">Pulse aqu\u00ed<\/a>)<\/p>\n","protected":false},"excerpt":{"rendered":"<p>Documentaci\u00f3n: Instrucciones para la solicitud de contrase\u00f1a desde un ordenador. Instrucciones para la solicitud de contrase\u00f1a desde un m\u00f3vil. Acceso al portal PASEN (Pulse aqu\u00ed)<\/p>\n","protected":false},"author":2271,"featured_media":0,"parent":0,"menu_order":0,"comment_status":"closed","ping_status":"closed","template":"","meta":{"ngg_post_thumbnail":0,"footnotes":"","_mc_calendar":[]},"aioseo_notices":[],"_links":{"self":[{"href":"https:\/\/blogsaverroes.juntadeandalucia.es\/ieschristinepicasso2\/wp-json\/wp\/v2\/pages\/3138"}],"collection":[{"href":"https:\/\/blogsaverroes.juntadeandalucia.es\/ieschristinepicasso2\/wp-json\/wp\/v2\/pages"}],"about":[{"href":"https:\/\/blogsaverroes.juntadeandalucia.es\/ieschristinepicasso2\/wp-json\/wp\/v2\/types\/page"}],"author":[{"embeddable":true,"href":"https:\/\/blogsaverroes.juntadeandalucia.es\/ieschristinepicasso2\/wp-json\/wp\/v2\/users\/2271"}],"replies":[{"embeddable":true,"href":"https:\/\/blogsaverroes.juntadeandalucia.es\/ieschristinepicasso2\/wp-json\/wp\/v2\/comments?post=3138"}],"version-history":[{"count":1,"href":"https:\/\/blogsaverroes.juntadeandalucia.es\/ieschristinepicasso2\/wp-json\/wp\/v2\/pages\/3138\/revisions"}],"predecessor-version":[{"id":3139,"href":"https:\/\/blogsaverroes.juntadeandalucia.es\/ieschristinepicasso2\/wp-json\/wp\/v2\/pages\/3138\/revisions\/3139"}],"wp:attachment":[{"href":"https:\/\/blogsaverroes.juntadeandalucia.es\/ieschristinepicasso2\/wp-json\/wp\/v2\/media?parent=3138"}],"curies":[{"name":"wp","href":"https:\/\/api.w.org\/{rel}","templated":true}]}}