{"id":3518,"date":"2020-10-18T19:31:15","date_gmt":"2020-10-18T19:31:15","guid":{"rendered":"https:\/\/blogsaverroes.juntadeandalucia.es\/ieschristinepicasso2\/?page_id=3518"},"modified":"2022-11-05T20:18:35","modified_gmt":"2022-11-05T20:18:35","slug":"breve-historia","status":"publish","type":"page","link":"https:\/\/blogsaverroes.juntadeandalucia.es\/ieschristinepicasso2\/breve-historia\/","title":{"rendered":"Breve Historia"},"content":{"rendered":"<h1 style=\"text-align: center\"><span style=\"color: #339966\"><strong>Historia del IES Christine Picasso<\/strong><\/span><\/h1>\n<p>&nbsp;<\/p>\n<p style=\"text-align: justify\"><span style=\"color: #000000\">El Instituto Christine Picasso de M\u00e1laga comenz\u00f3 su andadura en el curso acad\u00e9mico 2003\/2004.&nbsp;El Centro debe su nombre a la presidenta de honor de la Fundaci\u00f3n del Museo Picasso de M\u00e1laga,&nbsp;Christine Ruiz-Picasso, viuda de Paul Ruiz-Picasso, hijo mayor del artista, que por aquella fecha,&nbsp;m\u00e1s concretamente el 27 de octubre de 2003, inaugura el Museo Picasso de M\u00e1laga, situado en el&nbsp;Palacio Buena Vista.<\/span><\/p>\n<p style=\"text-align: justify\"><span style=\"color: #000000\">El instituto p\u00fablico de Educaci\u00f3n Secundaria Christine Picasso se ubica en uno de los barrios&nbsp;m\u00e1s antiguos y tradicionales de la ciudad de M\u00e1laga, la conocida barriada del Perchel (zona sur), la cual debe su nombre al ingenio de las clases populares que se asentaron en la primera urbe&nbsp;extramuros de M\u00e1laga. En esta zona se abri\u00f3 una f\u00e1brica para secar el pescado y su nombre surgi\u00f3 de una deformaci\u00f3n de percha (instrumento que usaban los trabajadores para secar el pescado). Los&nbsp;Percheles, nombre que adquiri\u00f3 en un primer momento, se localizan en los terrenos m\u00e1s pr\u00f3ximos&nbsp;al r\u00edo Guadalmedina y puerto de M\u00e1laga, en un principio para que la poblaci\u00f3n no sufriera los malos&nbsp;olores que desprend\u00eda la empresa.<\/span><\/p>\n<p style=\"text-align: justify\"><span style=\"color: #000000\">Hoy en d\u00eda, la situaci\u00f3n es bastante diferente a lo expuesto en el punto anterior. En la zona del&nbsp;Perchel, se han realizado innumerables cambios a lo largo de los \u00faltimos catorce a\u00f1os, y es en este&nbsp;nuevo entorno donde se levanta el Instituto.<\/span><\/p>\n<p>&nbsp;<\/p>\n<p><img loading=\"lazy\" decoding=\"async\" class=\"aligncenter  wp-image-4687\" src=\"https:\/\/blogsaverroes.juntadeandalucia.es\/ieschristinepicasso2\/files\/2022\/11\/IES-Christine-Picasso-300x201.jpg\" alt=\"\" width=\"404\" height=\"271\" srcset=\"https:\/\/blogsaverroes.juntadeandalucia.es\/ieschristinepicasso2\/files\/2022\/11\/IES-Christine-Picasso-300x201.jpg 300w, https:\/\/blogsaverroes.juntadeandalucia.es\/ieschristinepicasso2\/files\/2022\/11\/IES-Christine-Picasso-768x514.jpg 768w, https:\/\/blogsaverroes.juntadeandalucia.es\/ieschristinepicasso2\/files\/2022\/11\/IES-Christine-Picasso.jpg 1024w\" sizes=\"(max-width: 404px) 100vw, 404px\" \/><\/p>\n","protected":false},"excerpt":{"rendered":"<p>Historia del IES Christine Picasso &nbsp; El Instituto Christine Picasso de M\u00e1laga comenz\u00f3 su andadura en el curso acad\u00e9mico 2003\/2004.&nbsp;El Centro debe su nombre a la presidenta de honor de la Fundaci\u00f3n del Museo&#46;&#46;&#46;<\/p>\n","protected":false},"author":2271,"featured_media":0,"parent":0,"menu_order":0,"comment_status":"closed","ping_status":"closed","template":"","meta":{"ngg_post_thumbnail":0,"footnotes":"","_mc_calendar":[]},"aioseo_notices":[],"_links":{"self":[{"href":"https:\/\/blogsaverroes.juntadeandalucia.es\/ieschristinepicasso2\/wp-json\/wp\/v2\/pages\/3518"}],"collection":[{"href":"https:\/\/blogsaverroes.juntadeandalucia.es\/ieschristinepicasso2\/wp-json\/wp\/v2\/pages"}],"about":[{"href":"https:\/\/blogsaverroes.juntadeandalucia.es\/ieschristinepicasso2\/wp-json\/wp\/v2\/types\/page"}],"author":[{"embeddable":true,"href":"https:\/\/blogsaverroes.juntadeandalucia.es\/ieschristinepicasso2\/wp-json\/wp\/v2\/users\/2271"}],"replies":[{"embeddable":true,"href":"https:\/\/blogsaverroes.juntadeandalucia.es\/ieschristinepicasso2\/wp-json\/wp\/v2\/comments?post=3518"}],"version-history":[{"count":5,"href":"https:\/\/blogsaverroes.juntadeandalucia.es\/ieschristinepicasso2\/wp-json\/wp\/v2\/pages\/3518\/revisions"}],"predecessor-version":[{"id":4688,"href":"https:\/\/blogsaverroes.juntadeandalucia.es\/ieschristinepicasso2\/wp-json\/wp\/v2\/pages\/3518\/revisions\/4688"}],"wp:attachment":[{"href":"https:\/\/blogsaverroes.juntadeandalucia.es\/ieschristinepicasso2\/wp-json\/wp\/v2\/media?parent=3518"}],"curies":[{"name":"wp","href":"https:\/\/api.w.org\/{rel}","templated":true}]}}

<h1 style="text-align: center"><span style="color: #339966"><strong>Historia del IES Christine Picasso</strong></span></h1>
<p>&nbsp;</p>
<p style="text-align: justify"><span style="color: #000000">El Instituto Christine Picasso de Málaga comenzó su andadura en el curso académico 2003/2004.&nbsp;El Centro debe su nombre a la presidenta de honor de la Fundación del Museo Picasso de Málaga,&nbsp;Christine Ruiz-Picasso, viuda de Paul Ruiz-Picasso, hijo mayor del artista, que por aquella fecha,&nbsp;más concretamente el 27 de octubre de 2003, inaugura el Museo Picasso de Málaga, situado en el&nbsp;Palacio Buena Vista.</span></p>
<p style="text-align: justify"><span style="color: #000000">El instituto público de Educación Secundaria Christine Picasso se ubica en uno de los barrios&nbsp;más antiguos y tradicionales de la ciudad de Málaga, la conocida barriada del Perchel (zona sur), la cual debe su nombre al ingenio de las clases populares que se asentaron en la primera urbe&nbsp;extramuros de Málaga. En esta zona se abrió una fábrica para secar el pescado y su nombre surgió de una deformación de percha (instrumento que usaban los trabajadores para secar el pescado). Los&nbsp;Percheles, nombre que adquirió en un primer momento, se localizan en los terrenos más próximos&nbsp;al río Guadalmedina y puerto de Málaga, en un principio para que la población no sufriera los malos&nbsp;olores que desprendía la empresa.</span></p>
<p style="text-align: justify"><span style="color: #000000">Hoy en día, la situación es bastante diferente a lo expuesto en el punto anterior. En la zona del&nbsp;Perchel, se han realizado innumerables cambios a lo largo de los últimos catorce años, y es en este&nbsp;nuevo entorno donde se levanta el Instituto.</span></p>
<p>&nbsp;</p>
<p><img loading="lazy" decoding="async" class="aligncenter  wp-image-4687" src="https://blogsaverroes.juntadeandalucia.es/ieschristinepicasso2/files/2022/11/IES-Christine-Picasso-300x201.jpg" alt="" width="404" height="271" srcset="https://blogsaverroes.juntadeandalucia.es/ieschristinepicasso2/files/2022/11/IES-Christine-Picasso-300x201.jpg 300w, https://blogsaverroes.juntadeandalucia.es/ieschristinepicasso2/files/2022/11/IES-Christine-Picasso-768x514.jpg 768w, https://blogsaverroes.juntadeandalucia.es/ieschristinepicasso2/files/2022/11/IES-Christine-Picasso.jpg 1024w" sizes="(max-width: 404px) 100vw, 404px" /></p>

<p>Historia del IES Christine Picasso &nbsp; El Instituto Christine Picasso de Málaga comenzó su andadura en el curso académico 2003/2004.&nbsp;El Centro debe su nombre a la presidenta de honor de la Fundación del Museo&#46;&#46;&#46;</p>
