{"id":162,"date":"2015-03-17T07:51:10","date_gmt":"2015-03-17T07:51:10","guid":{"rendered":"http:\/\/blogsaverroes.juntadeandalucia.es\/pre\/ceip\/?page_id=162"},"modified":"2025-11-09T14:02:42","modified_gmt":"2025-11-09T12:02:42","slug":"tecnologia","status":"publish","type":"page","link":"https:\/\/blogsaverroes.juntadeandalucia.es\/iesclaracampoamor\/tecnologia\/","title":{"rendered":"Tecnolog\u00eda"},"content":{"rendered":"<h3 style=\"text-align: left\"><a href=\"https:\/\/blogsaverroes.juntadeandalucia.es\/iesclaracampoamor\/files\/2022\/03\/1647430079767-scaled.jpg\"><img loading=\"lazy\" decoding=\"async\" class=\"size-medium wp-image-2893 aligncenter\" src=\"https:\/\/blogsaverroes.juntadeandalucia.es\/iesclaracampoamor\/files\/2022\/03\/1647430079767-300x300.jpg\" alt=\"\" width=\"300\" height=\"300\" srcset=\"https:\/\/blogsaverroes.juntadeandalucia.es\/iesclaracampoamor\/files\/2022\/03\/1647430079767-300x300.jpg 300w, https:\/\/blogsaverroes.juntadeandalucia.es\/iesclaracampoamor\/files\/2022\/03\/1647430079767-1024x1024.jpg 1024w, https:\/\/blogsaverroes.juntadeandalucia.es\/iesclaracampoamor\/files\/2022\/03\/1647430079767-150x150.jpg 150w, https:\/\/blogsaverroes.juntadeandalucia.es\/iesclaracampoamor\/files\/2022\/03\/1647430079767-768x768.jpg 768w, https:\/\/blogsaverroes.juntadeandalucia.es\/iesclaracampoamor\/files\/2022\/03\/1647430079767-1536x1536.jpg 1536w, https:\/\/blogsaverroes.juntadeandalucia.es\/iesclaracampoamor\/files\/2022\/03\/1647430079767-2048x2048.jpg 2048w, https:\/\/blogsaverroes.juntadeandalucia.es\/iesclaracampoamor\/files\/2022\/03\/1647430079767-700x700.jpg 700w, https:\/\/blogsaverroes.juntadeandalucia.es\/iesclaracampoamor\/files\/2022\/03\/1647430079767-332x332.jpg 332w, https:\/\/blogsaverroes.juntadeandalucia.es\/iesclaracampoamor\/files\/2022\/03\/1647430079767-432x432.jpg 432w, https:\/\/blogsaverroes.juntadeandalucia.es\/iesclaracampoamor\/files\/2022\/03\/1647430079767-268x268.jpg 268w, https:\/\/blogsaverroes.juntadeandalucia.es\/iesclaracampoamor\/files\/2022\/03\/1647430079767-scaled.jpg 1600w\" sizes=\"(max-width: 300px) 100vw, 300px\" \/><\/a><\/h3>\n<h3>&nbsp;<\/h3>\n<h2><span style=\"color: #ff0000\">PUBLICACIONES 25-26<\/span><\/h2>\n<p>&nbsp;<\/p>\n<p><a class=\"cboxElement\" href=\"https:\/\/blogsaverroes.juntadeandalucia.es\/iesclaracampoamor\/files\/2023\/11\/R%C3%B3tulo-Criterios.png\"><img loading=\"lazy\" decoding=\"async\" class=\"alignnone size-medium wp-image-3322\" src=\"https:\/\/blogsaverroes.juntadeandalucia.es\/iesclaracampoamor\/files\/2023\/11\/R%C3%B3tulo-Criterios-300x65.png\" alt=\"\" width=\"300\" height=\"65\"><\/a><\/p>\n<p>&nbsp;<\/p>\n<ul>\n<li><a href=\"https:\/\/blogsaverroes.juntadeandalucia.es\/iesclaracampoamor\/files\/2025\/01\/Criterios-TEC-2o-y-3o-eso24-25.pdf\" target=\"_blank\" rel=\"noopener noreferrer\">2\u00ba y 3\u00ba Tecnolog\u00eda y Digitalizaci\u00f3n<\/a><\/li>\n<li><a href=\"https:\/\/blogsaverroes.juntadeandalucia.es\/iesclaracampoamor\/files\/2025\/01\/Criterios-TEC-4o-eso24-25.pdf\" target=\"_blank\" rel=\"noopener noreferrer\">4\u00ba ESO Tecnolog\u00eda<\/a><\/li>\n<\/ul>\n<ul>\n<li><a href=\"https:\/\/blogsaverroes.juntadeandalucia.es\/iesclaracampoamor\/files\/2025\/11\/Criterios-4o-DIGI-2025-2026.pdf\">4\u00ba ESO Digitalizaci\u00f3n<\/a><\/li>\n<li><a href=\"https:\/\/blogsaverroes.juntadeandalucia.es\/iesclaracampoamor\/files\/2025\/11\/Plan-de-recuperacion-pendientes-25-26.pdf\">Plan de recuperaci\u00f3n pendientes 25-26<\/a><\/li>\n<\/ul>\n<h3>&nbsp;<\/h3>\n<h3 style=\"text-align: left\"><span style=\"color: #0000ff\">RECURSOS TECNOLOG\u00cdA<\/span><\/h3>\n<ul>\n<li><a href=\"https:\/\/blogsaverroes.juntadeandalucia.es\/iesclaracampoamor\/files\/2022\/03\/ARDUINO-C\u00f3mic-explicaci\u00f3n-inicial.pdf\" target=\"_blank\" rel=\"noopener noreferrer\"><strong>ARDUINO<\/strong> C\u00f3mic nivel inicial<\/a><\/li>\n<li><a href=\"https:\/\/blogsaverroes.juntadeandalucia.es\/iesclaracampoamor\/files\/2022\/03\/ARDUINO-Acordeon-hoja-resumen.pdf\" target=\"_blank\" rel=\"noopener noreferrer\"><strong>ARDUINO<\/strong> Acorde\u00f3n<\/a><\/li>\n<li><a href=\"https:\/\/blogsaverroes.juntadeandalucia.es\/iesclaracampoamor\/files\/2022\/03\/ARDUINIO-Minicurso-completo-38-p\u00e1ginas.pdf\" target=\"_blank\" rel=\"noopener noreferrer\"><strong>ARDUINO<\/strong> Pr\u00e1cticas<\/a><\/li>\n<li><strong>ARDUINO<\/strong> <a href=\"https:\/\/blogsaverroes.juntadeandalucia.es\/iesclaracampoamor\/files\/2022\/09\/5041-entrenador.pdf\">Pr\u00e1cticas Microlog<\/a><\/li>\n<li><a href=\"https:\/\/blogsaverroes.juntadeandalucia.es\/iesclaracampoamor\/files\/2022\/09\/pr\u00e1cticaselectr\u00f3nicaOPITEC.pdf\" target=\"_blank\" rel=\"noopener noreferrer\"><strong>ELECTR\u00d3NICA<\/strong> Pr\u00e1cticas Opitec<\/a><\/li>\n<li><a href=\"https:\/\/blogsaverroes.juntadeandalucia.es\/iesclaracampoamor\/files\/2022\/09\/temacompletoinstalaciones.pdf\" target=\"_blank\" rel=\"noopener noreferrer\"><strong>INSTALACIONES<\/strong> Teor\u00eda instalaciones en viviendas<\/a><\/li>\n<li><strong>MATERIALES<\/strong> <a href=\"https:\/\/drive.google.com\/file\/d\/1v5D8cIKN8bok9Xxz3qjGaWjNN-sOPgjP\/view?usp=sharing\" target=\"_blank\" rel=\"noopener noreferrer\">Fibra \u00f3ptica<\/a> (V\u00eddeo obtenci\u00f3n fibra de vidrio)<\/li>\n<li><strong>MATERIALES<\/strong> <a href=\"https:\/\/drive.google.com\/file\/d\/1RnlVZyq9sT_oFgYVbhT92fReLnG0V2vS\/view?usp=sharing\" target=\"_blank\" rel=\"noopener noreferrer\">Madera<\/a> (V\u00eddeo obtenci\u00f3n madera)<\/li>\n<li><strong>MATERIALES<\/strong> <a href=\"https:\/\/drive.google.com\/file\/d\/1_4xOj6ObsUyE-AZj3IZbgUnZGzsDPt0n\/view?usp=sharing\" target=\"_blank\" rel=\"noopener noreferrer\">Vidrio<\/a> (V\u00eddeo fabricaci\u00f3n vidrio)<\/li>\n<li><a href=\"https:\/\/blogsaverroes.juntadeandalucia.es\/iesclaracampoamor\/files\/2022\/09\/MECANISMOS-Aut\u00f3matas-de-cart\u00f3n.pdf\" target=\"_blank\" rel=\"noopener noreferrer\"><strong>MECANISMOS<\/strong> Aut\u00f3matas de cart\u00f3n<\/a><\/li>\n<li><a href=\"https:\/\/blogsaverroes.juntadeandalucia.es\/iesclaracampoamor\/files\/2022\/09\/MECANISMOS-Aut\u00f3matas-de-cart\u00f3n-II.pdf\"><strong>MECANISMOS<\/strong> Aut\u00f3matas de cart\u00f3n II<\/a><\/li>\n<li><a href=\"https:\/\/blogsaverroes.juntadeandalucia.es\/iesclaracampoamor\/files\/2022\/03\/unidad_didactica_neumatica_4_v1_c.pdf\" target=\"_blank\" rel=\"noopener noreferrer\"><strong>NEUM\u00c1TICA E HIDR\u00c1ULICA<\/strong> Unidad y Simbolog\u00eda resumida<\/a><\/li>\n<li><a href=\"https:\/\/blogsaverroes.juntadeandalucia.es\/iesclaracampoamor\/files\/2022\/03\/ud_simbologia_neu.pdf\" target=\"_blank\" rel=\"noopener noreferrer\"><strong>NEUM\u00c1TICA E HIDR\u00c1ULICA<\/strong> Simbolog\u00eda Completa<\/a><\/li>\n<li><strong>PROGRAMACI\u00d3N<\/strong> <a href=\"https:\/\/blogsaverroes.juntadeandalucia.es\/iesclaracampoamor\/files\/2022\/12\/scratch-cards-all.pdf\">Scratch Cartas<\/a><\/li>\n<li><strong>PROGRAMACI\u00d3N<\/strong> <a href=\"https:\/\/drive.google.com\/file\/d\/1S6UYR2fxygGruhIBnSNqGcrnhkeXDpxw\/view?usp=sharing\" target=\"_blank\" rel=\"noopener noreferrer\">Scratch Juego preguntas y respuestas<\/a><\/li>\n<\/ul>\n<h3><span style=\"color: #0000ff\">SITIOS WEB<\/span><\/h3>\n<ul>\n<li><a href=\"https:\/\/sites.google.com\/site\/migueltecnologia\/inicio\" target=\"_blank\" rel=\"noopener noreferrer\">Miguel Tecnolog\u00eda I.E.S. \u00abJos\u00e9 Saramago\u00bb<\/a><\/li>\n<li><a href=\"https:\/\/elblogdelprofesordetecnologia.blogspot.com\/\" target=\"_blank\" rel=\"noopener noreferrer\">El Blog del Profesor de Tecnolog\u00eda<\/a><\/li>\n<li><a href=\"https:\/\/www.juntadeandalucia.es\/educacion\/portals\/web\/transformacion-digital-educativa\/rea\" target=\"_blank\" rel=\"noopener noreferrer\">Proyectos REA\/DUA<\/a>&nbsp;<\/li>\n<li><a href=\"https:\/\/www.recursospdifgl.com\/\" target=\"_blank\" rel=\"noopener noreferrer\">Recursos PDI \u00abPor un tubo\u00bb<\/a><\/li>\n<li><a href=\"https:\/\/blockly.games\/?lang=es\" target=\"_blank\" rel=\"noopener noreferrer\">Blockly Games<\/a><\/li>\n<li><a href=\"https:\/\/code.org\/\" target=\"_blank\" rel=\"noopener noreferrer\">Code.org<\/a><\/li>\n<li><a href=\"https:\/\/scratch.mit.edu\/\" target=\"_blank\" rel=\"noopener noreferrer\">Scratch<\/a><\/li>\n<li><a href=\"https:\/\/www.tinkercad.com\/\" target=\"_blank\" rel=\"noopener noreferrer\">Tinkercad<\/a><\/li>\n<li><a href=\"https:\/\/www.cokitos.com\/\" target=\"_blank\" rel=\"noopener noreferrer\">Cokitos<\/a><\/li>\n<\/ul>\n<ul>\n<li>&nbsp;<\/li>\n<\/ul>\n","protected":false},"excerpt":{"rendered":"<p>&nbsp; PUBLICACIONES 25-26 &nbsp; &nbsp; 2\u00ba y 3\u00ba Tecnolog\u00eda y Digitalizaci\u00f3n 4\u00ba ESO Tecnolog\u00eda 4\u00ba ESO Digitalizaci\u00f3n Plan de recuperaci\u00f3n pendientes 25-26 &nbsp; RECURSOS TECNOLOG\u00cdA ARDUINO C\u00f3mic nivel inicial ARDUINO Acorde\u00f3n ARDUINO Pr\u00e1cticas ARDUINO&#46;&#46;&#46;<\/p>\n","protected":false},"author":1,"featured_media":0,"parent":0,"menu_order":0,"comment_status":"open","ping_status":"open","template":"","meta":{"ngg_post_thumbnail":0,"footnotes":"","_mc_calendar":[]},"aioseo_notices":[],"_links":{"self":[{"href":"https:\/\/blogsaverroes.juntadeandalucia.es\/iesclaracampoamor\/wp-json\/wp\/v2\/pages\/162"}],"collection":[{"href":"https:\/\/blogsaverroes.juntadeandalucia.es\/iesclaracampoamor\/wp-json\/wp\/v2\/pages"}],"about":[{"href":"https:\/\/blogsaverroes.juntadeandalucia.es\/iesclaracampoamor\/wp-json\/wp\/v2\/types\/page"}],"author":[{"embeddable":true,"href":"https:\/\/blogsaverroes.juntadeandalucia.es\/iesclaracampoamor\/wp-json\/wp\/v2\/users\/1"}],"replies":[{"embeddable":true,"href":"https:\/\/blogsaverroes.juntadeandalucia.es\/iesclaracampoamor\/wp-json\/wp\/v2\/comments?post=162"}],"version-history":[{"count":29,"href":"https:\/\/blogsaverroes.juntadeandalucia.es\/iesclaracampoamor\/wp-json\/wp\/v2\/pages\/162\/revisions"}],"predecessor-version":[{"id":3568,"href":"https:\/\/blogsaverroes.juntadeandalucia.es\/iesclaracampoamor\/wp-json\/wp\/v2\/pages\/162\/revisions\/3568"}],"wp:attachment":[{"href":"https:\/\/blogsaverroes.juntadeandalucia.es\/iesclaracampoamor\/wp-json\/wp\/v2\/media?parent=162"}],"curies":[{"name":"wp","href":"https:\/\/api.w.org\/{rel}","templated":true}]}}