{"id":176,"date":"2015-03-17T07:56:30","date_gmt":"2015-03-17T07:56:30","guid":{"rendered":"http:\/\/blogsaverroes.juntadeandalucia.es\/pre\/ceip\/?page_id=176"},"modified":"2025-12-09T10:03:26","modified_gmt":"2025-12-09T08:03:26","slug":"educacion-fisica","status":"publish","type":"page","link":"https:\/\/blogsaverroes.juntadeandalucia.es\/iesclaracampoamor\/educacion-fisica\/","title":{"rendered":"Educaci\u00f3n F\u00edsica"},"content":{"rendered":"<h4><a href=\"https:\/\/blogsaverroes.juntadeandalucia.es\/iesclaracampoamor\/files\/2023\/11\/ef.png\"><img loading=\"lazy\" decoding=\"async\" class=\"wp-image-3337 aligncenter\" src=\"https:\/\/blogsaverroes.juntadeandalucia.es\/iesclaracampoamor\/files\/2023\/11\/ef-300x286.png\" alt=\"\" width=\"257\" height=\"245\" srcset=\"https:\/\/blogsaverroes.juntadeandalucia.es\/iesclaracampoamor\/files\/2023\/11\/ef-300x286.png 300w, https:\/\/blogsaverroes.juntadeandalucia.es\/iesclaracampoamor\/files\/2023\/11\/ef-332x316.png 332w, https:\/\/blogsaverroes.juntadeandalucia.es\/iesclaracampoamor\/files\/2023\/11\/ef.png 444w\" sizes=\"(max-width: 257px) 100vw, 257px\" \/><\/a><\/h4>\n<h2><span style=\"color: #ff0000\">PUBLICACIONES 25-26<\/span><\/h2>\n<p><a class=\"cboxElement\" href=\"https:\/\/blogsaverroes.juntadeandalucia.es\/iesclaracampoamor\/files\/2023\/11\/R%C3%B3tulo-Criterios.png\"><img loading=\"lazy\" decoding=\"async\" class=\"alignnone wp-image-3322\" src=\"https:\/\/blogsaverroes.juntadeandalucia.es\/iesclaracampoamor\/files\/2023\/11\/R%C3%B3tulo-Criterios-300x65.png\" alt=\"\" width=\"376\" height=\"92\"><\/a><\/p>\n<p><a href=\"https:\/\/blogsaverroes.juntadeandalucia.es\/iesclaracampoamor\/files\/2025\/11\/D-TODO-EF.pdf\">Criterios y recuperaci\u00f3n materia pendiente de Educaci\u00f3n F\u00edsica 1\u00ba &#8211; 2\u00ba &#8211; 3\u00ba- 4\u00ba-<\/a>&nbsp;&nbsp;<\/p>\n<h4>&nbsp;<\/h4>\n<h4><a href=\"https:\/\/blogsaverroes.juntadeandalucia.es\/iesclaracampoamor\/files\/2025\/11\/Apuntes-EF-1o-ESO-25-26.pdf\">Apuntes Educaci\u00f3n F\u00edsica 1\u00ba ESO Curso 2025-2026&nbsp;&nbsp;<\/a><\/h4>\n<h4>.<\/h4>\n<h4><a href=\"https:\/\/blogsaverroes.juntadeandalucia.es\/iesclaracampoamor\/files\/2025\/12\/z-2o-tocho-alumno.pdf\">Apuntes Educaci\u00f3n F\u00edsica 2\u00ba ESO Curso 2025-2026<\/a>&nbsp;&nbsp;<\/h4>\n<h4>&nbsp;<\/h4>\n<h4><a href=\"https:\/\/blogsaverroes.juntadeandalucia.es\/iesclaracampoamor\/files\/2025\/11\/4o-tocho-alumno-FINAL-copia.pdf\">Apuntes Educaci\u00f3n F\u00edsica 4\u00ba ESO-c para&nbsp; Curso 2025-2026<\/a><\/h4>\n<h4>&nbsp;<\/h4>\n<h3><span style=\"color: #ff0000\">V\u00cdDEOS DE APOYO A LA TEOR\u00cdA DE 4\u00ba de ESO<\/span><\/h3>\n<h5><span style=\"color: #ff9900\">NOTA: LO QUE SE PREGUNTAR\u00c1 EN EL EXAMEN ESCRITO SER\u00c1 EL CONTENIDO DE LOS APUNTES. LOS V\u00cdDEOS S\u00d3LO SON COMO APOYO AL TEXTO ESCRITO.<\/span><\/h5>\n<h5><span style=\"color: #339966\">DISCLAIMER: LOS V\u00cdDEOS HAN SIGO GENERADOS CON I.A., BAS\u00c1NDOSE EN LOS APUNTES DEL PROFESOR. A\u00daN REVISADOS, EXISTE LA POSIBILIDAD DE ALG\u00daN COMENTARIO IMPRECISO<\/span>.<\/h5>\n<h4>&nbsp;<\/h4>\n<h4>TEMA 2 A &#8230;&nbsp;DESARROLLO y&nbsp;SISTEMAS de ENTRENAMIENTO <strong>de las CAPACIDADES&nbsp; F\u00cdSICAS B\u00c1SICAS.<\/strong><\/h4>\n<div style=\"width: 640px;\" class=\"wp-video\"><!--[if lt IE 9]><script>document.createElement('video');<\/script><![endif]-->\n<video class=\"wp-video-shortcode\" id=\"video-176-1\" width=\"640\" height=\"360\" preload=\"metadata\" controls=\"controls\"><source type=\"video\/mp4\" src=\"https:\/\/blogsaverroes.juntadeandalucia.es\/iesclaracampoamor\/files\/2025\/11\/z-4o-.2_A-Sistemas-de-ento-2026.mp4?_=1\" \/><a href=\"https:\/\/blogsaverroes.juntadeandalucia.es\/iesclaracampoamor\/files\/2025\/11\/z-4o-.2_A-Sistemas-de-ento-2026.mp4\">https:\/\/blogsaverroes.juntadeandalucia.es\/iesclaracampoamor\/files\/2025\/11\/z-4o-.2_A-Sistemas-de-ento-2026.mp4<\/a><\/video><\/div>\n<p>&nbsp;<\/p>\n<h4>TEMA 2 A &#8230;&nbsp;<strong>\u201cTIPS\u201d sobre ACTIVIDAD F\u00cdSICA y&nbsp;<\/strong><strong>ESTILO DE VIDA ACTIVO.<\/strong><\/h4>\n<div style=\"width: 640px;\" class=\"wp-video\"><video class=\"wp-video-shortcode\" id=\"video-176-2\" width=\"640\" height=\"360\" preload=\"metadata\" controls=\"controls\"><source type=\"video\/mp4\" src=\"https:\/\/blogsaverroes.juntadeandalucia.es\/iesclaracampoamor\/files\/2025\/11\/z-4o-.2_A-Sistemas-de-ento-TIPS-2026.mp4?_=2\" \/><a href=\"https:\/\/blogsaverroes.juntadeandalucia.es\/iesclaracampoamor\/files\/2025\/11\/z-4o-.2_A-Sistemas-de-ento-TIPS-2026.mp4\">https:\/\/blogsaverroes.juntadeandalucia.es\/iesclaracampoamor\/files\/2025\/11\/z-4o-.2_A-Sistemas-de-ento-TIPS-2026.mp4<\/a><\/video><\/div>\n<pre>&nbsp;<\/pre>\n<p>&nbsp;<\/p>\n<h4><strong>TEMA 2 B &#8230; AUTORREGULACI\u00d3N y PLANIFICACI\u00d3N del ENTRENAMIENTO &nbsp;<\/strong><\/h4>\n<div style=\"width: 640px;\" class=\"wp-video\"><video class=\"wp-video-shortcode\" id=\"video-176-3\" width=\"640\" height=\"360\" preload=\"metadata\" controls=\"controls\"><source type=\"video\/mp4\" src=\"https:\/\/blogsaverroes.juntadeandalucia.es\/iesclaracampoamor\/files\/2025\/11\/z-4o-.2_B-autorr-y-planif-y-Ppos-2026.mp4?_=3\" \/><a href=\"https:\/\/blogsaverroes.juntadeandalucia.es\/iesclaracampoamor\/files\/2025\/11\/z-4o-.2_B-autorr-y-planif-y-Ppos-2026.mp4\">https:\/\/blogsaverroes.juntadeandalucia.es\/iesclaracampoamor\/files\/2025\/11\/z-4o-.2_B-autorr-y-planif-y-Ppos-2026.mp4<\/a><\/video><\/div>\n<h4>&nbsp;<\/h4>\n<h4><strong>TEMA 2 C &#8230; MITOS Y FALSAS CREENCIAS EN TORNO AL CUERPO Y A LA A.F.<\/strong><\/h4>\n<div style=\"width: 640px;\" class=\"wp-video\"><video class=\"wp-video-shortcode\" id=\"video-176-4\" width=\"640\" height=\"360\" preload=\"metadata\" controls=\"controls\"><source type=\"video\/mp4\" src=\"https:\/\/blogsaverroes.juntadeandalucia.es\/iesclaracampoamor\/files\/2025\/11\/z-4o-.2_C-calent-mitos-post-peligr-2026.mp4?_=4\" \/><a href=\"https:\/\/blogsaverroes.juntadeandalucia.es\/iesclaracampoamor\/files\/2025\/11\/z-4o-.2_C-calent-mitos-post-peligr-2026.mp4\">https:\/\/blogsaverroes.juntadeandalucia.es\/iesclaracampoamor\/files\/2025\/11\/z-4o-.2_C-calent-mitos-post-peligr-2026.mp4<\/a><\/video><\/div>\n<h4><strong>&nbsp;\u201c<\/strong><\/h4>\n<p>&nbsp;<\/p>\n<p>&nbsp;<\/p>\n<p>&nbsp;<\/p>\n<h2>&nbsp;<\/h2>\n<p>&nbsp;<\/p>\n<p>&nbsp;<\/p>\n<h2>&nbsp;<\/h2>\n<h2>&nbsp;<\/h2>\n<h2>&nbsp;<\/h2>\n<h2><strong><em>Lecturas interesantes<\/em><\/strong><\/h2>\n<h2><a href=\"https:\/\/blogsaverroes.juntadeandalucia.es\/iesclaracampoamor\/files\/2024\/11\/Lectura-EF-1.png\"><img loading=\"lazy\" decoding=\"async\" class=\"alignnone wp-image-3478\" src=\"https:\/\/blogsaverroes.juntadeandalucia.es\/iesclaracampoamor\/files\/2024\/11\/Lectura-EF-1-300x98.png\" alt=\"\" width=\"362\" height=\"127\"><\/a><\/h2>\n<h4><a href=\"https:\/\/blogsaverroes.juntadeandalucia.es\/iesclaracampoamor\/files\/2024\/11\/z02x-Deporte-y-esperanza-de-vida.pdf\">PINCHA aqu\u00ed para leerlo<\/a><\/h4>\n<h3>&nbsp;<\/h3>\n<p><a href=\"https:\/\/blogsaverroes.juntadeandalucia.es\/iesclaracampoamor\/files\/2024\/11\/Lectura-EF-2.png\"><img loading=\"lazy\" decoding=\"async\" class=\"alignnone wp-image-3491\" src=\"https:\/\/blogsaverroes.juntadeandalucia.es\/iesclaracampoamor\/files\/2024\/11\/Lectura-EF-2-300x126.png\" alt=\"\" width=\"361\" height=\"159\"><\/a><\/p>\n<h4><a href=\"https:\/\/blogsaverroes.juntadeandalucia.es\/iesclaracampoamor\/files\/2024\/11\/Z05-Conoce-klotho2.pdf\">PINCHA aqu\u00ed para leerlo<\/a><\/h4>\n<h3>&nbsp;<\/h3>\n<h3><img loading=\"lazy\" decoding=\"async\" class=\"\" src=\"https:\/\/blogsaverroes.juntadeandalucia.es\/iesclaracampoamor\/files\/2025\/02\/arti-3.png\" width=\"418\" height=\"157\"><\/h3>\n<h4><a href=\"https:\/\/blogsaverroes.juntadeandalucia.es\/iesclaracampoamor\/files\/2025\/02\/z08-Cuando-el-ejercicio-deja-de-ser-saludable.pdf\">PINCHA aqu\u00ed para leerlo<\/a><\/h4>\n<h3>&nbsp;<\/h3>\n<p><img loading=\"lazy\" decoding=\"async\" class=\"\" src=\"https:\/\/blogsaverroes.juntadeandalucia.es\/iesclaracampoamor\/files\/2025\/02\/arti-4.png\" width=\"552\" height=\"148\"><\/p>\n<h4><a href=\"https:\/\/blogsaverroes.juntadeandalucia.es\/iesclaracampoamor\/files\/2025\/02\/z09-1-Caminar-no-es-suficiente4-1.pdf\">PINCHA aqu\u00ed para leerlo<\/a><\/h4>\n<p>&nbsp;<\/p>\n<p>&nbsp;<\/p>\n<p>&nbsp;<\/p>\n<h3><span style=\"color: #0000ff\">PUBLICACIONES 23-24<\/span><\/h3>\n<table style=\"width: 100%;border-collapse: collapse;background-color: #7fcc3b\">\n<tbody>\n<tr>\n<td style=\"width: 100%\">\n<h3>ART\u00cdCULO DE IMPRESCINDIBLE LECTURA.<\/h3>\n<h4><a href=\"https:\/\/www.schoolmarket.es\/3-verdades-sobre-la-educacion-fisica-y-su-importancia-para-las-escuelas\/\"><span style=\"color: #008000\"><strong>3 VERDADES SOBRE LA IMPORTANCIA DE LA EDUCACI\u00d3N F\u00cdSICA EN LAS ESCUELAS<\/strong><strong>.<\/strong><\/span><\/a><\/h4>\n<p><a href=\"https:\/\/www.schoolmarket.es\/3-verdades-sobre-la-educacion-fisica-y-su-importancia-para-las-escuelas\/\">PINCHA AQU\u00cd PARA LEER.<\/a><\/td>\n<\/tr>\n<\/tbody>\n<\/table>\n<p>&nbsp;<\/p>\n<p>&nbsp;<\/p>\n","protected":false},"excerpt":{"rendered":"<p>PUBLICACIONES 25-26 Criterios y recuperaci\u00f3n materia pendiente de Educaci\u00f3n F\u00edsica 1\u00ba &#8211; 2\u00ba &#8211; 3\u00ba- 4\u00ba-&nbsp;&nbsp; &nbsp; Apuntes Educaci\u00f3n F\u00edsica 1\u00ba ESO Curso 2025-2026&nbsp;&nbsp; . Apuntes Educaci\u00f3n F\u00edsica 2\u00ba ESO Curso 2025-2026&nbsp;&nbsp; &nbsp; Apuntes&#46;&#46;&#46;<\/p>\n","protected":false},"author":1,"featured_media":0,"parent":0,"menu_order":0,"comment_status":"open","ping_status":"open","template":"","meta":{"ngg_post_thumbnail":0,"footnotes":"","_mc_calendar":[]},"aioseo_notices":[],"_links":{"self":[{"href":"https:\/\/blogsaverroes.juntadeandalucia.es\/iesclaracampoamor\/wp-json\/wp\/v2\/pages\/176"}],"collection":[{"href":"https:\/\/blogsaverroes.juntadeandalucia.es\/iesclaracampoamor\/wp-json\/wp\/v2\/pages"}],"about":[{"href":"https:\/\/blogsaverroes.juntadeandalucia.es\/iesclaracampoamor\/wp-json\/wp\/v2\/types\/page"}],"author":[{"embeddable":true,"href":"https:\/\/blogsaverroes.juntadeandalucia.es\/iesclaracampoamor\/wp-json\/wp\/v2\/users\/1"}],"replies":[{"embeddable":true,"href":"https:\/\/blogsaverroes.juntadeandalucia.es\/iesclaracampoamor\/wp-json\/wp\/v2\/comments?post=176"}],"version-history":[{"count":34,"href":"https:\/\/blogsaverroes.juntadeandalucia.es\/iesclaracampoamor\/wp-json\/wp\/v2\/pages\/176\/revisions"}],"predecessor-version":[{"id":3615,"href":"https:\/\/blogsaverroes.juntadeandalucia.es\/iesclaracampoamor\/wp-json\/wp\/v2\/pages\/176\/revisions\/3615"}],"wp:attachment":[{"href":"https:\/\/blogsaverroes.juntadeandalucia.es\/iesclaracampoamor\/wp-json\/wp\/v2\/media?parent=176"}],"curies":[{"name":"wp","href":"https:\/\/api.w.org\/{rel}","templated":true}]}}