{"id":2548,"date":"2020-09-16T19:06:02","date_gmt":"2020-09-16T17:06:02","guid":{"rendered":"https:\/\/blogsaverroes.juntadeandalucia.es\/iesclaracampoamor\/?page_id=2548"},"modified":"2024-03-05T18:34:41","modified_gmt":"2024-03-05T16:34:41","slug":"enlaces","status":"publish","type":"page","link":"https:\/\/blogsaverroes.juntadeandalucia.es\/iesclaracampoamor\/enlaces\/","title":{"rendered":"ENLACES"},"content":{"rendered":"<ul>\n<li><strong>Punto de encuentro de la comunidad educativa eAprendizaje<\/strong> <a href=\"https:\/\/www.juntadeandalucia.es\/educacion\/eaprendizaje\/\" target=\"_blank\" rel=\"noopener noreferrer\">(Haga clic aqu\u00ed)<\/a><\/li>\n<li><strong>Biblioteca del I.E.S. \u00abClara Campoamor\u00bb<\/strong> <a href=\"https:\/\/sites.google.com\/g.educaand.es\/bibliotecaclara\" target=\"_blank\" rel=\"noopener noreferrer\">(Haga clic aqu\u00ed)<\/a><\/li>\n<li><strong>MOODLE<\/strong> <a href=\"https:\/\/educacionadistancia.juntadeandalucia.es\/centros\/huelva\/login\/index.php\" target=\"_blank\" rel=\"noopener noreferrer\">(Haga clic aqu\u00ed)<\/a><\/li>\n<li><strong>Google Classroom<\/strong> <a href=\"https:\/\/accounts.google.com\/signin\/v2\/identifier?service=classroom&amp;passive=1209600&amp;continue=https%3A%2F%2Fclassroom.google.com%2Fu%2F0%2Fh%3Fhl%3Des&amp;followup=https%3A%2F%2Fclassroom.google.com%2Fu%2F0%2Fh%3Fhl%3Des&amp;hl=es&amp;flowName=GlifWebSignIn&amp;flowEntry=ServiceLogin\" target=\"_blank\" rel=\"noopener noreferrer\">(Haga clic aqu\u00ed)<\/a><\/li>\n<li><strong>PASEN Familias<\/strong> <a href=\"https:\/\/www.juntadeandalucia.es\/educacion\/portals\/web\/ced\/pasen\" target=\"_blank\" rel=\"noopener noreferrer\">(Haga clic aqu\u00ed)<\/a><\/li>\n<li><strong>Portal S\u00e9neca<\/strong> <a href=\"https:\/\/www.juntadeandalucia.es\/educacion\/senecav2\/seneca\/jsp\/portal\/\" target=\"_blank\" rel=\"noopener noreferrer\">(Haga clic aqu\u00ed)<\/a><\/li>\n<li><strong>Consejer\u00eda de Educaci\u00f3n y Deporte de la Junta de Andaluc\u00eda<\/strong> <a href=\"https:\/\/www.juntadeandalucia.es\/educacion\/portals\/web\/ced\" target=\"_blank\" rel=\"noopener noreferrer\">(Haga clic aqu\u00ed)<\/a><\/li>\n<\/ul>\n<p><a href=\"https:\/\/blogsaverroes.juntadeandalucia.es\/iesclaracampoamor\/files\/2024\/03\/biblioteca-scaled.jpg\"><img loading=\"lazy\" decoding=\"async\" class=\"wp-image-3394 alignnone\" src=\"https:\/\/blogsaverroes.juntadeandalucia.es\/iesclaracampoamor\/files\/2024\/03\/biblioteca-300x169.jpg\" alt=\"\" width=\"633\" height=\"362\"><\/a><\/p>\n<p>&nbsp;<\/p>\n","protected":false},"excerpt":{"rendered":"<p>Punto de encuentro de la comunidad educativa eAprendizaje (Haga clic aqu\u00ed) Biblioteca del I.E.S. \u00abClara Campoamor\u00bb (Haga clic aqu\u00ed) MOODLE (Haga clic aqu\u00ed) Google Classroom (Haga clic aqu\u00ed) PASEN Familias (Haga clic aqu\u00ed) Portal&#46;&#46;&#46;<\/p>\n","protected":false},"author":10480,"featured_media":0,"parent":0,"menu_order":0,"comment_status":"closed","ping_status":"closed","template":"","meta":{"ngg_post_thumbnail":0,"footnotes":"","_mc_calendar":[]},"aioseo_notices":[],"_links":{"self":[{"href":"https:\/\/blogsaverroes.juntadeandalucia.es\/iesclaracampoamor\/wp-json\/wp\/v2\/pages\/2548"}],"collection":[{"href":"https:\/\/blogsaverroes.juntadeandalucia.es\/iesclaracampoamor\/wp-json\/wp\/v2\/pages"}],"about":[{"href":"https:\/\/blogsaverroes.juntadeandalucia.es\/iesclaracampoamor\/wp-json\/wp\/v2\/types\/page"}],"author":[{"embeddable":true,"href":"https:\/\/blogsaverroes.juntadeandalucia.es\/iesclaracampoamor\/wp-json\/wp\/v2\/users\/10480"}],"replies":[{"embeddable":true,"href":"https:\/\/blogsaverroes.juntadeandalucia.es\/iesclaracampoamor\/wp-json\/wp\/v2\/comments?post=2548"}],"version-history":[{"count":10,"href":"https:\/\/blogsaverroes.juntadeandalucia.es\/iesclaracampoamor\/wp-json\/wp\/v2\/pages\/2548\/revisions"}],"predecessor-version":[{"id":2552,"href":"https:\/\/blogsaverroes.juntadeandalucia.es\/iesclaracampoamor\/wp-json\/wp\/v2\/pages\/2548\/revisions\/2552"}],"wp:attachment":[{"href":"https:\/\/blogsaverroes.juntadeandalucia.es\/iesclaracampoamor\/wp-json\/wp\/v2\/media?parent=2548"}],"curies":[{"name":"wp","href":"https:\/\/api.w.org\/{rel}","templated":true}]}}