{"id":140,"date":"2016-02-01T10:07:41","date_gmt":"2016-02-01T10:07:41","guid":{"rendered":"http:\/\/blogsaverroes.juntadeandalucia.es\/iesconchamendezcuesta\/?page_id=140"},"modified":"2016-06-21T11:10:42","modified_gmt":"2016-06-21T11:10:42","slug":"todos-educamos","status":"publish","type":"page","link":"https:\/\/blogsaverroes.juntadeandalucia.es\/iesconchamendezcuesta\/todos-educamos\/","title":{"rendered":"Todos Educamos"},"content":{"rendered":"<p align=\"justify\">Esta secci\u00f3n pretende ser punto de encuentro entre padres y comunidad educativa; juntos y en colaboraci\u00f3n, debemos ofrecer la mejor educaci\u00f3n posible a nuestros hijos y alumnos, no solo en contenidos, sino tambi\u00e9n en valores y principios.<\/p>\n<ul>\n<li><span class=\"Estilo38\">Oferta Educativa :<\/span> El departamentto de Orientaci\u00f3n ha editado un powerpoint donde se muestran las distintas asiganturas que nuestros alumnos\/as pod\u00e1n cursar en los siguientes cursos de la ESO y Bachillerato. Es una buena herramienta para ir conociendo las distintas opciones de las que disponen.<\/li>\n<\/ul>\n<p align=\"center\"><a href=\"http:\/\/blogsaverroes.juntadeandalucia.es\/iesconchamendezcuesta\/files\/2016\/02\/orientacion_asignaturas_3.pdf\" target=\"_blank\">Orientaci\u00f3nAsignaturas<\/a><\/p>\n<p>\u00a0\u00a0\u00a0\u00a0\u00a0 &#8211; <span class=\"Estilo38\">Coeducaci\u00f3n:<\/span> La publicidad no puede contener mensajes que atenten contra la dignidad de las mujeres o muestren situaciones denigrantes o vejatorias. Deben rechazarse actitudes, comportamientos y situaciones discriminatorias o que incluyan mensajes sexistas que atribuyan a las mujeres un papel subordinado con respecto al hombre.<a href=\"http:\/\/blogsaverroes.juntadeandalucia.es\/iesconchamendezcuesta\/files\/2016\/02\/La-dignidad-y-la-publicidad-sexista.pdf\" target=\"_blank\"> leer m\u00e1s&#8230;<\/a><\/p>\n<p>En el siguiente enlace podemos encontrar un enlace donde se nos explica un poco m\u00e1s este interesante tema y donde podemos realizar una encuesta sobre coeducaci\u00f3n:<\/p>\n<p align=\"center\">Coeducaci\u00f3n<\/p>\n<p>\u00a0\u00a0\u00a0\u00a0\u00a0 &#8211; <span class=\"Estilo38\">EMILIO CALATAYUD PEREZ<\/span>, el Juez de Menores de Granada, nos recuerda cu\u00e1les son los <strong>deberes <\/strong> de los menores.<\/p>\n<p align=\"justify\">\u00a0\u00a0\u00a0\u00a0\u00a0Conden\u00f3 a un joven que hab\u00eda \u2018crackeado&#8217; varias empresas a recibir cien horas de clases de inform\u00e1tica; oblig\u00f3 a aprender a leer y a escribir a un muchacho analfabeto acusado de robar material de construcci\u00f3n; e impuso a un chaval que conduc\u00eda una motocicleta sin seguro un castigo tan singular como el de dibujar un c\u00f3mic narrando el delito que hab\u00eda cometido. Es el juez de Menores de Granada, Emilio Calatayud, algunas de cuyas sentencias ejemplares han sido ahora incluidas en un libro en el que se recogen \u201can\u00e9cdotas, \u00e9xitos y fracasos\u201d de sus veinte a\u00f1os de ejercicio como magistrado. Su fama ha traspasado las fronteras espa\u00f1olas.<\/p>\n<p align=\"justify\">\u00a0\u00a0\u00a0\u00a0\u00a0En esta conferencia, impartida en una Escuela de Padres en un I.E.S de\u00a0 Galicia, habla sobre muchos aspectos interesantes en cuanto a la educaci\u00f3n de los menores, nos deja muy claros cu\u00e1les son los deberes de los ni\u00f1os y ni\u00f1as, no s\u00f3lo los derechos, sino sus obligaciones.<\/p>\n<div align=\"center\"><object width=\"425\" height=\"344\">[youtube https:\/\/www.youtube.com\/watch?v=JwbJpcvnpzo&amp;hl=es&amp;fs=1]<\/object><\/div>\n<ul>\n<li>Tambi\u00e9n incluye en su libro este \u201cDec\u00e1logo para formar un delincuente\u201d que las madres y padres debi\u00e9ramos leer con detenimiento. Dice as\u00ed<\/li>\n<\/ul>\n<ol>\n<li>Comience desde la infancia dando a su hijo todo lo que pida. As\u00ed crecer\u00e1 convencido de que el mundo entero le pertenece.<\/p>\n<\/li>\n<li>\n<p>No se preocupe por su educaci\u00f3n \u00e9tica o espiritual. Espere a que alcance la mayor\u00eda de edad para que pueda decidir libremente.<\/p>\n<\/li>\n<li>\n<p>Cuando diga palabrotas, r\u00edaselas. Esto lo animar\u00e1 a hacer cosas m\u00e1s graciosas.<\/p>\n<\/li>\n<li>\n<p>No le rega\u00f1e ni le diga que est\u00e1 mal algo de lo que hace. Podr\u00eda crearle complejos de culpabilidad.<\/p>\n<\/li>\n<li>\n<p>Recoja todo lo que \u00e9l deja tirado: libros, zapatos, ropa, juguetes. As\u00ed se acostumbrar\u00e1 a cargar la responsabilidad sobre los dem\u00e1s.<\/p>\n<\/li>\n<li>\n<p>D\u00e9jele leer todo lo que caiga en sus manos. Cuide de que sus platos, cubiertos y vasos est\u00e9n esterilizados, pero no de que su mente se llene de basura.<\/p>\n<\/li>\n<li>\n<p>Ri\u00f1a a menudo con su c\u00f3nyuge en presencia del ni\u00f1o, as\u00ed a \u00e9l no le doler\u00e1 demasiado el d\u00eda en que la familia, quiz\u00e1 por su propia conducta, quede destrozada para siempre.<\/p>\n<\/li>\n<li>\n<p>D\u00e9le todo el dinero que quiera gastar. No vaya a sospechar que para disponer del mismo es necesario trabajar.<\/p>\n<\/li>\n<li>\n<p>Satisfaga todos sus deseos, apetitos, comodidades y placeres. El sacrificio y la austeridad podr\u00edan producirle frustraciones.<\/p>\n<\/li>\n<li>\n<p>P\u00f3ngase de su parte en cualquier conflicto que tenga con sus profesores y vecinos. Piense que todos ellos tienen prejuicios contra su hijo y que de verdad quieren fastidiarlo.<\/p>\n<\/li>\n<\/ol>\n<p>&nbsp;<\/p>\n<div align=\"center\"><object width=\"425\" height=\"344\">[youtube https:\/\/www.youtube.com\/watch?v=FrNCDli2gOA&amp;hl=es&amp;fs=1]<\/object><\/div>\n","protected":false},"excerpt":{"rendered":"<p>Esta secci\u00f3n pretende ser punto de encuentro entre padres y comunidad educativa; juntos y en colaboraci\u00f3n, debemos ofrecer la mejor educaci\u00f3n posible a nuestros hijos y alumnos, no solo en contenidos, sino tambi\u00e9n en&#46;&#46;&#46;<\/p>\n","protected":false},"author":1,"featured_media":0,"parent":0,"menu_order":0,"comment_status":"open","ping_status":"open","template":"","meta":{"ngg_post_thumbnail":0,"footnotes":""},"aioseo_notices":[],"_links":{"self":[{"href":"https:\/\/blogsaverroes.juntadeandalucia.es\/iesconchamendezcuesta\/wp-json\/wp\/v2\/pages\/140"}],"collection":[{"href":"https:\/\/blogsaverroes.juntadeandalucia.es\/iesconchamendezcuesta\/wp-json\/wp\/v2\/pages"}],"about":[{"href":"https:\/\/blogsaverroes.juntadeandalucia.es\/iesconchamendezcuesta\/wp-json\/wp\/v2\/types\/page"}],"author":[{"embeddable":true,"href":"https:\/\/blogsaverroes.juntadeandalucia.es\/iesconchamendezcuesta\/wp-json\/wp\/v2\/users\/1"}],"replies":[{"embeddable":true,"href":"https:\/\/blogsaverroes.juntadeandalucia.es\/iesconchamendezcuesta\/wp-json\/wp\/v2\/comments?post=140"}],"version-history":[{"count":5,"href":"https:\/\/blogsaverroes.juntadeandalucia.es\/iesconchamendezcuesta\/wp-json\/wp\/v2\/pages\/140\/revisions"}],"predecessor-version":[{"id":861,"href":"https:\/\/blogsaverroes.juntadeandalucia.es\/iesconchamendezcuesta\/wp-json\/wp\/v2\/pages\/140\/revisions\/861"}],"wp:attachment":[{"href":"https:\/\/blogsaverroes.juntadeandalucia.es\/iesconchamendezcuesta\/wp-json\/wp\/v2\/media?parent=140"}],"curies":[{"name":"wp","href":"https:\/\/api.w.org\/{rel}","templated":true}]}}

<p align="justify">Esta sección pretende ser punto de encuentro entre padres y comunidad educativa; juntos y en colaboración, debemos ofrecer la mejor educación posible a nuestros hijos y alumnos, no solo en contenidos, sino también en valores y principios.</p>
<ul>
<li><span class="Estilo38">Oferta Educativa :</span> El departamentto de Orientación ha editado un powerpoint donde se muestran las distintas asiganturas que nuestros alumnos/as podán cursar en los siguientes cursos de la ESO y Bachillerato. Es una buena herramienta para ir conociendo las distintas opciones de las que disponen.</li>
</ul>
<p align="center"><a href="http://blogsaverroes.juntadeandalucia.es/iesconchamendezcuesta/files/2016/02/orientacion_asignaturas_3.pdf" target="_blank">OrientaciónAsignaturas</a></p>
<p>      &#8211; <span class="Estilo38">Coeducación:</span> La publicidad no puede contener mensajes que atenten contra la dignidad de las mujeres o muestren situaciones denigrantes o vejatorias. Deben rechazarse actitudes, comportamientos y situaciones discriminatorias o que incluyan mensajes sexistas que atribuyan a las mujeres un papel subordinado con respecto al hombre.<a href="http://blogsaverroes.juntadeandalucia.es/iesconchamendezcuesta/files/2016/02/La-dignidad-y-la-publicidad-sexista.pdf" target="_blank"> leer más&#8230;</a></p>
<p>En el siguiente enlace podemos encontrar un enlace donde se nos explica un poco más este interesante tema y donde podemos realizar una encuesta sobre coeducación:</p>
<p align="center">Coeducación</p>
<p>      &#8211; <span class="Estilo38">EMILIO CALATAYUD PEREZ</span>, el Juez de Menores de Granada, nos recuerda cuáles son los <strong>deberes </strong> de los menores.</p>
<p align="justify">     Condenó a un joven que había ‘crackeado&#8217; varias empresas a recibir cien horas de clases de informática; obligó a aprender a leer y a escribir a un muchacho analfabeto acusado de robar material de construcción; e impuso a un chaval que conducía una motocicleta sin seguro un castigo tan singular como el de dibujar un cómic narrando el delito que había cometido. Es el juez de Menores de Granada, Emilio Calatayud, algunas de cuyas sentencias ejemplares han sido ahora incluidas en un libro en el que se recogen “anécdotas, éxitos y fracasos” de sus veinte años de ejercicio como magistrado. Su fama ha traspasado las fronteras españolas.</p>
<p align="justify">     En esta conferencia, impartida en una Escuela de Padres en un I.E.S de  Galicia, habla sobre muchos aspectos interesantes en cuanto a la educación de los menores, nos deja muy claros cuáles son los deberes de los niños y niñas, no sólo los derechos, sino sus obligaciones.</p>
<div align="center"><object width="425" height="344">[youtube https://www.youtube.com/watch?v=JwbJpcvnpzo&amp;hl=es&amp;fs=1]</object></div>
<ul>
<li>También incluye en su libro este “Decálogo para formar un delincuente” que las madres y padres debiéramos leer con detenimiento. Dice así</li>
</ul>
<ol>
<li>Comience desde la infancia dando a su hijo todo lo que pida. Así crecerá convencido de que el mundo entero le pertenece.</p>
</li>
<li>
<p>No se preocupe por su educación ética o espiritual. Espere a que alcance la mayoría de edad para que pueda decidir libremente.</p>
</li>
<li>
<p>Cuando diga palabrotas, ríaselas. Esto lo animará a hacer cosas más graciosas.</p>
</li>
<li>
<p>No le regañe ni le diga que está mal algo de lo que hace. Podría crearle complejos de culpabilidad.</p>
</li>
<li>
<p>Recoja todo lo que él deja tirado: libros, zapatos, ropa, juguetes. Así se acostumbrará a cargar la responsabilidad sobre los demás.</p>
</li>
<li>
<p>Déjele leer todo lo que caiga en sus manos. Cuide de que sus platos, cubiertos y vasos estén esterilizados, pero no de que su mente se llene de basura.</p>
</li>
<li>
<p>Riña a menudo con su cónyuge en presencia del niño, así a él no le dolerá demasiado el día en que la familia, quizá por su propia conducta, quede destrozada para siempre.</p>
</li>
<li>
<p>Déle todo el dinero que quiera gastar. No vaya a sospechar que para disponer del mismo es necesario trabajar.</p>
</li>
<li>
<p>Satisfaga todos sus deseos, apetitos, comodidades y placeres. El sacrificio y la austeridad podrían producirle frustraciones.</p>
</li>
<li>
<p>Póngase de su parte en cualquier conflicto que tenga con sus profesores y vecinos. Piense que todos ellos tienen prejuicios contra su hijo y que de verdad quieren fastidiarlo.</p>
</li>
</ol>
<p>&nbsp;</p>
<div align="center"><object width="425" height="344">[youtube https://www.youtube.com/watch?v=FrNCDli2gOA&amp;hl=es&amp;fs=1]</object></div>

<p>Esta sección pretende ser punto de encuentro entre padres y comunidad educativa; juntos y en colaboración, debemos ofrecer la mejor educación posible a nuestros hijos y alumnos, no solo en contenidos, sino también en&#46;&#46;&#46;</p>
