{"id":182,"date":"2016-02-01T10:44:20","date_gmt":"2016-02-01T10:44:20","guid":{"rendered":"http:\/\/blogsaverroes.juntadeandalucia.es\/iesconchamendezcuesta\/?page_id=182"},"modified":"2020-10-31T13:51:50","modified_gmt":"2020-10-31T11:51:50","slug":"departamentos","status":"publish","type":"page","link":"https:\/\/blogsaverroes.juntadeandalucia.es\/iesconchamendezcuesta\/departamentos\/","title":{"rendered":"Departamentos"},"content":{"rendered":"<p>En estos enlaces se informar\u00e1 sobre los distintos departamentos del centro<\/p>\n<p><a href=\"http:\/\/blogsaverroes.juntadeandalucia.es\/iesconchamendezcuesta\/?p=212\">Art\u00edstico<\/a><\/p>\n<p><a title=\"Departamento de Biolog\u00eda y Geolog\u00eda\" href=\"https:\/\/blogsaverroes.juntadeandalucia.es\/iesconchamendezcuesta\/departamento-de-biologia-y-geologia\/\" target=\"_blank\" rel=\"noopener noreferrer\">Biolog\u00eda y Geolog\u00eda<\/a><\/p>\n<p><a title=\"Departamento de Franc\u00e9s\" href=\"https:\/\/blogsaverroes.juntadeandalucia.es\/iesconchamendezcuesta\/departamento-de-frances\/\" target=\"_blank\" rel=\"noopener noreferrer\">Franc\u00e9s<\/a><\/p>\n<p><a title=\"Departamento de Ingl\u00e9s\" href=\"https:\/\/blogsaverroes.juntadeandalucia.es\/iesconchamendezcuesta\/departamento-de-ingles\/\" target=\"_blank\" rel=\"noopener noreferrer\">Ingl\u00e9s<\/a><\/p>\n<p><a href=\"http:\/\/blogsaverroes.juntadeandalucia.es\/iesconchamendezcuesta\/?p=215\">Educaci\u00f3n F\u00edsica.<\/a><\/p>\n<p><a href=\"http:\/\/blogsaverroes.juntadeandalucia.es\/iesconchamendezcuesta\/?p=225\">Geograf\u00eda e Historia.<\/a><\/p>\n<p><a href=\"http:\/\/blogsaverroes.juntadeandalucia.es\/iesconchamendezcuesta\/?p=230\">Tecnolog\u00eda e Inform\u00e1tica.<\/a><\/p>\n<p><a href=\"http:\/\/blogsaverroes.juntadeandalucia.es\/iesconchamendezcuesta\/?p=237\">Religi\u00f3n Cat\u00f3lica.<\/a><\/p>\n<p><a href=\"http:\/\/blogsaverroes.juntadeandalucia.es\/iesconchamendezcuesta\/?p=240\">Orientaci\u00f3n.<\/a><\/p>\n<p><a href=\"http:\/\/blogsaverroes.juntadeandalucia.es\/iesconchamendezcuesta\/?p=243\">&#8211; DACE.<\/a><\/p>\n<p><a href=\"http:\/\/iescmcfei.wordpress.com\" target=\"_blank\" rel=\"noopener noreferrer\">FEI.<\/a><\/p>\n<p>&nbsp;<\/p>\n","protected":false},"excerpt":{"rendered":"<p>En estos enlaces se informar\u00e1 sobre los distintos departamentos del centro Art\u00edstico Biolog\u00eda y Geolog\u00eda Franc\u00e9s Ingl\u00e9s Educaci\u00f3n F\u00edsica. Geograf\u00eda e Historia. Tecnolog\u00eda e Inform\u00e1tica. Religi\u00f3n Cat\u00f3lica. Orientaci\u00f3n. &#8211; DACE. FEI. &nbsp;<\/p>\n","protected":false},"author":1,"featured_media":0,"parent":0,"menu_order":0,"comment_status":"open","ping_status":"open","template":"","meta":{"ngg_post_thumbnail":0,"footnotes":""},"aioseo_notices":[],"_links":{"self":[{"href":"https:\/\/blogsaverroes.juntadeandalucia.es\/iesconchamendezcuesta\/wp-json\/wp\/v2\/pages\/182"}],"collection":[{"href":"https:\/\/blogsaverroes.juntadeandalucia.es\/iesconchamendezcuesta\/wp-json\/wp\/v2\/pages"}],"about":[{"href":"https:\/\/blogsaverroes.juntadeandalucia.es\/iesconchamendezcuesta\/wp-json\/wp\/v2\/types\/page"}],"author":[{"embeddable":true,"href":"https:\/\/blogsaverroes.juntadeandalucia.es\/iesconchamendezcuesta\/wp-json\/wp\/v2\/users\/1"}],"replies":[{"embeddable":true,"href":"https:\/\/blogsaverroes.juntadeandalucia.es\/iesconchamendezcuesta\/wp-json\/wp\/v2\/comments?post=182"}],"version-history":[{"count":5,"href":"https:\/\/blogsaverroes.juntadeandalucia.es\/iesconchamendezcuesta\/wp-json\/wp\/v2\/pages\/182\/revisions"}],"predecessor-version":[{"id":4280,"href":"https:\/\/blogsaverroes.juntadeandalucia.es\/iesconchamendezcuesta\/wp-json\/wp\/v2\/pages\/182\/revisions\/4280"}],"wp:attachment":[{"href":"https:\/\/blogsaverroes.juntadeandalucia.es\/iesconchamendezcuesta\/wp-json\/wp\/v2\/media?parent=182"}],"curies":[{"name":"wp","href":"https:\/\/api.w.org\/{rel}","templated":true}]}}