{"id":185,"date":"2016-02-01T10:48:14","date_gmt":"2016-02-01T10:48:14","guid":{"rendered":"http:\/\/blogsaverroes.juntadeandalucia.es\/iesconchamendezcuesta\/?page_id=185"},"modified":"2024-10-03T18:12:00","modified_gmt":"2024-10-03T16:12:00","slug":"dpto-de-matematicas","status":"publish","type":"page","link":"https:\/\/blogsaverroes.juntadeandalucia.es\/iesconchamendezcuesta\/dpto-de-matematicas\/","title":{"rendered":"Departamento de Matem\u00e1ticas"},"content":{"rendered":"<table style=\"width: 99.3407%;height: 366px\" width=\"630\">\n<tbody>\n<tr style=\"height: 23px\">\n<td style=\"width: 34.5808%;height: 23px\" width=\"222\"><strong>Profesor\/a<\/strong><\/td>\n<td style=\"width: 29.5932%;height: 23px\" width=\"191\"><strong>Cargo<\/strong><\/td>\n<td style=\"width: 48.7944%;height: 23px\" width=\"217\"><strong>Puesto<\/strong><\/td>\n<\/tr>\n<tr style=\"height: 23px\">\n<td style=\"width: 34.5808%;height: 23px\" width=\"222\">S\u00e1nchez Mar\u00edn, Mar\u00eda Teresa<\/td>\n<td style=\"width: 29.5932%;height: 23px\">Jefa del Departamento<\/td>\n<td style=\"width: 48.7944%;height: 23px\" width=\"217\">Matem\u00e1ticas P.E.S.<\/td>\n<\/tr>\n<tr style=\"height: 23px\">\n<td style=\"width: 34.5808%;height: 23px\" width=\"222\">D\u00edaz Guti\u00e9rrez, Sergio<\/td>\n<td style=\"width: 29.5932%;height: 23px\">Director del Centro&nbsp;<\/td>\n<td style=\"width: 48.7944%;height: 23px\" width=\"217\">Matem\u00e1ticas P.E.S.<\/td>\n<\/tr>\n<tr style=\"height: 23px\">\n<td style=\"width: 34.5808%;height: 23px\" width=\"222\">Fern\u00e1ndez Mart\u00ednez, Noemi<\/td>\n<td style=\"width: 29.5932%;height: 23px\">Tutora&nbsp; de 2\u00ba BACH CCSS<\/td>\n<td style=\"width: 48.7944%;height: 23px\" width=\"217\">Matem\u00e1ticas P.E.S.<\/td>\n<\/tr>\n<tr style=\"height: 23px\">\n<td style=\"width: 34.5808%;height: 23px\" width=\"222\">Lorente Ma\u00f1as, Jos\u00e9 Diego<\/td>\n<td style=\"width: 29.5932%;height: 23px\">Secretario&nbsp;<\/td>\n<td style=\"width: 48.7944%;height: 23px\" width=\"217\">Matem\u00e1ticas P.E.S.<\/td>\n<\/tr>\n<tr style=\"height: 23px\">\n<td style=\"width: 34.5808%;height: 23px\" width=\"222\">Bullejos Barba, Manuel<\/td>\n<td style=\"width: 29.5932%;height: 23px\">Coordinador TDE<\/td>\n<td style=\"width: 48.7944%;height: 23px\" width=\"217\">Matem\u00e1ticas P.E.S.<\/td>\n<\/tr>\n<tr style=\"height: 23px\">\n<td style=\"width: 34.5808%;height: 23px\" width=\"222\">Ribelles V\u00e1zquez, Sergio<\/td>\n<td style=\"width: 29.5932%;height: 23px\">Jefe de FEIE<\/td>\n<td style=\"width: 48.7944%;height: 23px\" width=\"217\">Matem\u00e1ticas P.E.S.<\/td>\n<\/tr>\n<tr style=\"height: 23px\">\n<td style=\"width: 34.5808%;height: 23px\" width=\"222\">Segura Lara, Emilio Juan<\/td>\n<td style=\"width: 29.5932%;height: 23px\">Tutor de 1\u00ba BACH CC<\/td>\n<td style=\"width: 48.7944%;height: 23px\" width=\"217\">Matem\u00e1ticas (Ingl\u00e9s) P.E.S.<\/td>\n<\/tr>\n<tr style=\"height: 23px\">\n<td style=\"width: 34.5808%;height: 23px\" width=\"222\">Virginia Chamizo Garc\u00eda&nbsp;<\/td>\n<td style=\"width: 29.5932%;height: 23px\">&nbsp;<\/td>\n<td style=\"width: 48.7944%;height: 23px\" width=\"217\">Matem\u00e1ticas P.E.S.<\/td>\n<\/tr>\n<tr style=\"height: 23px\">\n<td style=\"width: 34.5808%;height: 23px\" width=\"222\">Jos\u00e9 Luis Romero Perales&nbsp;<\/td>\n<td style=\"width: 29.5932%;height: 23px\">&nbsp;<\/td>\n<td style=\"width: 48.7944%;height: 23px\" width=\"217\">Matem\u00e1ticas (Ingl\u00e9s) P.E.S.<\/td>\n<\/tr>\n<tr style=\"height: 23px\">\n<td style=\"width: 34.5808%;height: 23px\" width=\"222\">Mar\u00eda Isabel Pardo Ruiz<\/td>\n<td style=\"width: 29.5932%;height: 23px\">Tutora 2\u00baBCH CC&nbsp;<\/td>\n<td style=\"width: 48.7944%;height: 23px\" width=\"217\">Matem\u00e1ticas P.E.S.<\/td>\n<\/tr>\n<\/tbody>\n<\/table>\n<p><b><u>PROGRAMA DE RECUPERACI\u00d3N DE PENDIENTES<\/u><\/b><\/p>\n<p>Este programa est\u00e1 dirigido al alumnado que ha pasado de curso, pero sin superar la materia&nbsp;de Matem\u00e1ticas en los cursos anteriores.<\/p>\n<p>Debido al car\u00e1cter circular de los contenidos del \u00e1rea de Matem\u00e1ticas, que se repiten y ampl\u00edan de un&nbsp;curso al siguiente, cada docente puede evaluar el grado de adquisici\u00f3n de los contenidos de cursos&nbsp;anteriores seleccionando determinadas actividades de entre los procedimientos e instrumentos de&nbsp;evaluaci\u00f3n del nivel que est\u00e1 cursando actualmente el alumno para extraer de ellos una calificaci\u00f3n de la&nbsp;materia pendiente de cursos anteriores.<\/p>\n<p>No obstante, el alumnado que tiene la materia de matem\u00e1ticas pendiente de cursos anteriores suele&nbsp;presentar dificultades en la materia y, por tanto, necesitar\u00e1 de una atenci\u00f3n personalizada para&nbsp;recuperar los contenidos pendientes y superar los actuales.<\/p>\n<p>Para tal fin, este programa de recuperaci\u00f3n propone las siguientes l\u00edneas de actuaci\u00f3n:<\/p>\n<p>\u25cf Matriculaci\u00f3n en la clase de Recuperaci\u00f3n de Matem\u00e1ticas Pendiente (Curso 24-25). El&nbsp;alumno\/a con Matem\u00e1ticas pendiente de alg\u00fan curso anterior debe matricularse con el&nbsp;siguiente c\u00f3digo de Classroom: d7pkhak<\/p>\n<p>\u25cf El alumno\/a deber\u00e1 realizar las actividades de recuperaci\u00f3n correspondientes a la<\/p>\n<p>Materia de Matem\u00e1ticas pendiente que quiere recuperar y que se plantear\u00e1n en la clase&nbsp;de Classroom en forma de Tarea.<\/p>\n<p>\u25cf A trav\u00e9s de las herramientas de comunicaci\u00f3n de la Gsuite for Education de Google&nbsp;instalada en el centro, entre las cuales se cuenta el propio Google Classroom, el&nbsp;alumnado matriculado en la clase de recuperaci\u00f3n de pendientes podr\u00e1 consultar todas&nbsp;sus dudas y ser\u00e1 atendido por los miembros del Departamento de Matem\u00e1ticas.<\/p>\n<p>\u25cf Ex\u00e1menes de Recuperaci\u00f3n: Se plantear\u00e1n tres convocatorias de Examen de<\/p>\n<p>Recuperaci\u00f3n de Pendientes a lo largo del curso para todo el alumnado que lo necesite.<\/p>\n<p>La convocatoria de dichas pruebas ser\u00e1 la siguiente:<\/p>\n<p>1\u00aa Convocatoria: Semana del 21 al 24 de octubre de 2024.<\/p>\n<p>2\u00aa Convocatoria : Semana del 3 al 7 de febrero de 2025.<\/p>\n<p>3\u00aa Convocatoria: Semana del 28 de abril al 2 de mayo de 2025.<\/p>\n<p align=\"left\">Toda la informaci\u00f3n sobre las fechas de los ex\u00e1menes, las actividades de recuperaci\u00f3n y todos los dem\u00e1s aspectos del plan de recuperaci\u00f3n est\u00e1n a disposici\u00f3n del alumnado y familia en el propio classroom de recuperaci\u00f3n de pendientes.<\/p>\n<p align=\"left\"><u>ALGUNOS ENLACES DE INTER\u00c9S:<\/u><\/p>\n<p align=\"left\"><a href=\"https:\/\/www.google.com\/search?q=paginas+educativas+matematicas+eso+bachillerato+andalucia&amp;rlz=1C5CHFA_enES761ES761&amp;oq=paginas+educativas+matematicas+eso+bac&amp;aqs=chrome.2.69i57j33i160l3.22087j0j7&amp;sourceid=chrome&amp;ie=UTF-8&amp;safe=active&amp;ssui=on#:~:text=Recursos%20digitales%20para,es%20%E2%80%BA%20educacion%20%E2%80%BA%20contenido\">RECURSOS DIGITALES DE MATEM\u00c1TICAS AVERROES<\/a><\/p>\n<p align=\"left\"><a href=\"https:\/\/www.ematematicas.net\/\">EJERCICIOS DE MATEM\u00c1TICAS<\/a>&nbsp;<\/p>\n<p align=\"left\"><a href=\"http:\/\/www.ejerciciosmatematicas.net\/\">EJERCICIOS MATEM\u00c1TICAS<\/a><\/p>\n<p align=\"left\">&nbsp;<\/p>\n","protected":false},"excerpt":{"rendered":"<p>Profesor\/a Cargo Puesto S\u00e1nchez Mar\u00edn, Mar\u00eda Teresa Jefa del Departamento Matem\u00e1ticas P.E.S. D\u00edaz Guti\u00e9rrez, Sergio Director del Centro&nbsp; Matem\u00e1ticas P.E.S. Fern\u00e1ndez Mart\u00ednez, Noemi Tutora&nbsp; de 2\u00ba BACH CCSS Matem\u00e1ticas P.E.S. Lorente Ma\u00f1as, Jos\u00e9 Diego&#46;&#46;&#46;<\/p>\n","protected":false},"author":1,"featured_media":0,"parent":0,"menu_order":0,"comment_status":"open","ping_status":"open","template":"","meta":{"ngg_post_thumbnail":0,"footnotes":""},"aioseo_notices":[],"_links":{"self":[{"href":"https:\/\/blogsaverroes.juntadeandalucia.es\/iesconchamendezcuesta\/wp-json\/wp\/v2\/pages\/185"}],"collection":[{"href":"https:\/\/blogsaverroes.juntadeandalucia.es\/iesconchamendezcuesta\/wp-json\/wp\/v2\/pages"}],"about":[{"href":"https:\/\/blogsaverroes.juntadeandalucia.es\/iesconchamendezcuesta\/wp-json\/wp\/v2\/types\/page"}],"author":[{"embeddable":true,"href":"https:\/\/blogsaverroes.juntadeandalucia.es\/iesconchamendezcuesta\/wp-json\/wp\/v2\/users\/1"}],"replies":[{"embeddable":true,"href":"https:\/\/blogsaverroes.juntadeandalucia.es\/iesconchamendezcuesta\/wp-json\/wp\/v2\/comments?post=185"}],"version-history":[{"count":37,"href":"https:\/\/blogsaverroes.juntadeandalucia.es\/iesconchamendezcuesta\/wp-json\/wp\/v2\/pages\/185\/revisions"}],"predecessor-version":[{"id":6332,"href":"https:\/\/blogsaverroes.juntadeandalucia.es\/iesconchamendezcuesta\/wp-json\/wp\/v2\/pages\/185\/revisions\/6332"}],"wp:attachment":[{"href":"https:\/\/blogsaverroes.juntadeandalucia.es\/iesconchamendezcuesta\/wp-json\/wp\/v2\/media?parent=185"}],"curies":[{"name":"wp","href":"https:\/\/api.w.org\/{rel}","templated":true}]}}

Departamento de Matemáticas

<table style="width: 99.3407%;height: 366px" width="630">
<tbody>
<tr style="height: 23px">
<td style="width: 34.5808%;height: 23px" width="222"><strong>Profesor/a</strong></td>
<td style="width: 29.5932%;height: 23px" width="191"><strong>Cargo</strong></td>
<td style="width: 48.7944%;height: 23px" width="217"><strong>Puesto</strong></td>
</tr>
<tr style="height: 23px">
<td style="width: 34.5808%;height: 23px" width="222">Sánchez Marín, María Teresa</td>
<td style="width: 29.5932%;height: 23px">Jefa del Departamento</td>
<td style="width: 48.7944%;height: 23px" width="217">Matemáticas P.E.S.</td>
</tr>
<tr style="height: 23px">
<td style="width: 34.5808%;height: 23px" width="222">Díaz Gutiérrez, Sergio</td>
<td style="width: 29.5932%;height: 23px">Director del Centro&nbsp;</td>
<td style="width: 48.7944%;height: 23px" width="217">Matemáticas P.E.S.</td>
</tr>
<tr style="height: 23px">
<td style="width: 34.5808%;height: 23px" width="222">Fernández Martínez, Noemi</td>
<td style="width: 29.5932%;height: 23px">Tutora&nbsp; de 2º BACH CCSS</td>
<td style="width: 48.7944%;height: 23px" width="217">Matemáticas P.E.S.</td>
</tr>
<tr style="height: 23px">
<td style="width: 34.5808%;height: 23px" width="222">Lorente Mañas, José Diego</td>
<td style="width: 29.5932%;height: 23px">Secretario&nbsp;</td>
<td style="width: 48.7944%;height: 23px" width="217">Matemáticas P.E.S.</td>
</tr>
<tr style="height: 23px">
<td style="width: 34.5808%;height: 23px" width="222">Bullejos Barba, Manuel</td>
<td style="width: 29.5932%;height: 23px">Coordinador TDE</td>
<td style="width: 48.7944%;height: 23px" width="217">Matemáticas P.E.S.</td>
</tr>
<tr style="height: 23px">
<td style="width: 34.5808%;height: 23px" width="222">Ribelles Vázquez, Sergio</td>
<td style="width: 29.5932%;height: 23px">Jefe de FEIE</td>
<td style="width: 48.7944%;height: 23px" width="217">Matemáticas P.E.S.</td>
</tr>
<tr style="height: 23px">
<td style="width: 34.5808%;height: 23px" width="222">Segura Lara, Emilio Juan</td>
<td style="width: 29.5932%;height: 23px">Tutor de 1º BACH CC</td>
<td style="width: 48.7944%;height: 23px" width="217">Matemáticas (Inglés) P.E.S.</td>
</tr>
<tr style="height: 23px">
<td style="width: 34.5808%;height: 23px" width="222">Virginia Chamizo García&nbsp;</td>
<td style="width: 29.5932%;height: 23px">&nbsp;</td>
<td style="width: 48.7944%;height: 23px" width="217">Matemáticas P.E.S.</td>
</tr>
<tr style="height: 23px">
<td style="width: 34.5808%;height: 23px" width="222">José Luis Romero Perales&nbsp;</td>
<td style="width: 29.5932%;height: 23px">&nbsp;</td>
<td style="width: 48.7944%;height: 23px" width="217">Matemáticas (Inglés) P.E.S.</td>
</tr>
<tr style="height: 23px">
<td style="width: 34.5808%;height: 23px" width="222">María Isabel Pardo Ruiz</td>
<td style="width: 29.5932%;height: 23px">Tutora 2ºBCH CC&nbsp;</td>
<td style="width: 48.7944%;height: 23px" width="217">Matemáticas P.E.S.</td>
</tr>
</tbody>
</table>
<p><b><u>PROGRAMA DE RECUPERACIÓN DE PENDIENTES</u></b></p>
<p>Este programa está dirigido al alumnado que ha pasado de curso, pero sin superar la materia&nbsp;de Matemáticas en los cursos anteriores.</p>
<p>Debido al carácter circular de los contenidos del área de Matemáticas, que se repiten y amplían de un&nbsp;curso al siguiente, cada docente puede evaluar el grado de adquisición de los contenidos de cursos&nbsp;anteriores seleccionando determinadas actividades de entre los procedimientos e instrumentos de&nbsp;evaluación del nivel que está cursando actualmente el alumno para extraer de ellos una calificación de la&nbsp;materia pendiente de cursos anteriores.</p>
<p>No obstante, el alumnado que tiene la materia de matemáticas pendiente de cursos anteriores suele&nbsp;presentar dificultades en la materia y, por tanto, necesitará de una atención personalizada para&nbsp;recuperar los contenidos pendientes y superar los actuales.</p>
<p>Para tal fin, este programa de recuperación propone las siguientes líneas de actuación:</p>
<p>● Matriculación en la clase de Recuperación de Matemáticas Pendiente (Curso 24-25). El&nbsp;alumno/a con Matemáticas pendiente de algún curso anterior debe matricularse con el&nbsp;siguiente código de Classroom: d7pkhak</p>
<p>● El alumno/a deberá realizar las actividades de recuperación correspondientes a la</p>
<p>Materia de Matemáticas pendiente que quiere recuperar y que se plantearán en la clase&nbsp;de Classroom en forma de Tarea.</p>
<p>● A través de las herramientas de comunicación de la Gsuite for Education de Google&nbsp;instalada en el centro, entre las cuales se cuenta el propio Google Classroom, el&nbsp;alumnado matriculado en la clase de recuperación de pendientes podrá consultar todas&nbsp;sus dudas y será atendido por los miembros del Departamento de Matemáticas.</p>
<p>● Exámenes de Recuperación: Se plantearán tres convocatorias de Examen de</p>
<p>Recuperación de Pendientes a lo largo del curso para todo el alumnado que lo necesite.</p>
<p>La convocatoria de dichas pruebas será la siguiente:</p>
<p>1ª Convocatoria: Semana del 21 al 24 de octubre de 2024.</p>
<p>2ª Convocatoria : Semana del 3 al 7 de febrero de 2025.</p>
<p>3ª Convocatoria: Semana del 28 de abril al 2 de mayo de 2025.</p>
<p align="left">Toda la información sobre las fechas de los exámenes, las actividades de recuperación y todos los demás aspectos del plan de recuperación están a disposición del alumnado y familia en el propio classroom de recuperación de pendientes.</p>
<p align="left"><u>ALGUNOS ENLACES DE INTERÉS:</u></p>
<p align="left"><a href="https://www.google.com/search?q=paginas+educativas+matematicas+eso+bachillerato+andalucia&amp;rlz=1C5CHFA_enES761ES761&amp;oq=paginas+educativas+matematicas+eso+bac&amp;aqs=chrome.2.69i57j33i160l3.22087j0j7&amp;sourceid=chrome&amp;ie=UTF-8&amp;safe=active&amp;ssui=on#:~:text=Recursos%20digitales%20para,es%20%E2%80%BA%20educacion%20%E2%80%BA%20contenido">RECURSOS DIGITALES DE MATEMÁTICAS AVERROES</a></p>
<p align="left"><a href="https://www.ematematicas.net/">EJERCICIOS DE MATEMÁTICAS</a>&nbsp;</p>
<p align="left"><a href="http://www.ejerciciosmatematicas.net/">EJERCICIOS MATEMÁTICAS</a></p>
<p align="left">&nbsp;</p>

<p>Profesor/a Cargo Puesto Sánchez Marín, María Teresa Jefa del Departamento Matemáticas P.E.S. Díaz Gutiérrez, Sergio Director del Centro&nbsp; Matemáticas P.E.S. Fernández Martínez, Noemi Tutora&nbsp; de 2º BACH CCSS Matemáticas P.E.S. Lorente Mañas, José Diego&#46;&#46;&#46;</p>
