{"id":212,"date":"2016-02-01T11:09:54","date_gmt":"2016-02-01T11:09:54","guid":{"rendered":"http:\/\/blogsaverroes.juntadeandalucia.es\/iesconchamendezcuesta\/?page_id=212"},"modified":"2025-11-12T11:19:54","modified_gmt":"2025-11-12T09:19:54","slug":"departamento-de-educacion-plastica-y-visual","status":"publish","type":"page","link":"https:\/\/blogsaverroes.juntadeandalucia.es\/iesconchamendezcuesta\/departamento-de-educacion-plastica-y-visual\/","title":{"rendered":"Departamento de DIBUJO"},"content":{"rendered":"<table style=\"width: 113.695%;height: 182px\" width=\"630\">\n<tbody>\n<tr style=\"height: 56px\">\n<td style=\"width: 34.7483%;height: 56px\" width=\"222\">Garc\u00eda S\u00e1nchez, Mar\u00eda Jes\u00fas<\/td>\n<td style=\"width: 36.8825%;height: 56px\" width=\"191\">&nbsp;<\/td>\n<td style=\"width: 50.7527%;height: 56px\" width=\"217\">Dibujo (Ingl\u00e9s) P.E.S.&nbsp;<\/td>\n<\/tr>\n<tr style=\"height: 24px\">\n<td style=\"width: 34.7483%;height: 24px\" width=\"222\">Traves\u00ed Cruz,&nbsp; Carmen<\/td>\n<td style=\"width: 36.8825%;height: 24px\">Jefa del Departamento de DIBUJO<\/p>\n<p>Jefa de Departamento de Disciplina y Convivencia<\/td>\n<td style=\"width: 50.7527%;height: 24px\" width=\"217\">Dibujo P.E.S.<\/td>\n<\/tr>\n<tr style=\"height: 24px\">\n<td style=\"width: 34.7483%;height: 24px\" width=\"222\">&nbsp;<\/td>\n<td style=\"width: 36.8825%;height: 24px\">&nbsp;<\/td>\n<td style=\"width: 50.7527%;height: 24px\" width=\"217\">&nbsp;<\/td>\n<\/tr>\n<\/tbody>\n<\/table>\n<p>&nbsp;<\/p>\n","protected":false},"excerpt":{"rendered":"<p>Garc\u00eda S\u00e1nchez, Mar\u00eda Jes\u00fas &nbsp; Dibujo (Ingl\u00e9s) P.E.S.&nbsp; Traves\u00ed Cruz,&nbsp; Carmen Jefa del Departamento de DIBUJO Jefa de Departamento de Disciplina y Convivencia Dibujo P.E.S. &nbsp; &nbsp; &nbsp; &nbsp;<\/p>\n","protected":false},"author":1,"featured_media":0,"parent":0,"menu_order":0,"comment_status":"open","ping_status":"open","template":"","meta":{"ngg_post_thumbnail":0,"footnotes":""},"aioseo_notices":[],"_links":{"self":[{"href":"https:\/\/blogsaverroes.juntadeandalucia.es\/iesconchamendezcuesta\/wp-json\/wp\/v2\/pages\/212"}],"collection":[{"href":"https:\/\/blogsaverroes.juntadeandalucia.es\/iesconchamendezcuesta\/wp-json\/wp\/v2\/pages"}],"about":[{"href":"https:\/\/blogsaverroes.juntadeandalucia.es\/iesconchamendezcuesta\/wp-json\/wp\/v2\/types\/page"}],"author":[{"embeddable":true,"href":"https:\/\/blogsaverroes.juntadeandalucia.es\/iesconchamendezcuesta\/wp-json\/wp\/v2\/users\/1"}],"replies":[{"embeddable":true,"href":"https:\/\/blogsaverroes.juntadeandalucia.es\/iesconchamendezcuesta\/wp-json\/wp\/v2\/comments?post=212"}],"version-history":[{"count":9,"href":"https:\/\/blogsaverroes.juntadeandalucia.es\/iesconchamendezcuesta\/wp-json\/wp\/v2\/pages\/212\/revisions"}],"predecessor-version":[{"id":6569,"href":"https:\/\/blogsaverroes.juntadeandalucia.es\/iesconchamendezcuesta\/wp-json\/wp\/v2\/pages\/212\/revisions\/6569"}],"wp:attachment":[{"href":"https:\/\/blogsaverroes.juntadeandalucia.es\/iesconchamendezcuesta\/wp-json\/wp\/v2\/media?parent=212"}],"curies":[{"name":"wp","href":"https:\/\/api.w.org\/{rel}","templated":true}]}}